000
CXUS54 KLZK 161342
CF6LZK
PRELIMINARY LOCAL CLIMATOLOGICAL DATA (WS FORM: F-6)
STATION: NORTH LITTLE ROCK
MONTH: JUNE
YEAR: 2022
LATITUDE: 34 50 N
LONGITUDE: 92 16 W
TEMPERATURE IN F: :PCPN: SNOW: WIND :SUNSHINE: SKY :PK WND
================================================================================
1 2 3 4 5 6A 6B 7 8 9 10 11 12 13 14 15 16 17 18
12Z AVG MX 2MIN
DY MAX MIN AVG DEP HDD CDD WTR SNW DPTH SPD SPD DIR MIN PSBL S-S WX SPD DR
================================================================================
1 90 67 79 4 0 14 0.04 0.0 0 4.6 5 340 M M 0 M M
2 71 66 69 -6 0 4 0.32 0.0 0 6.1 13 40 M M 6 123 18 40
3 78 60 69 -6 0 4 0.00 0.0 0 M M M M M M M M
4 84 63 74 -2 0 9 0.00 0.0 0 M M M M M M M M
5 86 61 74 -2 0 9 0.00 0.0 0 M M M M M M M M
6 83 66 75 -1 0 10 0.79 0.0 0 5.8 6 180 M M 0 13 M M
7 82 68 75 -1 0 10 0.35 0.0 0 4.6 5 220 M M 0 13 M M
8 74 65 70 -6 0 5 0.41 0.0 0 3.1 9 290 M M 0 3 17 290
9 83 65 74 -3 0 9 0.00 0.0 0 5.8 6 340 M M 0 M M
10 80 66 73 -4 0 8 0.67 0.0 0 3.5 4 160 M M 0 13 M M
11 87 64 76 -1 0 11 0.00 0.0 0 M M M M M M M M
12 94 76 85 7 0 20 0.00 0.0 0 M M M M M M M M
13 94 76 85 7 0 20 0.00 0.0 0 M M M M M M M M
14 92 76 84 6 0 19 0.00 0.0 0 M M M M M M M M
15 92 77 85 7 0 20 0.00 0.0 0 M M M M M M M M
16 95 76 86 8 0 21 0.00 0.0 0 M M M M M M M M
17 93 76 85 7 0 20 0.00 0.0 0 M M M M M M M M
18 95 76 86 7 0 21 0.00 0.0 0 M M M M M M M M
19 88 67 78 -1 0 13 0.00 0.0 0 M M M M M M M M
20 94 67 81 2 0 16 0.00 0.0 0 M M M M M M M M
21 94 72 83 4 0 18 0.00 0.0 0 M M M M M M M M
22 94 76 85 6 0 20 0.00 0.0 0 M M M M M M M M
23 94 77 86 6 0 21 0.00 0.0 0 M M M M M M 3 M M
24 96 74 85 5 0 20 0.00 0.0 0 M M M M M M M M
25 99 76 88 8 0 23 T 0.0 0 M M M M M M M M
26 93 77 85 5 0 20 0.00 0.0 0 M M M M M M 3 M M
27 84 69 77 -3 0 12 0.00 0.0 0 M M M M M M M M
28 84 63 74 -6 0 9 0.00 0.0 0 M M M M M M M M
29 90 63 77 -3 0 12 0.00 0.0 0 M M M M M M M M
30 92 71 82 2 0 17 0.00 0.0 0 M M M M M M M M
================================================================================
SM 2655 2096 0 435 2.58 0.0 33.5 M 6
================================================================================
AV 88.5 69.9 4.8 FASTST M M 1 MAX(MPH)
MISC ----> 13 40 18 40
================================================================================
NOTES:
# LAST OF SEVERAL OCCURRENCES
COLUMN 17 PEAK WIND IN M.P.H.
PRELIMINARY LOCAL CLIMATOLOGICAL DATA (WS FORM: F-6) , PAGE 2
STATION: NORTH LITTLE ROCK
MONTH: JUNE
YEAR: 2022
LATITUDE: 34 50 N
LONGITUDE: 92 16 W
[TEMPERATURE DATA] [PRECIPITATION DATA] SYMBOLS USED IN COLUMN 16
AVERAGE MONTHLY: 79.2 TOTAL FOR MONTH: 2.58 1 = FOG OR MIST
DPTR FM NORMAL: 1.2 DPTR FM NORMAL: -0.82 2 = FOG REDUCING VISIBILITY
HIGHEST: 99 ON 25 GRTST 24HR 0.79 ON 6- 6 TO 1/4 MILE OR LESS
LOWEST: 60 ON 3 3 = THUNDER
SNOW, ICE PELLETS, HAIL 4 = ICE PELLETS
TOTAL MONTH: 0.0 INCH 5 = HAIL
GRTST 24HR 0.0 6 = FREEZING RAIN OR DRIZZLE
GRTST DEPTH: 0 7 = DUSTSTORM OR SANDSTORM:
VSBY 1/2 MILE OR LESS
8 = SMOKE OR HAZE
[NO. OF DAYS WITH] [WEATHER - DAYS WITH] 9 = BLOWING SNOW
X = TORNADO
MAX 32 OR BELOW: 0 0.01 INCH OR MORE: 6
MAX 90 OR ABOVE: 17 0.10 INCH OR MORE: 5
MIN 32 OR BELOW: 0 0.50 INCH OR MORE: 2
MIN 0 OR BELOW: 0 1.00 INCH OR MORE: 0
[HDD (BASE 65) ]
TOTAL THIS MO. 0 CLEAR (SCALE 0-3) 6
DPTR FM NORMAL -1 PTCLDY (SCALE 4-7) 1
TOTAL FM JUL 1 2769 CLOUDY (SCALE 8-10) 23
DPTR FM NORMAL -375
[CDD (BASE 65) ]
TOTAL THIS MO. 435
DPTR FM NORMAL 46 [PRESSURE DATA]
TOTAL FM JAN 1 727 HIGHEST SLP M ON M
DPTR FM NORMAL 81 LOWEST SLP M ON M
[REMARKS]
#FINAL-06-22#