000
CXUS54 KLZK 071936
CF6LZK
PRELIMINARY LOCAL CLIMATOLOGICAL DATA (WS FORM: F-6)
STATION: NORTH LITTLE ROCK
MONTH: APRIL
YEAR: 2022
LATITUDE: 34 50 N
LONGITUDE: 92 16 W
TEMPERATURE IN F: :PCPN: SNOW: WIND :SUNSHINE: SKY :PK WND
================================================================================
1 2 3 4 5 6A 6B 7 8 9 10 11 12 13 14 15 16 17 18
12Z AVG MX 2MIN
DY MAX MIN AVG DEP HDD CDD WTR SNW DPTH SPD SPD DIR MIN PSBL S-S WX SPD DR
================================================================================
1 59 34 47 -11 18 0 0.00 0.0 0 5.3 9 120 M M 1 16 140
2 70 44 57 -1 8 0 0.04 0.0 0 4.2 12 280 M M 6 17 280
3 71 48 60 2 5 0 0.00 0.0 0 8.7 14 110 M M 3 18 130
4 76 52 64 5 1 0 T 0.0 0 5.8 13 10 M M 4 M M
5 76 53 65 6 0 0 1.09 0.0 0 7.9 13 100 M M 5 3 23 100
6 67 54 61 2 4 0 0.15 0.0 0 10.7 21 350 M M 6 13 28 350
7 62 46 54 -6 11 0 0.00 0.0 0 14.0 25 280 M M 5 33 280
8 50 38 44 -16 21 0 0.00 0.0 0 11.0 18 300 M M 8 32 300
9 71 34 53 -7 12 0 0.00 0.0 0 8.0 16 270 M M 1 20 300
10 81 53 67 7 0 2 0.00 0.0 0 15.8 25 200 M M 4 39 200
11 75 59 67 6 0 2 0.16 0.0 0 9.3 18 210 M M 9 3 28 210
12 79 65 72 11 0 7 0.03 0.0 0 13.4 21 170 M M 9 3 29 180
13 69 47 58 -3 7 0 1.40 0.0 0 12.8 25 210 M M 8 13 33 210
14 69 38 54 -7 11 0 0.00 0.0 0 4.4 7 100 M M 2 14 99
15 78 49 64 2 1 0 0.00 0.0 0 10.4 16 210 M M 7 25 200
16 68 56 62 0 3 0 0.43 0.0 0 9.5 21 40 M M 10 13 28 40
17 56 46 51 -11 14 0 0.35 0.0 0 11.9 16 50 M M 10 13 23 50
18 66 45 56 -6 9 0 0.00 0.0 0 9.8 15 330 M M 4 23 360
19 62 43 53 -10 12 0 0.00 0.0 0 7.6 14 140 M M 2 21 170
20 64 49 57 -6 8 0 1.07 0.0 0 9.6 16 140 M M 9 3 24 160
21 79 64 72 9 0 7 0.00 0.0 0 8.1 16 210 M M 9 21 200
22 83 67 75 11 0 10 T 0.0 0 10.6 18 190 M M 5 25 130
23 81 65 73 9 0 8 0.00 0.0 0 12.5 17 200 M M 5 28 200
24 83 68 76 12 0 11 T 0.0 0 9.9 15 190 M M 7 23 180
25 71 53 62 -2 3 0 0.39 0.0 0 7.2 17 310 M M 6 25 220
26 69 48 59 -5 6 0 0.00 0.0 0 6.6 13 350 M M 0 21 50
27 71 43 57 -8 8 0 0.00 0.0 0 5.1 10 M M M 3 15 130
28 79 53 66 1 0 1 0.00 0.0 0 5.4 13 150 M M 4 18 150
29 83 59 71 6 0 6 0.00 0.0 0 10.3 20 180 M M 2 26 170
30 79 63 71 5 0 6 0.01 0.0 0 10.5 17 200 M M 7 3 24 190
================================================================================
SM 2147 1536 162 60 5.12 0.0 276.5 M 161
================================================================================
AV 71.6 51.2 9.2 FASTST M M 5 MAX(MPH)
MISC ----> # 25 280 39 200
================================================================================
NOTES:
# LAST OF SEVERAL OCCURRENCES
COLUMN 17 PEAK WIND IN M.P.H.
PRELIMINARY LOCAL CLIMATOLOGICAL DATA (WS FORM: F-6) , PAGE 2
STATION: NORTH LITTLE ROCK
MONTH: APRIL
YEAR: 2022
LATITUDE: 34 50 N
LONGITUDE: 92 16 W
[TEMPERATURE DATA] [PRECIPITATION DATA] SYMBOLS USED IN COLUMN 16
AVERAGE MONTHLY: 61.4 TOTAL FOR MONTH: 5.12 1 = FOG OR MIST
DPTR FM NORMAL: -0.3 DPTR FM NORMAL: -0.42 2 = FOG REDUCING VISIBILITY
HIGHEST: 83 ON 29,22 GRTST 24HR 1.40 ON 13-13 TO 1/4 MILE OR LESS
LOWEST: 34 ON 9, 1 3 = THUNDER
SNOW, ICE PELLETS, HAIL 4 = ICE PELLETS
TOTAL MONTH: 0.0 INCH 5 = HAIL
GRTST 24HR 0.0 6 = FREEZING RAIN OR DRIZZLE
GRTST DEPTH: 0 7 = DUSTSTORM OR SANDSTORM:
VSBY 1/2 MILE OR LESS
8 = SMOKE OR HAZE
[NO. OF DAYS WITH] [WEATHER - DAYS WITH] 9 = BLOWING SNOW
X = TORNADO
MAX 32 OR BELOW: 0 0.01 INCH OR MORE: 11
MAX 90 OR ABOVE: 0 0.10 INCH OR MORE: 8
MIN 32 OR BELOW: 0 0.50 INCH OR MORE: 3
MIN 0 OR BELOW: 0 1.00 INCH OR MORE: 3
[HDD (BASE 65) ]
TOTAL THIS MO. 162 CLEAR (SCALE 0-3) 7
DPTR FM NORMAL 9 PTCLDY (SCALE 4-7) 17
TOTAL FM JUL 1 2756 CLOUDY (SCALE 8-10) 6
DPTR FM NORMAL -355
[CDD (BASE 65) ]
TOTAL THIS MO. 60
DPTR FM NORMAL 5 [PRESSURE DATA]
TOTAL FM JAN 1 69 HIGHEST SLP M ON M
DPTR FM NORMAL 0 LOWEST SLP 29.44 ON 6
[REMARKS]
#FINAL-04-22#