000
CXUS54 KLZK 290947
CF6LZK
PRELIMINARY LOCAL CLIMATOLOGICAL DATA (WS FORM: F-6)
STATION: North Little Rock
MONTH: MARCH
YEAR: 2020
LATITUDE: 34 50 N
LONGITUDE: 92 16 W
TEMPERATURE IN F: :PCPN: SNOW: WIND :SUNSHINE: SKY :PK WND
================================================================================
1 2 3 4 5 6A 6B 7 8 9 10 11 12 13 14 15 16 17 18
12Z AVG MX 2MIN
DY MAX MIN AVG DEP HDD CDD WTR SNW DPTH SPD SPD DIR MIN PSBL S-S WX SPD DR
================================================================================
1 65 51 58 9 7 0 T 0.0 0 M M M M M 0 M M
2 71 60 66 16 0 1 0.00 0.0 0 M M M M M 0 M M
3 66 49 58 8 7 0 0.16 T 0 M M M M M 0 3 M M
4 60 51 56 6 9 0 0.02 0.0 0 M M M M M 0 M M
5 69 47 58 7 7 0 0.00 0.0 0 M M M M M 0 M M
6 61 42 52 1 13 0 0.00 0.0 0 M M M M M 0 M M
7 58 34 46 -5 19 0 0.00 0.0 0 M M M M M 0 M M
8 66 40 53 1 12 0 0.00 0.0 0 M M M M M 0 M M
9 62 56 59 7 6 0 0.33 0.0 0 M M M M M 0 M M
10 65 49 57 5 8 0 0.12 0.0 0 M M M M M 0 M M
11 69 47 58 6 7 0 0.14 0.0 0 M M M M M 0 3 M M
12 73 54 64 11 1 0 T 0.0 0 M M M M M 0 M M
13 66 43 55 2 10 0 0.11 0.0 0 M M M M M 0 M M
14 48 42 45 -8 20 0 1.18 0.0 0 M M M M M M 13 M M
15 48 40 44 -10 21 0 0.67 0.0 0 M M M M M 0 13 M M
16 46 39 43 -11 22 0 0.38 0.0 0 M M M M M 0 1 M M
17 56 46 51 -3 14 0 T 0.0 0 M M M M M 0 1 M M
18 69 49 59 4 6 0 0.59 0.0 0 M M M M M 0 1 M M
19 73 64 69 14 0 4 0.09 0.0 0 M M M M M 0 3 M M
20 67 45 56 1 9 0 T 0.0 0 M M M M M 0 M M
21 53 41 47 -9 18 0 0.00 0.0 0 M M M M M 0 M M
22 48 43 46 -10 19 0 0.31 0.0 0 M M M M M 0 12 M M
23 61 46 54 -2 11 0 0.03 0.0 0 M M M M M 0 12 M M
24 76 52 64 8 1 0 0.24 0.0 0 M M M M M 0 123 M M
25 62 48 55 -2 10 0 0.00 0.0 0 M M M M M 0 M M
26 87 51 69 12 0 4 0.00 0.0 0 M M M M M 0 1 M M
27 75 69 72 15 0 7 T 0.0 0 M M M M M 0 M M
28 75 55 65 7 0 0 0.28 0.0 0 M M M M M 0 1 M M
29 71 51 61 3 4 0 0.00 0.0 0 M M M M M 0 M M
30 61 49 55 -3 10 0 1.56 0.0 0 M M M M M 0 M M
31 64 47 56 -2 9 0 0.43 0.0 0 M M M M M 0 M M
================================================================================
SM 1991 1500 280 16 6.64 T M M 0
================================================================================
AV 64.2 48.4 M FASTST M M 0 MAX(MPH)
MISC ----> M M M M
================================================================================
NOTES:
# LAST OF SEVERAL OCCURRENCES
COLUMN 17 PEAK WIND IN M.P.H.
PRELIMINARY LOCAL CLIMATOLOGICAL DATA (WS FORM: F-6) , PAGE 2
STATION: North Little Rock
MONTH: MARCH
YEAR: 2020
LATITUDE: 34 50 N
LONGITUDE: 92 16 W
[TEMPERATURE DATA] [PRECIPITATION DATA] SYMBOLS USED IN COLUMN 16
AVERAGE MONTHLY: 56.3 TOTAL FOR MONTH: 6.64 1 = FOG OR MIST
DPTR FM NORMAL: 2.4 DPTR FM NORMAL: 1.87 2 = FOG REDUCING VISIBILITY
HIGHEST: 87 ON 26 GRTST 24HR 1.56 ON 30-30 TO 1/4 MILE OR LESS
LOWEST: 34 ON 7 3 = THUNDER
SNOW, ICE PELLETS, HAIL 4 = ICE PELLETS
TOTAL MONTH: T 5 = HAIL
GRTST 24HR T ON 3- 3 6 = FREEZING RAIN OR DRIZZLE
GRTST DEPTH: 0 7 = DUSTSTORM OR SANDSTORM:
VSBY 1/2 MILE OR LESS
8 = SMOKE OR HAZE
[NO. OF DAYS WITH] [WEATHER - DAYS WITH] 9 = BLOWING SNOW
X = TORNADO
MAX 32 OR BELOW: 0 0.01 INCH OR MORE: 17
MAX 90 OR ABOVE: 0 0.10 INCH OR MORE: 14
MIN 32 OR BELOW: 0 0.50 INCH OR MORE: 4
MIN 0 OR BELOW: 0 1.00 INCH OR MORE: 2
[HDD (BASE 65) ]
TOTAL THIS MO. 280 CLEAR (SCALE 0-3) 30
DPTR FM NORMAL -80 PTCLDY (SCALE 4-7) 0
TOTAL FM JUL 1 2762 CLOUDY (SCALE 8-10) 0
DPTR FM NORMAL -84
[CDD (BASE 65) ]
TOTAL THIS MO. 16
DPTR FM NORMAL -1 [PRESSURE DATA]
TOTAL FM JAN 1 16 HIGHEST SLP M ON M
DPTR FM NORMAL -3 LOWEST SLP 29.74 ON 2
[REMARKS]
#FINAL-03-20#