000
CXUS54 KLZK 081044
CLMLZK
CLIMATE REPORT
NATIONAL WEATHER SERVICE LITTLE ROCK AR
544 AM CDT SAT APR 08 2023
...................................
...THE NORTH LITTLE ROCK CLIMATE SUMMARY FOR THE MONTH OF MARCH 2023...
CLIMATE NORMAL PERIOD 1991 TO 2020
CLIMATE RECORD PERIOD 1975 TO 2023
WEATHER OBSERVED NORMAL DEPART LAST YEAR`S
VALUE DATE(S) VALUE FROM VALUE DATE(S)
NORMAL
................................................................
TEMPERATURE (F)
RECORD
HIGH 87 03/26/2020
03/31/1981
05/26/1964
LOW 14 03/03/2014
03/02/1980
01/01/2000
HIGHEST 80 03/23 64 16 79 03/03
LOWEST 26 03/19 45 -19 24 03/12
AVG. MAXIMUM 62.3 62.5 -0.2 64.5
AVG. MINIMUM 45.1 43.5 1.6 42.3
MEAN 53.7 53.0 0.7 53.4
DAYS MAX >= 90 0 0.0 0.0 0
DAYS MAX <= 32 0 0.1 -0.1 0
DAYS MIN <= 32 5 2.9 2.1 4
DAYS MIN <= 0 0 0.0 0.0 0
PRECIPITATION (INCHES)
RECORD
MAXIMUM 12.52 2016
MINIMUM 1.61 2007
TOTALS 9.28 5.13 4.15 6.12
DAILY AVG. 0.30 0.17 0.13 0.20
DAYS >= .01 10 10.8 -0.8 MM
DAYS >= .10 9 MM
DAYS >= .50 7 MM
DAYS >= 1.00 4 1.3 2.7 MM
GREATEST
24 HR. TOTAL 2.30 03/16 TO 03/16
STORM TOTAL 2.30
(MM/DD(HH))
SNOWFALL (INCHES)
RECORDS
TOTAL 6.4 2015
24 HR TOTAL 6.4 03/04/2015 TO 03/05/2015
SNOW DEPTH 5 03/05/2015
03/10/1984
TOTALS T 0.4 -0.4 4.3
LIQUID EQUIV T 0.00 0.00 0.40
SINCE 7/1 0.6 3.8 -3.2 MM
LIQUID 7/1 0.06 0.00 0.06 MM
SNOWDEPTH AVG. 0
DAYS >= TRACE 1 0.3 0.7 2
DAYS >= 1.0 0 1
GREATEST
SNOW DEPTH 0
24 HR TOTAL MM 4.3 03/11 TO 03/11
DEGREE DAYS
HEATING TOTAL 356 385 -29 357
SINCE 7/1 2558 2959 -401 MM
COOLING TOTAL 15 13 2 9
SINCE 1/1 17 14 3 MM
FREEZE DATES
RECORD
EARLIEST 10/20/1989
LATEST 04/19/1983
EARLIEST 11/12
LATEST 03/13
................................................................
WIND (MPH)
AVERAGE WIND SPEED MM
HIGHEST WIND SPEED/DIRECTION MM DATE MM
HIGHEST GUST SPEED/DIRECTION MM DATE MM
SKY COVER
POSSIBLE SUNSHINE (PERCENT) MM
AVERAGE SKY COVER MM
NUMBER OF DAYS FAIR 0
NUMBER OF DAYS PC 0
NUMBER OF DAYS CLOUDY 0
WEATHER CONDITIONS. NUMBER OF DAYS WITH
THUNDERSTORM 8 MIXED PRECIP 0
HEAVY RAIN 6 RAIN 9
LIGHT RAIN 14 FREEZING RAIN 0
LT FREEZING RAIN 0 HAIL 1
HEAVY SNOW 0 SLEET 0
FOG 4 FOG W/VIS <= 1/4 MILE 0
HAZE 0
- INDICATES NEGATIVE NUMBERS.
R INDICATES RECORD WAS SET OR TIED.
MM INDICATES DATA IS MISSING.
T INDICATES TRACE AMOUNT.
$$