000
CXUS56 KHNX 031708
CLMMAE
CLIMATE REPORT
NATIONAL WEATHER SERVICE
1008 AM PDT MON APR 03 2023
...................................
...THE MADERA CA AIRPORT CLIMATE SUMMARY FOR THE MONTH OF MARCH 2023...
CLIMATE NORMAL PERIOD 1991 TO 2020
CLIMATE RECORD PERIOD 1898 TO 2023
WEATHER OBSERVED NORMAL DEPART LAST YEAR`S
VALUE DATE(S) VALUE FROM VALUE DATE(S)
NORMAL
................................................................
TEMPERATURE (F)
RECORD
HIGH 91 03/15/2015
LOW 29 03/10/2009
HIGHEST 70 03/11 MM 89 03/24
03/13
LOWEST 30 03/02 MM 31 03/07
MEAN 51.9 56.1 -4.2 57.3
DAYS MAX >= 90 0 0.0 0.0 0
DAYS MIN <= 32 1 0.6 0.4 2
PRECIPITATION (INCHES)
RECORD
MAXIMUM 7.11 1991
MINIMUM 0.00 1997
TOTALS 3.11 1.98 1.13
DAYS >= .01 17 8.9 8.1 0
DAYS >= .10 9 3.8 5.2 0
DAYS >= .50 2 0.8 1.2 0
DAYS >= 1.00 0 0.1 -0.1 0
SNOWFALL (INCHES)
RECORDS
TOTAL MM MM
TOTALS 0.0 MM
DEGREE DAYS
HEATING TOTAL 399 279 120 245
SINCE 7/1 2473 2155 318 MM
COOLING TOTAL 0 3 -3 12
SINCE 1/1 0 3 -3 MM
................................................................
WIND (MPH)
AVERAGE WIND SPEED 7.7
HIGHEST WIND SPEED/DIRECTION 31/150 DATE 03/21
HIGHEST GUST SPEED/DIRECTION 40/150 DATE 03/21
AVERAGE RH (PERCENT) 70
WEATHER CONDITIONS. NUMBER OF DAYS WITH
THUNDERSTORM 0 RAIN 4
HAIL 0 FOG 6
FOG W/VIS <= 1/4 MILE 0 HAZE 0
- INDICATES NEGATIVE NUMBERS.
R INDICATES RECORD WAS SET OR TIED.
MM INDICATES DATA IS MISSING.
T INDICATES TRACE AMOUNT.
$$