000
CXUS56 KHNX 011444
CF6MCE
PRELIMINARY LOCAL CLIMATOLOGICAL DATA (WS FORM: F-6)
STATION: MERCED CA AIRPORT
MONTH: MARCH
YEAR: 2023
LATITUDE: 37 16 N
LONGITUDE: 120 36 W
TEMPERATURE IN F: :PCPN: SNOW: WIND :SUNSHINE: SKY :PK WND
================================================================================
1 2 3 4 5 6A 6B 7 8 9 10 11 12 13 14 15 16 17 18
12Z AVG MX 2MIN
DY MAX MIN AVG DEP HDD CDD WTR SNW DPTH SPD SPD DIR MIN PSBL S-S WX SPD DR
================================================================================
1 54 34 44 -9 21 0 0.08 0.0 0 12.5 28 340 M M 2 1 34 330
2 56 32 44 -10 21 0 0.00 0.0 0 3.8 13 130 M M 0 17 140
3 61 34 48 -6 17 0 0.00 0.0 0 2.8 10 360 M M 1 18 13 360
4 58 37 48 -6 17 0 T 0.0 0 5.8 17 260 M M 5 18 26 270
5 53 37 45 -9 20 0 0.10 0.0 0 6.6 18 320 M M 6 1 24 300
6 57 32 45 -9 20 0 0.00 0.0 0 3.6 12 240 M M 2 13 230
7 58 35 47 -7 18 0 0.00 0.0 0 3.0 9 350 M M 3 12 350
8 56 34 45 -9 20 0 0.01 0.0 0 3.5 13 360 M M 6 18 15 360
9 57 38 48 -7 17 0 0.23 0.0 0 12.4 29 130 M M 6 1 36 140
10 62 53 58 3 7 0 0.75 0.0 0 9.9 29 130 M M 10 1 37 130
11 68 51 60 5 5 0 0.06 0.0 0 6.0 15 270 M M 6 1 20 250
12 68 51 60 5 5 0 0.24 0.0 0 5.1 16 240 M M 8 13 23 250
13 70 49 60 5 5 0 0.00 0.0 0 4.0 13 140 M M 5 16 150
14 65 53 59 4 6 0 1.42 0.0 0 16.6 37 140 M M 10 128 47 130
15 58 44 51 -4 14 0 0.01 0.0 0 8.4 18 340 M M 5 23 350
16 64 41 53 -2 12 0 0.00 0.0 0 2.6 8 250 M M 1 1 10 310
17 69 41 55 0 10 0 0.00 0.0 0 2.8 10 20 M M 0 1 13 20
18 68 42 55 -1 10 0 0.00 0.0 0 5.5 18 120 M M 1 18 25 130
19 63 52 58 2 7 0 0.14 0.0 0 12.1 22 140 M M 10 1 28 170
20 64 47 56 0 9 0 0.00 0.0 0 4.4 12 270 M M 3 16 260
21 61 49 55 -1 10 0 0.29 0.0 0 16.7 33 160 M M 7 1 47 150
22 59 47 53 -3 12 0 0.02 0.0 0 13.6 24 130 M M 10 31 130
23 61 46 54 -2 11 0 0.18 0.0 0 4.2 13 360 M M 8 1 17 350
24 59 39 49 -7 16 0 T 0.0 0 11.2 22 340 M M 2 27 340
25 60 36 48 -8 17 0 0.00 0.0 0 10.3 23 330 M M 0 29 340
26 59 34 47 -9 18 0 0.00 0.0 0 7.3 18 330 M M 1 24 330
27 64 31 48 -8 17 0 0.00 0.0 0 5.3 15 140 M M 0 20 170
28 57 40 49 -7 16 0 0.62 0.0 0 9.9 21 130 M M 8 1 28 130
29 59 37 48 -8 17 0 0.21 0.0 0 8.1 25 140 M M 6 13 32 130
30 58 41 50 -7 15 0 0.00 0.0 0 2.8 10 340 M M 7 12 340
31 63 38 51 -6 14 0 0.00 0.0 0 2.5 10 350 M M 0 13 350
================================================================================
SM 1889 1275 424 0 4.36 0.0 223.3 M 139
================================================================================
AV 60.9 41.1 7.2 FASTST M M 4 MAX(MPH)
MISC ----> 37 140 # 47 130
================================================================================
NOTES:
# LAST OF SEVERAL OCCURRENCES
COLUMN 17 PEAK WIND IN M.P.H.
PRELIMINARY LOCAL CLIMATOLOGICAL DATA (WS FORM: F-6) , PAGE 2
STATION: MERCED CA AIRPORT
MONTH: MARCH
YEAR: 2023
LATITUDE: 37 16 N
LONGITUDE: 120 36 W
[TEMPERATURE DATA] [PRECIPITATION DATA] SYMBOLS USED IN COLUMN 16
AVERAGE MONTHLY: 51.0 TOTAL FOR MONTH: 4.36 1 = FOG OR MIST
DPTR FM NORMAL: -4.2 DPTR FM NORMAL: 2.54 2 = FOG REDUCING VISIBILITY
HIGHEST: 70 ON 13 GRTST 24HR 1.43 ON 14-15 TO 1/4 MILE OR LESS
LOWEST: 31 ON 27 3 = THUNDER
SNOW, ICE PELLETS, HAIL 4 = ICE PELLETS
TOTAL MONTH: 0.0 INCH 5 = HAIL
GRTST 24HR 0.0 6 = FREEZING RAIN OR DRIZZLE
GRTST DEPTH: 0 7 = DUSTSTORM OR SANDSTORM:
VSBY 1/2 MILE OR LESS
8 = SMOKE OR HAZE
[NO. OF DAYS WITH] [WEATHER - DAYS WITH] 9 = BLOWING SNOW
X = TORNADO
MAX 32 OR BELOW: 0 0.01 INCH OR MORE: 15
MAX 90 OR ABOVE: 0 0.10 INCH OR MORE: 10
MIN 32 OR BELOW: 3 0.50 INCH OR MORE: 3
MIN 0 OR BELOW: 0 1.00 INCH OR MORE: 1
[HDD (BASE 65) ]
TOTAL THIS MO. 424 CLEAR (SCALE 0-3) 13
DPTR FM NORMAL 119 PTCLDY (SCALE 4-7) 13
TOTAL FM JUL 1 2510 CLOUDY (SCALE 8-10) 5
DPTR FM NORMAL 190
[CDD (BASE 65) ]
TOTAL THIS MO. 0
DPTR FM NORMAL -1 [PRESSURE DATA]
TOTAL FM JAN 1 0 HIGHEST SLP 30.40 ON 24
DPTR FM NORMAL -1 LOWEST SLP 29.36 ON 21
[REMARKS]
#FINAL-03-23#