000
CXAK56 PAFG 011016
CF6MCG
PRELIMINARY LOCAL CLIMATOLOGICAL DATA (WS FORM: F-6)
STATION: MCGRATH AK
MONTH: DECEMBER
YEAR: 2022
LATITUDE: 62 57 N
LONGITUDE: 155 36 W
TEMPERATURE IN F: :PCPN: SNOW: WIND :SUNSHINE: SKY :PK WND
================================================================================
1 2 3 4 5 6A 6B 7 8 9 10 11 12 13 14 15 16 17 18
12Z AVG MX 2MIN
DY MAX MIN AVG DEP HDD CDD WTR SNW DPTH SPD SPD DIR MIN PSBL S-S WX SPD DR
================================================================================
1 -2 -16 -9 -11 74 0 0.00 M M 0.5 7 270 M M 2 18 8 270
2 8 -16 -4 -6 69 0 T M M 0.5 6 330 M M 4 6 330
3 20 3 12 11 53 0 T M M 0.7 6 280 M M 7 7 280
4 27 4 16 15 49 0 T M M 1.3 9 60 M M 4 1 13 60
5 38 27 33 32 32 0 0.02 M M 5.5 20 210 M M 10 12 26 200
6 31 15 23 23 42 0 0.16 M M 5.7 15 190 M M 8 1 20 200
7 26 14 20 20 45 0 T M M 3.3 10 280 M M 9 1 14 270
8 22 -8 7 7 58 0 T M M 2.1 12 280 M M 6 1 14 270
9 10 -4 3 3 62 0 T M M 2.3 8 110 M M 8 18 11 120
10 17 9 13 13 52 0 0.05 M M 3.1 9 120 M M 10 1 12 110
11 18 13 16 17 49 0 0.51 M M 2.8 10 110 M M 10 1 14 120
12 21 -12 5 6 60 0 0.02 M M 4.0 15 270 M M 7 128 23 280
13 14 -6 4 5 61 0 0.27 M M 1.2 9 290 M M 9 18 14 300
14 7 -18 -5 -3 70 0 0.02 M M 2.6 8 310 M M 2 18 10 320
15 4 -25 -10 -8 75 0 0.01 M M 1.4 7 280 M M 3 128 9 300
16 -13 -28 -20 -18 85 0 0.00 M M 1.9 8 270 M M 0 18 10 320
17 -21 -31 -26 -24 91 0 0.00 M M 0.6 6 340 M M 0 7 340
18 -28 -36 -32 -29 97 0 0.00 M M 0.4 5 290 M M 0 7 320
19 -35 -44 -39 -36 104 0 0.00 M M 0.1 3 340 M M 2 18 7 200
20 -39 -48 -43 -40 108 0 0.00 M M 0.0 5 290 M M 0 18 6 70
21 -31 -47 -39 -35 104 0 0.00 M M 0.7 6 20 M M 0 7 20
22 -25 -35 -30 -26 95 0 0.00 M M 0.0 5 330 M M 0 6 70
23 18 -32 -7 -3 72 0 T M M 12.8 30 60 M M 0 9 48 70
24 -8 -12 -10 -5 75 0 0.00 M M 9.0 15 20 M M 0 21 50
25 -4 -13 -8 -3 73 0 0.00 M M 8.3 15 30 M M 0 21 20
26 2 -10 -4 1 69 0 0.00 M M 7.5 15 20 M M 1 21 20
27 0 -11 -5 0 70 0 T M M 0.3 5 110 M M 8 18 5 140
28 -1 -13 -7 -1 72 0 T M M 0.5 5 80 M M 9 18 6 110
29 -3 -17 -10 -4 75 0 0.00 M M 0.7 6 360 M M 4 6 360
30 -6 -22 -14 -8 79 0 0.00 M M 0.3 6 340 M M 3 6 350
31 -7 -18 -12 -6 77 0 0.00 M M 0.1 5 10 M M 2 5 300
================================================================================
SM 60 -437 2197 0 1.06 M 80.2 M 128
================================================================================
AV 1.9-14.1 2.6 FASTST M M 4 MAX(MPH)
MISC ----> 30 60 48 70
================================================================================
NOTES:
# LAST OF SEVERAL OCCURRENCES
COLUMN 17 PEAK WIND IN M.P.H.
PRELIMINARY LOCAL CLIMATOLOGICAL DATA (WS FORM: F-6) , PAGE 2
STATION: MCGRATH AK
MONTH: DECEMBER
YEAR: 2022
LATITUDE: 62 57 N
LONGITUDE: 155 36 W
[TEMPERATURE DATA] [PRECIPITATION DATA] SYMBOLS USED IN COLUMN 16
AVERAGE MONTHLY: -6.1 TOTAL FOR MONTH: 1.06 1 = FOG OR MIST
DPTR FM NORMAL: -3.8 DPTR FM NORMAL: -0.15 2 = FOG REDUCING VISIBILITY
HIGHEST: 38 ON 5 GRTST 24HR 0.51 ON 10-11 TO 1/4 MILE OR LESS
LOWEST: -48 ON 20 3 = THUNDER
SNOW, ICE PELLETS, HAIL 4 = ICE PELLETS
TOTAL MONTH: M 5 = HAIL
GRTST 24HR M ON M 6 = FREEZING RAIN OR DRIZZLE
GRTST DEPTH: M ON M 7 = DUSTSTORM OR SANDSTORM:
VSBY 1/2 MILE OR LESS
8 = SMOKE OR HAZE
[NO. OF DAYS WITH] [WEATHER - DAYS WITH] 9 = BLOWING SNOW
X = TORNADO
MAX 32 OR BELOW: 30 0.01 INCH OR MORE: 8
MAX 90 OR ABOVE: 0 0.10 INCH OR MORE: 3
MIN 32 OR BELOW: 31 0.50 INCH OR MORE: 1
MIN 0 OR BELOW: 24 1.00 INCH OR MORE: 0
[HDD (BASE 65) ]
TOTAL THIS MO. 2197 CLEAR (SCALE 0-3) 16
DPTR FM NORMAL 112 PTCLDY (SCALE 4-7) 8
TOTAL FM JUL 1 5457 CLOUDY (SCALE 8-10) 7
DPTR FM NORMAL -475
[CDD (BASE 65) ]
TOTAL THIS MO. 0
DPTR FM NORMAL 0 [PRESSURE DATA]
TOTAL FM JAN 1 2 HIGHEST SLP M ON M
DPTR FM NORMAL -29 LOWEST SLP 28.99 ON 26
[REMARKS]
#FINAL-12-22#