000
CXUS55 KEAX 010736
CF6MCI
PRELIMINARY LOCAL CLIMATOLOGICAL DATA (WS FORM: F-6)
STATION: KANSAS CITY INTERNATIONAL MO
MONTH: AUGUST
YEAR: 2020
LATITUDE: 39 19 N
LONGITUDE: 94 43 W
TEMPERATURE IN F: :PCPN: SNOW: WIND :SUNSHINE: SKY :PK WND
================================================================================
1 2 3 4 5 6A 6B 7 8 9 10 11 12 13 14 15 16 17 18
12Z AVG MX 2MIN
DY MAX MIN AVG DEP HDD CDD WTR SNW DPTH SPD SPD DIR MIN PSBL S-S WX SPD DR
================================================================================
1 82 64 73 -5 0 8 0.00 0.0 0 5.1 13 310 M M 5 1 18 320
2 81 64 73 -5 0 8 0.11 0.0 0 8.1 23 10 M M 6 1 34 360
3 76 58 67 -11 0 2 0.00 0.0 0 8.5 16 20 M M 3 23 360
4 75 53 64 -14 1 0 0.00 0.0 0 5.6 12 70 M M 4 14 80
5 79 54 67 -11 0 2 0.00 0.0 0 7.5 14 120 M M 3 18 130
6 83 65 74 -4 0 9 T 0.0 0 9.6 15 160 M M 4 20 140
7 87 68 78 0 0 13 0.03 0.0 0 11.8 23 170 M M 6 3 30 190
8 88 71 80 2 0 15 0.07 0.0 0 12.1 23 120 M M 6 13 30 140
9 86 71 79 1 0 14 0.23 0.0 0 10.6 22 150 M M 5 13 27 180
10 85 70 78 0 0 13 0.18 0.0 0 7.7 23 270 M M 4 13 33 270
11 85 69 77 -1 0 12 0.00 0.0 0 6.7 14 110 M M 4 1 18 110
12 88 69 79 1 0 14 0.02 0.0 0 7.4 16 130 M M 6 12 20 140
13 88 73 81 3 0 16 T 0.0 0 8.6 16 130 M M 5 3 20 130
14 90 72 81 3 0 16 0.00 0.0 0 7.5 17 150 M M 3 18 23 150
15 84 66 75 -3 0 10 0.00 0.0 0 7.0 18 30 M M 4 3 26 30
16 82 60 71 -7 0 6 0.00 0.0 0 4.7 12 170 M M 6 1 14 210
17 85 64 75 -2 0 10 0.00 0.0 0 8.6 24 340 M M 2 30 340
18 80 56 68 -9 0 3 0.00 0.0 0 5.5 13 40 M M 4 8 18 40
19 83 58 71 -6 0 6 0.00 0.0 0 6.4 13 110 M M 1 1 24 190
20 86 58 72 -5 0 7 0.00 0.0 0 6.9 13 110 M M 2 16 110
21 88 61 75 -2 0 10 0.00 0.0 0 7.0 13 210 M M 1 17 210
22 90 64 77 1 0 12 0.00 0.0 0 7.0 13 200 M M 3 1 16 210
23 93 67 80 4 0 15 0.00 0.0 0 6.9 12 220 M M 1 8 18 250
24 93 66 80 4 0 15 0.00 0.0 0 6.6 12 180 M M 0 8 16 200
25 94 67 81 5 0 16 0.00 0.0 0 6.6 13 220 M M 0 18 17 180
26 94 68 81 5 0 16 0.00 0.0 0 9.2 16 180 M M 3 8 21 180
27 93 68 81 6 0 16 0.00 0.0 0 8.7 17 170 M M 2 8 26 180
28 94 66 80 5 0 15 0.00 0.0 0 3.7 12 360 M M 1 1 15 10
29 79 65 72 -3 0 7 0.73 0.0 0 6.4 15 40 M M 5 13 19 50
30 83 60 72 -3 0 7 0.00 0.0 0 8.4 17 140 M M 4 22 130
31 73 64 69 -5 0 4 1.09 0.0 0 9.8 41 350 M M 8 13 61 350
================================================================================
SM 2647 1999 1 317 2.46 0.0 236.2 M 111
================================================================================
AV 85.4 64.5 7.6 FASTST M M 4 MAX(MPH)
MISC ----> 41 350 61 350
================================================================================
NOTES:
# LAST OF SEVERAL OCCURRENCES
COLUMN 17 PEAK WIND IN M.P.H.
PRELIMINARY LOCAL CLIMATOLOGICAL DATA (WS FORM: F-6) , PAGE 2
STATION: KANSAS CITY INTERNATIONAL MO
MONTH: AUGUST
YEAR: 2020
LATITUDE: 39 19 N
LONGITUDE: 94 43 W
[TEMPERATURE DATA] [PRECIPITATION DATA] SYMBOLS USED IN COLUMN 16
AVERAGE MONTHLY: 74.9 TOTAL FOR MONTH: 2.46 1 = FOG OR MIST
DPTR FM NORMAL: -2.2 DPTR FM NORMAL: -1.43 2 = FOG REDUCING VISIBILITY
HIGHEST: 94 ON 28,26 GRTST 24HR 1.09 ON 31-31 TO 1/4 MILE OR LESS
LOWEST: 53 ON 4 3 = THUNDER
SNOW, ICE PELLETS, HAIL 4 = ICE PELLETS
TOTAL MONTH: 0.0 INCH 5 = HAIL
GRTST 24HR 0.0 6 = FREEZING RAIN OR DRIZZLE
GRTST DEPTH: 0 7 = DUSTSTORM OR SANDSTORM:
VSBY 1/2 MILE OR LESS
8 = SMOKE OR HAZE
[NO. OF DAYS WITH] [WEATHER - DAYS WITH] 9 = BLOWING SNOW
X = TORNADO
MAX 32 OR BELOW: 0 0.01 INCH OR MORE: 8
MAX 90 OR ABOVE: 8 0.10 INCH OR MORE: 5
MIN 32 OR BELOW: 0 0.50 INCH OR MORE: 2
MIN 0 OR BELOW: 0 1.00 INCH OR MORE: 1
[HDD (BASE 65) ]
TOTAL THIS MO. 1 CLEAR (SCALE 0-3) 12
DPTR FM NORMAL -1 PTCLDY (SCALE 4-7) 19
TOTAL FM JUL 1 1 CLOUDY (SCALE 8-10) 0
DPTR FM NORMAL 1
[CDD (BASE 65) ]
TOTAL THIS MO. 317
DPTR FM NORMAL -60 [PRESSURE DATA]
TOTAL FM JAN 1 1211 HIGHEST SLP M ON M
DPTR FM NORMAL 38 LOWEST SLP 29.66 ON 31
[REMARKS]
#FINAL-08-20#