000
CXUS53 KEAX 260736
CF6MCI
PRELIMINARY LOCAL CLIMATOLOGICAL DATA (WS FORM: F-6)
STATION: KANSAS CITY INTERNATIONAL MO
MONTH: APRIL
YEAR: 2024
LATITUDE: 39 19 N
LONGITUDE: 94 43 W
TEMPERATURE IN F: :PCPN: SNOW: WIND :SUNSHINE: SKY :PK WND
================================================================================
1 2 3 4 5 6A 6B 7 8 9 10 11 12 13 14 15 16 17 18
12Z AVG MX 2MIN
DY MAX MIN AVG DEP HDD CDD WTR SNW DPTH SPD SPD DIR MIN PSBL S-S WX SPD DR
================================================================================
1 76 50 63 13 2 0 0.23 0.0 0 12.3 24 190 M M 10 13 34 200
2 52 37 45 -5 20 0 0.08 0.0 0 13.3 25 330 M M 8 1 38 350
3 55 36 46 -5 19 0 0.01 0.0 0 16.9 28 340 M M M 42 280
4 60 34 47 -4 18 0 0.00 0.0 0 10.5 23 340 M M 0 32 340
5 61 37 49 -3 16 0 0.00 0.0 0 10.8 23 120 M M 6 32 110
6 69 42 56 4 9 0 0.19 0.0 0 21.8 36 110 M M 3 1 44 110
7 69 52 61 9 4 0 0.00 0.0 0 18.5 36 230 M M 3 49 240
8 69 42 56 4 9 0 0.00 0.0 0 5.4 13 250 M M 3 8 17 240
9 67 40 54 1 11 0 0.00 0.0 0 6.4 13 360 M M 6 20 360
10 67 45 56 3 9 0 0.00 0.0 0 6.5 16 50 M M 8 8 22 70
11 63 46 55 2 10 0 0.00 0.0 0 16.1 30 330 M M 3 44 330
12 69 41 55 1 10 0 0.00 0.0 0 7.9 17 340 M M 0 24 360
13 85 47 66 12 0 1 0.00 0.0 0 15.5 26 200 M M 2 36 210
14 85 60 73 19 0 8 0.00 0.0 0 7.9 20 200 M M 0 8 26 200
15 83 60 72 18 0 7 T 0.0 0 14.5 26 150 M M 6 3 33 130
16 79 60 70 15 0 5 0.22 0.0 0 21.8 39 220 M M 6 13 57 210
17 78 55 67 12 0 2 0.01 0.0 0 11.5 24 300 M M 3 3 34 300
18 62 43 53 -2 12 0 1.79 T 0 13.7 30 10 M M 8 135 53 340
19 59 37 48 -8 17 0 0.00 0.0 0 5.0 15 350 M M 6 20 40
20 54 39 47 -9 18 0 0.00 0.0 0 9.7 18 340 M M 7 26 340
21 60 36 48 -8 17 0 0.00 0.0 0 7.0 16 300 M M 1 23 340
22 70 34 52 -4 13 0 0.00 0.0 0 16.4 29 200 M M 6 40 200
23 73 51 62 5 3 0 0.00 0.0 0 9.9 22 190 M M 7 29 190
24 73 43 58 1 7 0 0.00 0.0 0 6.3 14 110 M M 5 8 19 120
25 61 52 57 0 8 0 0.46 0.0 0 15.1 48 120 M M 10 13 65 130
================================================================================
SM 1699 1119 232 23 2.99 T 300.7 M 117
================================================================================
AV 68.0 44.8 12.0 FASTST M M 5 MAX(MPH)
MISC ----> 48 120 65 130
================================================================================
NOTES:
# LAST OF SEVERAL OCCURRENCES
COLUMN 17 PEAK WIND IN M.P.H.
PRELIMINARY LOCAL CLIMATOLOGICAL DATA (WS FORM: F-6) , PAGE 2
STATION: KANSAS CITY INTERNATIONAL MO
MONTH: APRIL
YEAR: 2024
LATITUDE: 39 19 N
LONGITUDE: 94 43 W
[TEMPERATURE DATA] [PRECIPITATION DATA] SYMBOLS USED IN COLUMN 16
AVERAGE MONTHLY: 56.4 TOTAL FOR MONTH: 2.99 1 = FOG OR MIST
DPTR FM NORMAL: 2.6 DPTR FM NORMAL: -0.20 2 = FOG REDUCING VISIBILITY
HIGHEST: 85 ON 14,13 GRTST 24HR 1.80 ON 17-18 TO 1/4 MILE OR LESS
LOWEST: 34 ON 22, 4 3 = THUNDER
SNOW, ICE PELLETS, HAIL 4 = ICE PELLETS
TOTAL MONTH: T 5 = HAIL
GRTST 24HR T ON 18-18 6 = FREEZING RAIN OR DRIZZLE
GRTST DEPTH: 0 7 = DUSTSTORM OR SANDSTORM:
VSBY 1/2 MILE OR LESS
8 = SMOKE OR HAZE
[NO. OF DAYS WITH] [WEATHER - DAYS WITH] 9 = BLOWING SNOW
X = TORNADO
MAX 32 OR BELOW: 0 0.01 INCH OR MORE: 8
MAX 90 OR ABOVE: 0 0.10 INCH OR MORE: 5
MIN 32 OR BELOW: 0 0.50 INCH OR MORE: 1
MIN 0 OR BELOW: 0 1.00 INCH OR MORE: 1
[HDD (BASE 65) ]
TOTAL THIS MO. 232 CLEAR (SCALE 0-3) 7
DPTR FM NORMAL -61 PTCLDY (SCALE 4-7) 14
TOTAL FM JUL 1 4176 CLOUDY (SCALE 8-10) 4
DPTR FM NORMAL -741
[CDD (BASE 65) ]
TOTAL THIS MO. 23
DPTR FM NORMAL 7 [PRESSURE DATA]
TOTAL FM JAN 1 24 HIGHEST SLP M ON M
DPTR FM NORMAL 4 LOWEST SLP 29.40 ON 16
[REMARKS]