000
CXUS52 KFFC 011110
CF6MCN
PRELIMINARY LOCAL CLIMATOLOGICAL DATA (WS FORM: F-6)
STATION: MACON
MONTH: DECEMBER
YEAR: 2022
LATITUDE: 32 42 N
LONGITUDE: 83 39 W
TEMPERATURE IN F: :PCPN: SNOW: WIND :SUNSHINE: SKY :PK WND
================================================================================
1 2 3 4 5 6A 6B 7 8 9 10 11 12 13 14 15 16 17 18
12Z AVG MX 2MIN
DY MAX MIN AVG DEP HDD CDD WTR SNW DPTH SPD SPD DIR MIN PSBL S-S WX SPD DR
================================================================================
1 60 35 48 -4 17 0 0.00 0.0 M 6.9 17 340 M M 0 24 340
2 69 31 50 -2 15 0 0.00 0.0 M 3.7 14 90 M M 1 18 80
3 74 45 60 8 5 0 0.01 M M 3.5 18 220 M M 6 12 27 220
4 66 53 60 9 5 0 0.00 0.0 M 2.6 8 290 M M 7 12 12 330
5 59 55 57 6 8 0 0.14 0.0 M 3.4 12 20 M M 10 1 14 30
6 74 58 66 15 0 1 0.00 0.0 M 4.7 9 200 M M 7 1 13 200
7 81 60 71 20 0 6 0.00 0.0 M 4.5 14 250 M M 7 1 19 230
8 83 56 70 19 0 5 0.00 0.0 M 4.8 16 250 M M 3 12 20 250
9 72 53 63 13 2 0 0.03 0.0 M 2.6 15 50 M M 7 12 21 360
10 60 54 57 7 8 0 0.00 0.0 M 7.1 13 40 M M 10 1 16 30
11 57 53 55 5 10 0 0.05 0.0 M 4.2 8 40 M M 10 1 10 40
12 59 55 57 7 8 0 0.02 0.0 M 5.0 9 70 M M 10 1 12 70
13 58 51 55 5 10 0 0.00 0.0 M 9.3 15 70 M M 10 20 70
14 59 49 54 4 11 0 0.16 M M 8.1 13 100 M M 10 1 17 100
15 68 47 58 8 7 0 1.23 M M 11.4 24 200 M M 4 1 45 220
16 61 37 49 0 16 0 0.00 0.0 M 7.0 24 260 M M 0 34 270
17 54 36 45 -4 20 0 0.00 0.0 M 5.1 14 260 M M 7 17 250
18 54 30 42 -7 23 0 0.00 0.0 M 8.1 17 300 M M 0 24 290
19 57 24 41 -8 24 0 0.00 0.0 M 4.9 15 120 M M 2 19 130
20 46 40 43 -6 22 0 0.32 M M 8.9 17 40 M M 10 1 24 30
21 48 40 44 -5 21 0 0.03 M M 9.2 16 50 M M 10 18 22 50
22 49 42 46 -3 19 0 0.02 M M 4.5 13 40 M M 10 1 15 40
23 54 18 36 -12 29 0 0.01 M M 15.7 35 270 M M 3 1 47 270
24 32 13 23 -25 42 0 0.00 0.0 M 11.0 20 270 M M 0 29 300
25 43 20 32 -16 33 0 0.00 0.0 M 7.4 16 280 M M 0 27 280
26 49 16 33 -15 32 0 0.00 0.0 M 4.4 13 270 M M 0 19 280
27 55 24 40 -8 25 0 0.00 0.0 M 1.4 8 290 M M 2 12 40
28 61 23 42 -6 23 0 0.00 0.0 M 2.8 13 100 M M 0 13 150
29 71 35 53 5 12 0 0.00 0.0 M 2.4 12 120 M M 5 15 120
30 76 50 63 15 2 0 0.01 M M 3.3 15 130 M M 5 12 20 110
31 72 50 61 13 4 0 0.05 M M 4.6 18 140 M M 7 12 28 150
================================================================================
SM 1881 1253 453 12 2.08 0.0 182.5 M 163
================================================================================
AV 60.7 40.4 5.9 FASTST M M 5 MAX(MPH)
MISC ----> 35 270 47 270
================================================================================
NOTES:
# LAST OF SEVERAL OCCURRENCES
COLUMN 17 PEAK WIND IN M.P.H.
PRELIMINARY LOCAL CLIMATOLOGICAL DATA (WS FORM: F-6) , PAGE 2
STATION: MACON
MONTH: DECEMBER
YEAR: 2022
LATITUDE: 32 42 N
LONGITUDE: 83 39 W
[TEMPERATURE DATA] [PRECIPITATION DATA] SYMBOLS USED IN COLUMN 16
AVERAGE MONTHLY: 50.5 TOTAL FOR MONTH: 2.08 1 = FOG OR MIST
DPTR FM NORMAL: 1.0 DPTR FM NORMAL: -2.49 2 = FOG REDUCING VISIBILITY
HIGHEST: 83 ON 8 GRTST 24HR 1.39 ON 14-15 TO 1/4 MILE OR LESS
LOWEST: 13 ON 24 3 = THUNDER
SNOW, ICE PELLETS, HAIL 4 = ICE PELLETS
TOTAL MONTH: 0.0 INCH 5 = HAIL
GRTST 24HR 0.0 6 = FREEZING RAIN OR DRIZZLE
GRTST DEPTH: M ON M 7 = DUSTSTORM OR SANDSTORM:
VSBY 1/2 MILE OR LESS
8 = SMOKE OR HAZE
[NO. OF DAYS WITH] [WEATHER - DAYS WITH] 9 = BLOWING SNOW
X = TORNADO
MAX 32 OR BELOW: 1 0.01 INCH OR MORE: 13
MAX 90 OR ABOVE: 0 0.10 INCH OR MORE: 4
MIN 32 OR BELOW: 9 0.50 INCH OR MORE: 1
MIN 0 OR BELOW: 0 1.00 INCH OR MORE: 1
[HDD (BASE 65) ]
TOTAL THIS MO. 453 CLEAR (SCALE 0-3) 11
DPTR FM NORMAL -30 PTCLDY (SCALE 4-7) 11
TOTAL FM JUL 1 788 CLOUDY (SCALE 8-10) 9
DPTR FM NORMAL -71
[CDD (BASE 65) ]
TOTAL THIS MO. 12
DPTR FM NORMAL 8 [PRESSURE DATA]
TOTAL FM JAN 1 2346 HIGHEST SLP 30.48 ON 2
DPTR FM NORMAL 21 LOWEST SLP 29.64 ON 15
[REMARKS]
#FINAL-12-22#