000
CXUS52 KFFC 011010
CF6MCN
PRELIMINARY LOCAL CLIMATOLOGICAL DATA (WS FORM: F-6)
STATION: MACON
MONTH: AUGUST
YEAR: 2020
LATITUDE: 32 42 N
LONGITUDE: 83 39 W
TEMPERATURE IN F: :PCPN: SNOW: WIND :SUNSHINE: SKY :PK WND
================================================================================
1 2 3 4 5 6A 6B 7 8 9 10 11 12 13 14 15 16 17 18
12Z AVG MX 2MIN
DY MAX MIN AVG DEP HDD CDD WTR SNW DPTH SPD SPD DIR MIN PSBL S-S WX SPD DR
================================================================================
1 96 74 85 3 0 20 0.00 0.0 M 6.1 15 230 M M 1 1 21 200
2 100 69 85 3 0 20 0.00 M M 4.0 15 130 M M 1 1 19 130
3 99 71 85 3 0 20 0.31 M M 4.9 16 330 M M 2 13 23 330
4 95 68 82 0 0 17 0.00 M M 3.5 18 270 M M 3 128 25 290
5 98 69 84 2 0 19 0.01 M M 4.2 17 30 M M 2 13 22 250
6 97 71 84 2 0 19 0.00 M M 4.5 13 230 M M 2 1 18 220
7 98 71 85 3 0 20 0.00 M M 4.0 14 200 M M 1 3 20 200
8 99 71 85 3 0 20 0.39 M M 3.4 16 360 M M 1 13 26 20
9 96 70 83 1 0 18 0.02 0.0 M 3.7 21 340 M M 1 13 31 320
10 97 70 84 2 0 19 0.86 0.0 M 4.1 31 360 M M 2 123 47 10
11 96 71 84 3 0 19 0.00 0.0 M 4.0 10 310 M M 3 123 16 290
12 96 73 85 4 0 20 0.63 0.0 M 3.6 17 170 M M 2 1238 24 220
13 97 71 84 3 0 19 0.00 0.0 M 3.8 15 110 M M 2 138 20 100
14 92 72 82 1 0 17 1.29 M M 3.6 23 290 M M 5 123 32 300
15 90 74 82 1 0 17 0.01 M M 3.7 20 260 M M 5 13 27 260
16 91 71 81 0 0 16 0.00 M M 3.5 10 30 M M 2 15 40
17 96 70 83 2 0 18 T M M 2.8 13 290 M M 2 13 19 290
18 96 70 83 2 0 18 0.00 0.0 M 4.4 16 140 M M 1 1 23 140
19 91 70 81 0 0 16 0.00 M M 2.5 15 360 M M 3 3 19 360
20 90 67 79 -2 0 14 0.13 M M 3.4 25 80 M M 2 13 33 80
21 88 71 80 0 0 15 T 0.0 M 3.9 12 200 M M 6 18 17 180
22 88 68 78 -2 0 13 0.00 0.0 M 4.6 16 170 M M 3 1 22 160
23 88 70 79 -1 0 14 T 0.0 M 3.9 14 110 M M 6 128 20 110
24 83 74 79 -1 0 14 1.68 0.0 M 5.3 22 110 M M 8 13 30 120
25 92 74 83 3 0 18 T 0.0 M 5.4 13 20 M M 5 16 30
26 93 76 85 5 0 20 0.00 0.0 M 2.7 8 80 M M 3 1 11 50
27 93 72 83 3 0 18 0.00 M M 4.2 13 140 M M 3 1 18 170
28 94 74 84 4 0 19 0.00 M M 6.7 16 200 M M 2 23 190
29 92 76 84 5 0 19 T M M 9.5 18 270 M M 4 28 260
30 94 73 84 5 0 19 0.01 M M 5.8 22 210 M M 5 13 33 210
31 90 74 82 3 0 17 T M M 4.1 12 350 M M 6 13 14 340
================================================================================
SM 2905 2215 0 552 5.34 0.0 133.8 M 94
================================================================================
AV 93.7 71.5 4.3 FASTST M M 3 MAX(MPH)
MISC ----> 31 360 47 10
================================================================================
NOTES:
# LAST OF SEVERAL OCCURRENCES
COLUMN 17 PEAK WIND IN M.P.H.
PRELIMINARY LOCAL CLIMATOLOGICAL DATA (WS FORM: F-6) , PAGE 2
STATION: MACON
MONTH: AUGUST
YEAR: 2020
LATITUDE: 32 42 N
LONGITUDE: 83 39 W
[TEMPERATURE DATA] [PRECIPITATION DATA] SYMBOLS USED IN COLUMN 16
AVERAGE MONTHLY: 82.6 TOTAL FOR MONTH: 5.34 1 = FOG OR MIST
DPTR FM NORMAL: 1.7 DPTR FM NORMAL: 1.24 2 = FOG REDUCING VISIBILITY
HIGHEST: 100 ON 2 GRTST 24HR 1.68 ON 24-24 TO 1/4 MILE OR LESS
LOWEST: 67 ON 20 3 = THUNDER
SNOW, ICE PELLETS, HAIL 4 = ICE PELLETS
TOTAL MONTH: 0.0 INCH 5 = HAIL
GRTST 24HR 0.0 6 = FREEZING RAIN OR DRIZZLE
GRTST DEPTH: M ON M 7 = DUSTSTORM OR SANDSTORM:
VSBY 1/2 MILE OR LESS
8 = SMOKE OR HAZE
[NO. OF DAYS WITH] [WEATHER - DAYS WITH] 9 = BLOWING SNOW
X = TORNADO
MAX 32 OR BELOW: 0 0.01 INCH OR MORE: 11
MAX 90 OR ABOVE: 27 0.10 INCH OR MORE: 7
MIN 32 OR BELOW: 0 0.50 INCH OR MORE: 4
MIN 0 OR BELOW: 0 1.00 INCH OR MORE: 2
[HDD (BASE 65) ]
TOTAL THIS MO. 0 CLEAR (SCALE 0-3) 21
DPTR FM NORMAL 0 PTCLDY (SCALE 4-7) 10
TOTAL FM JUL 1 0 CLOUDY (SCALE 8-10) 0
DPTR FM NORMAL 0
[CDD (BASE 65) ]
TOTAL THIS MO. 552
DPTR FM NORMAL 61 [PRESSURE DATA]
TOTAL FM JAN 1 1960 HIGHEST SLP 30.17 ON 9
DPTR FM NORMAL 216 LOWEST SLP 29.77 ON 30
[REMARKS]
#FINAL-08-20#