000
CXUS53 KDMX 050300
CF6MCW
PRELIMINARY LOCAL CLIMATOLOGICAL DATA (WS FORM: F-6)
STATION: MASON CITY IA
MONTH: MAY
YEAR: 2022
LATITUDE: 43 9 N
LONGITUDE: 93 20 W
TEMPERATURE IN F: :PCPN: SNOW: WIND :SUNSHINE: SKY :PK WND
================================================================================
1 2 3 4 5 6A 6B 7 8 9 10 11 12 13 14 15 16 17 18
12Z AVG MX 2MIN
DY MAX MIN AVG DEP HDD CDD WTR SNW DPTH SPD SPD DIR MIN PSBL S-S WX SPD DR
================================================================================
1 49 40 45 -7 20 0 0.00 0.0 0 20.1 29 280 M M 10 1 37 270
2 46 39 43 -10 22 0 0.05 0.0 0 9.8 20 330 M M 10 25 340
3 55 35 45 -8 20 0 0.28 0.0 0 10.2 22 40 M M 8 29 40
4 59 31 45 -8 20 0 0.00 0.0 0 4.9 15 150 M M 2 12 21 160
5 57 41 49 -5 16 0 T 0.0 0 7.9 17 80 M M 9 23 80
6 66 43 55 1 10 0 0.00 0.0 0 7.2 15 110 M M 1 1 19 90
7 73 37 55 0 10 0 0.00 0.0 0 13.3 25 140 M M 0 12 36 160
8 57 50 54 -1 11 0 0.07 0.0 0 17.7 31 140 M M 7 138 42 140
9 90 56 73 18 0 8 0.00 0.0 0 20.7 37 170 M M 6 3 50 140
10 78 54 66 10 0 1 0.00 0.0 0 10.9 20 10 M M 6 8 24 40
11 93 60 77 21 0 12 0.00 0.0 0 13.6 30 160 M M 2 8 41 180
12 94 65 80 23 0 15 0.00 0.0 0 16.0 31 170 M M 0 18 42 170
13 77 51 64 7 1 0 0.00 0.0 0 7.8 30 260 M M 1 8 38 260
14 85 47 66 9 0 1 T 0.0 0 10.7 25 240 M M 0 38 240
15 76 45 61 3 4 0 0.00 0.0 0 9.2 23 320 M M 1 30 310
16 78 46 62 4 3 0 0.00 0.0 0 13.8 33 300 M M 0 43 320
17 62 50 56 -3 9 0 0.04 0.0 0 8.4 23 20 M M 8 28 20
18 79 51 65 6 0 0 0.03 0.0 0 7.7 21 320 M M 3 28 330
19 89 54 72 12 0 7 0.26 0.0 0 16.6 36 210 M M 5 13 49 220
20 70 47 59 -1 6 0 0.09 0.0 0 14.9 32 320 M M 7 3 42 330
21 58 42 50 -10 15 0 0.00 0.0 0 13.0 26 320 M M 6 34 330
22 61 36 49 -12 16 0 0.00 0.0 0 11.1 28 310 M M 4 8 35 280
23 63 32 48 -13 17 0 0.00 0.0 0 6.8 17 70 M M 0 8 24 60
24 66 45 56 -5 9 0 0.42 0.0 0 13.7 23 130 M M 5 1 34 110
25 54 47 51 -11 14 0 0.96 0.0 0 16.2 25 60 M M 10 1 34 60
26 54 48 51 -11 14 0 0.08 0.0 0 12.8 20 350 M M 10 1 25 350
27 74 41 58 -5 7 0 0.00 0.0 0 6.5 12 330 M M 1 8 15 320
28 84 54 69 6 0 4 T 0.0 0 17.2 33 200 M M 1 3 49 180
29 84 63 74 11 0 9 T 0.0 0 18.2 33 170 M M 2 46 170
30 89 63 76 12 0 11 0.29 0.0 0 20.5 39 180 M M 4 3 53 180
31 77 53 65 1 0 0 0.00 0.0 0 15.9 28 250 M M 0 38 270
================================================================================
SM 2197 1466 244 68 2.57 0.0 393.3 M 129
================================================================================
AV 70.9 47.3 12.7 FASTST M M 4 MAX(MPH)
MISC ----> 39 180 53 180
================================================================================
NOTES:
# LAST OF SEVERAL OCCURRENCES
COLUMN 17 PEAK WIND IN M.P.H.
PRELIMINARY LOCAL CLIMATOLOGICAL DATA (WS FORM: F-6) , PAGE 2
STATION: MASON CITY IA
MONTH: MAY
YEAR: 2022
LATITUDE: 43 9 N
LONGITUDE: 93 20 W
[TEMPERATURE DATA] [PRECIPITATION DATA] SYMBOLS USED IN COLUMN 16
AVERAGE MONTHLY: 59.1 TOTAL FOR MONTH: 2.57 1 = FOG OR MIST
DPTR FM NORMAL: 0.9 DPTR FM NORMAL: -2.58 2 = FOG REDUCING VISIBILITY
HIGHEST: 94 ON 12 GRTST 24HR 1.18 ON 24-25 TO 1/4 MILE OR LESS
LOWEST: 31 ON 4 3 = THUNDER
SNOW, ICE PELLETS, HAIL 4 = ICE PELLETS
TOTAL MONTH: 0.0 INCH 5 = HAIL
GRTST 24HR 0.0 6 = FREEZING RAIN OR DRIZZLE
GRTST DEPTH: 0 7 = DUSTSTORM OR SANDSTORM:
VSBY 1/2 MILE OR LESS
8 = SMOKE OR HAZE
[NO. OF DAYS WITH] [WEATHER - DAYS WITH] 9 = BLOWING SNOW
X = TORNADO
MAX 32 OR BELOW: 0 0.01 INCH OR MORE: 11
MAX 90 OR ABOVE: 3 0.10 INCH OR MORE: 5
MIN 32 OR BELOW: 2 0.50 INCH OR MORE: 1
MIN 0 OR BELOW: 0 1.00 INCH OR MORE: 0
[HDD (BASE 65) ]
TOTAL THIS MO. 244 CLEAR (SCALE 0-3) 15
DPTR FM NORMAL -2 PTCLDY (SCALE 4-7) 11
TOTAL FM JUL 1 7465 CLOUDY (SCALE 8-10) 5
DPTR FM NORMAL -141
[CDD (BASE 65) ]
TOTAL THIS MO. 68
DPTR FM NORMAL 33 [PRESSURE DATA]
TOTAL FM JAN 1 68 HIGHEST SLP 30.40 ON 23
DPTR FM NORMAL 30 LOWEST SLP 29.19 ON 19
[REMARKS]
#FINAL-05-22#