000
CXUS53 KDMX 040040
CF6MCW
PRELIMINARY LOCAL CLIMATOLOGICAL DATA (WS FORM: F-6)
STATION: MASON CITY IA
MONTH: OCTOBER
YEAR: 2020
LATITUDE: 43 9 N
LONGITUDE: 93 20 W
TEMPERATURE IN F: :PCPN: SNOW: WIND :SUNSHINE: SKY :PK WND
================================================================================
1 2 3 4 5 6A 6B 7 8 9 10 11 12 13 14 15 16 17 18
12Z AVG MX 2MIN
DY MAX MIN AVG DEP HDD CDD WTR SNW DPTH SPD SPD DIR MIN PSBL S-S WX SPD DR
================================================================================
1 56 32 44 -10 21 0 T 0.0 0 15.0 24 330 M M 7 1 32 330
2 51 27 39 -15 26 0 0.00 0.0 0 4.7 14 340 M M 5 20 340
3 51 31 41 -12 24 0 T 0.0 0 3.4 10 10 M M 9 8 14 50
4 57 27 42 -11 23 0 0.00 0.0 0 4.3 10 260 M M 2 14 210
5 72 35 54 2 11 0 0.00 0.0 0 14.7 30 200 M M 0 42 180
6 79 46 63 11 2 0 0.00 0.0 0 12.3 24 250 M M 0 31 240
7 75 42 59 7 6 0 0.00 0.0 0 9.1 21 310 M M 0 28 330
8 73 36 55 4 10 0 0.00 0.0 0 9.2 20 160 M M 0 29 150
9 84 55 70 19 0 5 0.00 0.0 0 13.0 26 210 M M 0 35 200
10 72 44 58 8 7 0 0.00 0.0 0 8.1 16 50 M M 0 8 22 360
11 79 49 64 14 1 0 0.00 0.0 0 18.4 32 160 M M 3 42 150
12 71 41 56 6 9 0 0.21 0.0 0 15.8 41 260 M M 4 13 64 220
13 62 34 48 -1 17 0 T 0.0 0 11.6 29 310 M M 1 38 310
14 65 38 52 3 13 0 0.00 0.0 0 19.7 36 300 M M 2 51 310
15 51 32 42 -7 23 0 0.00 0.0 0 15.1 26 320 M M 1 35 320
16 49 32 41 -7 24 0 T 0.0 0 12.1 29 280 M M 3 39 300
17 65 38 52 4 13 0 T 0.0 0 16.1 29 330 M M 6 38 220
18 39 25 32 -16 33 0 0.00 0.0 0 11.8 25 320 M M 2 8 32 320
19 35 23 29 -18 36 0 0.00 0.0 0 5.2 13 150 M M 9 17 170
20 40 33 37 -10 28 0 0.04 0.0 0 11.9 21 120 M M 10 18 28 140
21 45 34 40 -6 25 0 0.00 0.0 0 8.2 18 320 M M 7 23 320
22 38 34 36 -10 29 0 0.38 0.0 0 16.6 24 10 M M 10 13 33 20
23 37 22 30 -16 35 0 0.00 0.0 0 18.7 28 340 M M 8 1 35 350
24 35 15 25 -20 40 0 0.00 0.0 0 9.7 16 40 M M 4 20 40
25 30 24 27 -18 38 0 0.06 0.9 0 11.6 16 20 M M 10 1 21 30
26 30 17 24 -20 41 0 T T 1 9.2 16 340 M M 2 1 19 340
27 34 13 24 -20 41 0 0.00 0.0 T 9.9 20 220 M M 0 27 220
28 53 29 41 -3 24 0 0.00 0.0 0 12.4 21 330 M M 0 30 250
29 39 26 33 -10 32 0 0.00 0.0 0 11.2 20 360 M M 9 26 350
30 45 31 38 -5 27 0 0.00 0.0 0 9.2 16 160 M M 5 23 140
31 60 32 46 4 19 0 0.00 0.0 0 19.4 35 320 M M 1 53 310
================================================================================
SM 1672 997 678 5 0.69 0.9 367.6 M 120
================================================================================
AV 53.9 32.2 11.9 FASTST M M 4 MAX(MPH)
MISC ----> 41 260 64 220
================================================================================
NOTES:
# LAST OF SEVERAL OCCURRENCES
COLUMN 17 PEAK WIND IN M.P.H.
PRELIMINARY LOCAL CLIMATOLOGICAL DATA (WS FORM: F-6) , PAGE 2
STATION: MASON CITY IA
MONTH: OCTOBER
YEAR: 2020
LATITUDE: 43 9 N
LONGITUDE: 93 20 W
[TEMPERATURE DATA] [PRECIPITATION DATA] SYMBOLS USED IN COLUMN 16
AVERAGE MONTHLY: 43.0 TOTAL FOR MONTH: 0.69 1 = FOG OR MIST
DPTR FM NORMAL: -5.2 DPTR FM NORMAL: -1.76 2 = FOG REDUCING VISIBILITY
HIGHEST: 84 ON 9 GRTST 24HR 0.38 ON 22-22 TO 1/4 MILE OR LESS
LOWEST: 13 ON 27 3 = THUNDER
SNOW, ICE PELLETS, HAIL 4 = ICE PELLETS
TOTAL MONTH: 0.9 INCH 5 = HAIL
GRTST 24HR 0.9 ON 25-25 6 = FREEZING RAIN OR DRIZZLE
GRTST DEPTH: 1 ON 26 7 = DUSTSTORM OR SANDSTORM:
VSBY 1/2 MILE OR LESS
8 = SMOKE OR HAZE
[NO. OF DAYS WITH] [WEATHER - DAYS WITH] 9 = BLOWING SNOW
X = TORNADO
MAX 32 OR BELOW: 2 0.01 INCH OR MORE: 4
MAX 90 OR ABOVE: 0 0.10 INCH OR MORE: 2
MIN 32 OR BELOW: 17 0.50 INCH OR MORE: 0
MIN 0 OR BELOW: 0 1.00 INCH OR MORE: 0
[HDD (BASE 65) ]
TOTAL THIS MO. 678 CLEAR (SCALE 0-3) 15
DPTR FM NORMAL 153 PTCLDY (SCALE 4-7) 10
TOTAL FM JUL 1 878 CLOUDY (SCALE 8-10) 6
DPTR FM NORMAL 142
[CDD (BASE 65) ]
TOTAL THIS MO. 5
DPTR FM NORMAL -1 [PRESSURE DATA]
TOTAL FM JAN 1 748 HIGHEST SLP 30.46 ON 26
DPTR FM NORMAL 132 LOWEST SLP 29.50 ON 14
[REMARKS]
#FINAL-10-20#