000
CXUS53 KPAH 010730
CF6MDH
PRELIMINARY LOCAL CLIMATOLOGICAL DATA (WS FORM: F-6)
STATION: CARBONDALE IL
MONTH: AUGUST
YEAR: 2023
LATITUDE: 37 46 N
LONGITUDE: 89 15 W
TEMPERATURE IN F: :PCPN: SNOW: WIND :SUNSHINE: SKY :PK WND
================================================================================
1 2 3 4 5 6A 6B 7 8 9 10 11 12 13 14 15 16 17 18
12Z AVG MX 2MIN
DY MAX MIN AVG DEP HDD CDD WTR SNW DPTH SPD SPD DIR MIN PSBL S-S WX SPD DR
================================================================================
1 84 66 75 -3 0 10 0.00 M M 3.1 8 120 M M 5 12 120
2 81 67 74 -4 0 9 0.35 M M 4.9 14 240 M M 5 13 18 240
3 82 71 77 -1 0 12 1.37 M M 3.5 14 240 M M 6 13 20 250
4 87 75 81 3 0 16 0.23 M M 3.4 12 230 M M 7 1 14 230
5 89 71 80 2 0 15 0.10 M M 7.0 23 350 M M 5 13 37 340
6 89 69 79 2 0 14 0.21 M M 7.2 22 320 M M 2 13 44 330
7 82 65 74 -3 0 9 T M M 6.7 18 290 M M 5 13 31 270
8 84 64 74 -3 0 9 0.00 M M 3.8 13 220 M M 1 1 19 190
9 77 69 73 -4 0 8 0.04 M M 6.1 18 180 M M 5 26 200
10 87 68 78 1 0 13 0.00 M M 2.6 8 200 M M 6 18 13 220
11 89 67 78 1 0 13 0.00 M M 6.0 14 200 M M 2 1 19 210
12 89 70 80 3 0 15 0.83 M M 6.4 25 10 M M 2 138 37 20
13 86 73 80 3 0 15 T M M 3.4 14 220 M M 5 13 19 230
14 84 67 76 -1 0 11 0.47 M M 7.6 15 250 M M 6 13 25 290
15 77 62 70 -6 0 5 0.00 M M 5.6 16 320 M M 5 21 330
16 82 58 70 -6 0 5 0.00 M M 1.2 8 70 M M 2 18 13 80
17 85 58 72 -4 0 7 0.00 M M 5.5 23 210 M M 1 1 30 220
18 82 58 70 -6 0 5 0.00 M M 1.7 7 40 M M 1 12 10 60
19 85 58 72 -4 0 7 0.00 M M 4.5 12 170 M M 0 128 15 200
20 93 67 80 4 0 15 0.00 M M 5.7 14 210 M M 0 1 20 200
21 95 76 86 10 0 21 0.00 M M 4.3 10 190 M M 1 12 16 200
22 95 75 85 10 0 20 0.00 M M 2.1 8 90 M M 5 128 13 100
23 93 72 83 8 0 18 0.00 M M 2.3 10 240 M M 4 128 13 240
24 95 73 84 9 0 19 0.00 M M 4.6 10 220 M M 0 18 15 200
25 99 79 89 14 0 24 0.00 M M 5.0 10 250 M M 0 1 14 250
26 86 74 80 6 0 15 0.12 M M 4.0 21 340 M M 5 138 30 350
27 86 69 78 4 0 13 1.91 M M 5.1 12 40 M M 6 1 18 350
28 82 60 71 -3 0 6 0.00 M M 4.1 14 340 M M 1 1 18 30
29 82 58 70 -4 0 5 0.00 M M 1.9 10 330 M M 0 1 17 310
30 82 61 72 -2 0 7 0.00 M M 6.9 14 30 M M 1 1 22 10
31 79 55 67 -6 0 2 0.00 M M 3.5 10 30 M M 1 1 16 60
================================================================================
SM 2668 2075 0 363 5.63 M 139.7 M 95
================================================================================
AV 86.1 66.9 4.5 FASTST M M 3 MAX(MPH)
MISC ----> 25 10 44 330
================================================================================
NOTES:
# LAST OF SEVERAL OCCURRENCES
COLUMN 17 PEAK WIND IN M.P.H.
PRELIMINARY LOCAL CLIMATOLOGICAL DATA (WS FORM: F-6) , PAGE 2
STATION: CARBONDALE IL
MONTH: AUGUST
YEAR: 2023
LATITUDE: 37 46 N
LONGITUDE: 89 15 W
[TEMPERATURE DATA] [PRECIPITATION DATA] SYMBOLS USED IN COLUMN 16
AVERAGE MONTHLY: 76.5 TOTAL FOR MONTH: 5.63 1 = FOG OR MIST
DPTR FM NORMAL: 0.5 DPTR FM NORMAL: 2.58 2 = FOG REDUCING VISIBILITY
HIGHEST: 99 ON 25 GRTST 24HR 2.03 ON 26-27 TO 1/4 MILE OR LESS
LOWEST: 55 ON 31 3 = THUNDER
SNOW, ICE PELLETS, HAIL 4 = ICE PELLETS
TOTAL MONTH: M 5 = HAIL
GRTST 24HR M ON M 6 = FREEZING RAIN OR DRIZZLE
GRTST DEPTH: M ON M 7 = DUSTSTORM OR SANDSTORM:
VSBY 1/2 MILE OR LESS
8 = SMOKE OR HAZE
[NO. OF DAYS WITH] [WEATHER - DAYS WITH] 9 = BLOWING SNOW
X = TORNADO
MAX 32 OR BELOW: 0 0.01 INCH OR MORE: 10
MAX 90 OR ABOVE: 6 0.10 INCH OR MORE: 9
MIN 32 OR BELOW: 0 0.50 INCH OR MORE: 3
MIN 0 OR BELOW: 0 1.00 INCH OR MORE: 2
[HDD (BASE 65) ]
TOTAL THIS MO. 0 CLEAR (SCALE 0-3) 16
DPTR FM NORMAL -1 PTCLDY (SCALE 4-7) 15
TOTAL FM JUL 1 0 CLOUDY (SCALE 8-10) 0
DPTR FM NORMAL 0
[CDD (BASE 65) ]
TOTAL THIS MO. 363
DPTR FM NORMAL 21 [PRESSURE DATA]
TOTAL FM JAN 1 1260 HIGHEST SLP M ON M
DPTR FM NORMAL 69 LOWEST SLP 29.74 ON 9
[REMARKS]
#FINAL-08-23#