000
CXUS53 KARX 041209
CF6MDZ
PRELIMINARY LOCAL CLIMATOLOGICAL DATA (WS FORM: F-6)
STATION: MEDFORD WI
MONTH: APRIL
YEAR: 2022
LATITUDE: 45 5 N
LONGITUDE: 90 18 W
TEMPERATURE IN F: :PCPN: SNOW: WIND :SUNSHINE: SKY :PK WND
================================================================================
1 2 3 4 5 6A 6B 7 8 9 10 11 12 13 14 15 16 17 18
12Z AVG MX 2MIN
DY MAX MIN AVG DEP HDD CDD WTR SNW DPTH SPD SPD DIR MIN PSBL S-S WX SPD DR
================================================================================
1 42 19 31 M 34 0 0.00 0.0 0 4.1 10 310 M M 0 9 300
2 41 31 36 M 29 0 0.14 M M 4.9 10 330 M M 0 M M
3 43 28 36 M 29 0 0.01 0.0 0 4.6 8 120 M M 0 16 120
4 39 28 34 M 31 0 M M M 5.2 9 340 M M 0 16 120
5 39 30 35 M 30 0 0.18 0.0 0 9.3 17 120 M M 0 23 140
6 40 33 37 M 28 0 M 0.0 0 12.7 18 160 M M 0 27 170
7 38 28 33 M 32 0 M M M 10.5 18 360 M M 0 28 340
8 30 28 29 M 36 0 M M M 14.0 17 360 M M 0 27 360
9 49 29 39 M 26 0 0.00 0.0 0 5.4 12 350 M M 0 17 350
10 55 29 42 M 23 0 0.00 0.0 0 9.5 18 120 M M 0 27 120
11 55 38 47 M 18 0 0.00 0.0 0 12.0 20 270 M M 0 32 250
12 57 28 43 M 22 0 0.44 0.0 0 9.5 20 100 M M 0 3 29 80
13 50 32 41 M 24 0 0.44 0.0 0 10.8 24 60 M M 0 30 60
14 32 25 29 M 36 0 M M 0 16.8 24 220 M M 0 36 210
15 31 19 25 M 40 0 M M 0 16.0 25 260 M M 0 44 270
16 35 21 28 M 37 0 M M 0 10.7 17 290 M M 0 25 290
17 M M M M M M M M 0 M M M M M M M M
18 M M M M M M M M M M M M M M 0 M M
19 44 M M M M M 0.00 0.0 0 4.1 9 350 M M 1 9 10
20 46 34 40 M 25 0 0.34 0.0 0 8.6 16 160 M M 10 1 24 140
21 51 34 43 M 22 0 M 0.0 0 10.3 17 280 M M 5 28 300
22 43 34 39 M 26 0 0.00 0.0 0 12.1 18 110 M M 7 27 110
23 66 43 55 M 10 0 0.10 0.0 0 10.6 18 190 M M 10 28 170
24 59 39 49 M 16 0 M 0.0 0 18.0 25 200 M M 7 36 220
25 39 28 34 M 31 0 M M 0 10.1 14 250 M M 10 25 280
26 34 25 30 M 35 0 M M 0 10.5 15 320 M M 10 22 290
27 47 21 34 M 31 0 0.00 0.0 0 7.3 15 80 M M 1 18 80
28 50 28 39 M 26 0 0.00 0.0 0 9.3 14 100 M M 6 20 100
29 62 38 50 M 15 0 0.00 0.0 0 10.4 15 120 M M 8 27 110
30 47 41 44 M 21 0 M 0.0 0 14.5 20 110 M M 10 29 100
================================================================================
SM 1264 811 733 0 1.65 0.0 281.8 M 85
================================================================================
AV 45.1 30.0 10.1 FASTST M M 3 MAX(MPH)
MISC ----> # 25 260 44 270
================================================================================
NOTES:
# LAST OF SEVERAL OCCURRENCES
COLUMN 17 PEAK WIND IN M.P.H.
PRELIMINARY LOCAL CLIMATOLOGICAL DATA (WS FORM: F-6) , PAGE 2
STATION: MEDFORD WI
MONTH: APRIL
YEAR: 2022
LATITUDE: 45 5 N
LONGITUDE: 90 18 W
[TEMPERATURE DATA] [PRECIPITATION DATA] SYMBOLS USED IN COLUMN 16
AVERAGE MONTHLY: 37.6 TOTAL FOR MONTH: 1.65 1 = FOG OR MIST
DPTR FM NORMAL: 0.0 DPTR FM NORMAL: M 2 = FOG REDUCING VISIBILITY
HIGHEST: 66 ON 23 GRTST 24HR 0.44 ON 13-13 TO 1/4 MILE OR LESS
LOWEST: 19 ON 15, 1 3 = THUNDER
SNOW, ICE PELLETS, HAIL 4 = ICE PELLETS
TOTAL MONTH: 0.0 INCH 5 = HAIL
GRTST 24HR 0.0 6 = FREEZING RAIN OR DRIZZLE
GRTST DEPTH: 0 7 = DUSTSTORM OR SANDSTORM:
VSBY 1/2 MILE OR LESS
8 = SMOKE OR HAZE
[NO. OF DAYS WITH] [WEATHER - DAYS WITH] 9 = BLOWING SNOW
X = TORNADO
MAX 32 OR BELOW: 3 0.01 INCH OR MORE: 7
MAX 90 OR ABOVE: 0 0.10 INCH OR MORE: 6
MIN 32 OR BELOW: 18 0.50 INCH OR MORE: 0
MIN 0 OR BELOW: 0 1.00 INCH OR MORE: 0
[HDD (BASE 65) ]
TOTAL THIS MO. 733 CLEAR (SCALE 0-3) 19
DPTR FM NORMAL M PTCLDY (SCALE 4-7) 4
TOTAL FM JUL 1 8252 CLOUDY (SCALE 8-10) 7
DPTR FM NORMAL M
[CDD (BASE 65) ]
TOTAL THIS MO. 0
DPTR FM NORMAL M [PRESSURE DATA]
TOTAL FM JAN 1 0 HIGHEST SLP M ON M
DPTR FM NORMAL M LOWEST SLP M ON M
[REMARKS]
#FINAL-04-22#