000
CXUS54 KMEG 011000
CF6MEM
PRELIMINARY LOCAL CLIMATOLOGICAL DATA (WS FORM: F-6)
STATION: MEMPHIS
MONTH: NOVEMBER
YEAR: 2020
LATITUDE: 35 3 N
LONGITUDE: 89 59 W
TEMPERATURE IN F: :PCPN: SNOW: WIND :SUNSHINE: SKY :PK WND
================================================================================
1 2 3 4 5 6A 6B 7 8 9 10 11 12 13 14 15 16 17 18
12Z AVG MX 2MIN
DY MAX MIN AVG DEP HDD CDD WTR SNW DPTH SPD SPD DIR MIN PSBL S-S WX SPD DR
================================================================================
1 65 44 55 -4 10 0 0.00 0.0 0 9.1 20 330 M M 1 26 340
2 59 37 48 -10 17 0 0.00 0.0 0 4.3 12 80 M M 0 15 80
3 69 38 54 -4 11 0 0.00 0.0 0 6.2 13 230 M M 0 20 240
4 73 46 60 2 5 0 0.00 0.0 0 5.9 10 200 M M 3 20 250
5 72 52 62 5 3 0 0.00 0.0 0 5.0 12 190 M M 7 8 25 120
6 75 48 62 5 3 0 0.00 0.0 0 3.0 9 140 M M 1 13 100
7 79 54 67 11 0 2 0.00 0.0 0 6.4 14 120 M M 3 22 270
8 82 63 73 17 0 8 0.00 0.0 0 7.4 17 130 M M 4 24 140
9 76 64 70 14 0 5 0.00 0.0 0 8.2 18 140 M M 6 27 110
10 77 66 72 17 0 7 0.01 0.0 0 9.4 15 180 M M 7 1 23 150
11 70 48 59 4 6 0 0.00 0.0 0 9.9 16 300 M M 5 22 350
12 69 41 55 1 10 0 0.00 0.0 0 4.5 10 330 M M 1 19 50
13 65 50 58 4 7 0 0.00 0.0 0 6.4 16 20 M M 3 20 30
14 76 51 64 10 1 0 0.00 0.0 0 12.2 31 190 M M 7 39 200
15 72 42 57 4 8 0 0.21 0.0 0 12.8 32 270 M M 3 1 43 270
16 67 35 51 -2 14 0 0.00 0.0 0 1.3 10 170 M M 0 19 260
17 64 42 53 0 12 0 0.00 0.0 0 7.0 18 20 M M 0 22 10
18 67 39 53 1 12 0 0.00 0.0 0 6.6 9 150 M M 0 12 170
19 71 47 59 7 6 0 0.00 0.0 0 12.2 24 190 M M 1 33 210
20 73 51 62 11 3 0 0.00 0.0 0 7.3 15 180 M M 4 8 18 170
21 74 57 66 15 0 1 0.00 0.0 0 5.6 16 110 M M 8 26 260
22 61 43 52 1 13 0 0.36 0.0 0 8.7 20 10 M M 9 1 26 30
23 57 37 47 -3 18 0 0.00 0.0 0 4.5 10 60 M M 1 17 110
24 63 40 52 2 13 0 0.00 0.0 0 10.3 25 170 M M 6 34 170
25 67 44 56 7 9 0 0.78 0.0 0 13.3 24 230 M M 6 1 35 210
26 61 37 49 0 16 0 0.00 0.0 0 1.7 7 20 M M 1 12 320
27 63 42 53 4 12 0 0.00 0.0 0 5.2 18 20 M M 7 25 20
28 57 42 50 2 15 0 0.00 0.0 0 7.5 16 60 M M 4 25 40
29 48 39 44 -4 21 0 0.38 0.0 0 6.1 15 330 M M 10 1 21 310
30 45 28 37 -11 28 0 T T 0 12.7 24 320 M M 6 33 330
================================================================================
SM 2017 1367 273 23 1.74 T 220.7 M 114
================================================================================
AV 67.2 45.6 7.4 FASTST M M 4 MAX(MPH)
MISC ----> 32 270 43 270
================================================================================
NOTES:
# LAST OF SEVERAL OCCURRENCES
COLUMN 17 PEAK WIND IN M.P.H.
PRELIMINARY LOCAL CLIMATOLOGICAL DATA (WS FORM: F-6) , PAGE 2
STATION: MEMPHIS
MONTH: NOVEMBER
YEAR: 2020
LATITUDE: 35 3 N
LONGITUDE: 89 59 W
[TEMPERATURE DATA] [PRECIPITATION DATA] SYMBOLS USED IN COLUMN 16
AVERAGE MONTHLY: 56.4 TOTAL FOR MONTH: 1.74 1 = FOG OR MIST
DPTR FM NORMAL: 3.2 DPTR FM NORMAL: -3.75 2 = FOG REDUCING VISIBILITY
HIGHEST: 82 ON 8 GRTST 24HR 0.78 ON 25-25 TO 1/4 MILE OR LESS
LOWEST: 28 ON 30 3 = THUNDER
SNOW, ICE PELLETS, HAIL 4 = ICE PELLETS
TOTAL MONTH: T 5 = HAIL
GRTST 24HR T ON 30-30 6 = FREEZING RAIN OR DRIZZLE
GRTST DEPTH: 0 7 = DUSTSTORM OR SANDSTORM:
VSBY 1/2 MILE OR LESS
8 = SMOKE OR HAZE
[NO. OF DAYS WITH] [WEATHER - DAYS WITH] 9 = BLOWING SNOW
X = TORNADO
MAX 32 OR BELOW: 0 0.01 INCH OR MORE: 5
MAX 90 OR ABOVE: 0 0.10 INCH OR MORE: 4
MIN 32 OR BELOW: 1 0.50 INCH OR MORE: 1
MIN 0 OR BELOW: 0 1.00 INCH OR MORE: 0
[HDD (BASE 65) ]
TOTAL THIS MO. 273 CLEAR (SCALE 0-3) 13
DPTR FM NORMAL -95 PTCLDY (SCALE 4-7) 15
TOTAL FM JUL 1 412 CLOUDY (SCALE 8-10) 2
DPTR FM NORMAL -88
[CDD (BASE 65) ]
TOTAL THIS MO. 23
DPTR FM NORMAL 10 [PRESSURE DATA]
TOTAL FM JAN 1 2167 HIGHEST SLP 30.56 ON 2
DPTR FM NORMAL -89 LOWEST SLP 29.72 ON 15
[REMARKS]
#FINAL-11-20#