000
CXUS54 KBRO 010800
CF6MFE
PRELIMINARY LOCAL CLIMATOLOGICAL DATA (WS FORM: F-6)
STATION: MCALLEN
MONTH: JULY
YEAR: 2022
LATITUDE: 26 10 N
LONGITUDE: 98 14 W
TEMPERATURE IN F: :PCPN: SNOW: WIND :SUNSHINE: SKY :PK WND
================================================================================
1 2 3 4 5 6A 6B 7 8 9 10 11 12 13 14 15 16 17 18
12Z AVG MX 2MIN
DY MAX MIN AVG DEP HDD CDD WTR SNW DPTH SPD SPD DIR MIN PSBL S-S WX SPD DR
================================================================================
1 102 80 91 3 0 26 T 0.0 0 13.5 24 110 M M 0 32 120
2 100 80 90 2 0 25 T 0.0 0 15.6 28 130 M M 1 35 130
3 101 79 90 2 0 25 0.00 0.0 0 14.5 24 120 M M 2 33 130
4 100 78 89 1 0 24 0.00 0.0 0 15.4 25 120 M M 3 37 130
5 102 79 91 3 0 26 0.00 0.0 0 14.5 24 130 M M 2 31 120
6 101 77 89 1 0 24 0.00 0.0 0 13.8 24 140 M M 1 33 140
7 103 77 90 2 0 25 0.00 0.0 0 13.3 24 130 M M 1 34 130
8 103 79 91 3 0 26 0.00 0.0 0 12.7 23 120 M M 2 30 130
9 103 76 90 2 0 25 0.00 0.0 0 11.7 22 140 M M 0 30 130
10 104 77 91 3 0 26 0.00 0.0 0 10.4 22 140 M M 0 29 150
11 104 78 91 3 0 26 0.00 0.0 0 12.8 23 130 M M 0 30 120
12 103 79 91 3 0 26 0.00 0.0 0 12.8 22 130 M M 0 1 31 120
13 103 78 91 3 0 26 0.00 0.0 0 12.0 30 120 M M 2 43 130
14 100 77 89 1 0 24 0.00 0.0 0 12.4 25 130 M M 1 32 130
15 95 76 86 -2 0 21 0.40 0.0 0 9.5 23 90 M M 2 29 130
16 100 77 89 1 0 24 0.00 0.0 0 13.9 22 140 M M 0 35 130
17 101 75 88 -1 0 23 0.00 0.0 0 13.1 23 130 M M 0 33 140
18 101 75 88 -1 0 23 0.00 0.0 0 13.4 24 130 M M 1 34 120
19 101 78 90 1 0 25 0.00 0.0 0 17.1 29 140 M M 0 38 140
20 102 80 91 2 0 26 0.00 0.0 0 19.6 29 140 M M 3 40 150
21 102 81 92 3 0 27 0.00 0.0 0 18.4 28 130 M M 4 38 140
22 102 79 91 2 0 26 0.00 0.0 0 14.0 24 110 M M 4 32 130
23 100 77 89 0 0 24 0.00 0.0 0 14.9 26 140 M M 2 36 140
24 102 79 91 2 0 26 0.00 0.0 0 16.8 28 120 M M 1 39 130
25 102 79 91 2 0 26 0.00 0.0 0 14.0 28 130 M M 1 34 130
26 102 76 89 0 0 24 0.00 0.0 0 13.9 25 140 M M 1 33 130
27 97 77 87 -2 0 22 0.01 0.0 0 10.9 23 130 M M 1 3 31 130
28 100 76 88 -2 0 23 0.00 0.0 0 14.3 26 120 M M 1 33 130
29 101 79 90 0 0 25 0.00 0.0 0 13.8 31 140 M M 1 M M
30 101 75 88 -2 0 23 0.00 0.0 0 11.4 23 120 M M 0 31 140
31 99 76 88 -2 0 23 0.01 0.0 0 9.0 30 130 M M 1 138 39 120
================================================================================
SM 3137 2409 0 765 0.42 0.0 423.4 M 38
================================================================================
AV101.2 77.7 13.7 FASTST M M 1 MAX(MPH)
MISC ----> 31 140 43 130
================================================================================
NOTES:
# LAST OF SEVERAL OCCURRENCES
COLUMN 17 PEAK WIND IN M.P.H.
PRELIMINARY LOCAL CLIMATOLOGICAL DATA (WS FORM: F-6) , PAGE 2
STATION: MCALLEN
MONTH: JULY
YEAR: 2022
LATITUDE: 26 10 N
LONGITUDE: 98 14 W
[TEMPERATURE DATA] [PRECIPITATION DATA] SYMBOLS USED IN COLUMN 16
AVERAGE MONTHLY: 89.5 TOTAL FOR MONTH: 0.42 1 = FOG OR MIST
DPTR FM NORMAL: 0.9 DPTR FM NORMAL: -1.61 2 = FOG REDUCING VISIBILITY
HIGHEST: 104 ON 11,10 GRTST 24HR 0.40 ON 15-15 TO 1/4 MILE OR LESS
LOWEST: 75 ON 30,18 3 = THUNDER
SNOW, ICE PELLETS, HAIL 4 = ICE PELLETS
TOTAL MONTH: 0.0 INCH 5 = HAIL
GRTST 24HR 0.0 6 = FREEZING RAIN OR DRIZZLE
GRTST DEPTH: 0 7 = DUSTSTORM OR SANDSTORM:
VSBY 1/2 MILE OR LESS
8 = SMOKE OR HAZE
[NO. OF DAYS WITH] [WEATHER - DAYS WITH] 9 = BLOWING SNOW
X = TORNADO
MAX 32 OR BELOW: 0 0.01 INCH OR MORE: 3
MAX 90 OR ABOVE: 31 0.10 INCH OR MORE: 1
MIN 32 OR BELOW: 0 0.50 INCH OR MORE: 0
MIN 0 OR BELOW: 0 1.00 INCH OR MORE: 0
[HDD (BASE 65) ]
TOTAL THIS MO. 0 CLEAR (SCALE 0-3) 29
DPTR FM NORMAL 0 PTCLDY (SCALE 4-7) 2
TOTAL FM JUL 1 0 CLOUDY (SCALE 8-10) 0
DPTR FM NORMAL 0
[CDD (BASE 65) ]
TOTAL THIS MO. 765
DPTR FM NORMAL 32 [PRESSURE DATA]
TOTAL FM JAN 1 2782 HIGHEST SLP M ON M
DPTR FM NORMAL -109 LOWEST SLP 29.75 ON 11
[REMARKS]
#FINAL-07-22#