279
CXUS53 KGRB 311427
CF6MFI
PRELIMINARY LOCAL CLIMATOLOGICAL DATA (WS FORM: F-6)
STATION: MARSHFIELD WI
MONTH: JUNE
YEAR: 2020
LATITUDE: 44 37 N
LONGITUDE: 90 11 W
TEMPERATURE IN F: :PCPN: SNOW: WIND :SUNSHINE: SKY :PK WND
================================================================================
1 2 3 4 5 6A 6B 7 8 9 10 11 12 13 14 15 16 17 18
12Z AVG MX 2MIN
DY MAX MIN AVG DEP HDD CDD WTR SNW DPTH SPD SPD DIR MIN PSBL S-S WX SPD DR
================================================================================
1 80 52 66 6 0 1 T 0.0 0 9.2 18 170 M M 6 27 170
2 91 61 76 15 0 11 0.04 0.0 0 7.6 25 340 M M 2 3 37 350
3 83 60 72 11 0 7 0.00 0.0 0 9.3 17 330 M M 2 1 23 240
4 83 56 70 9 0 5 0.00 0.0 0 5.1 14 320 M M 0 20 330
5 80 58 69 7 0 4 0.19 0.0 0 10.1 21 310 M M 4 13 29 330
6 75 50 63 1 2 0 0.00 0.0 0 6.6 15 120 M M 0 21 130
7 75 55 65 3 0 0 0.00 0.0 0 12.9 22 130 M M 3 30 120
8 88 57 73 11 0 8 0.00 0.0 0 9.9 21 180 M M 0 29 170
9 83 63 73 10 0 8 1.54 0.0 0 11.3 23 70 M M 3 1 33 60
10 68 57 63 0 2 0 T 0.0 0 15.0 30 330 M M 7 18 38 340
11 74 52 63 -1 2 0 0.05 0.0 0 12.0 29 330 M M 2 41 290
12 70 54 62 -2 3 0 0.00 0.0 0 7.1 14 60 M M 6 19 60
13 67 46 57 -7 8 0 0.00 0.0 0 9.8 17 100 M M 1 23 80
14 69 43 56 -8 9 0 0.00 0.0 0 10.6 21 120 M M 0 32 160
15 75 49 62 -3 3 0 0.00 0.0 0 9.6 18 150 M M 2 24 160
16 82 56 69 4 0 4 0.00 0.0 0 8.0 16 170 M M 0 21 170
17 82 56 69 4 0 4 0.00 0.0 0 7.8 20 190 M M 0 29 170
18 84 57 71 5 0 6 0.00 0.0 0 7.7 17 150 M M 0 24 140
19 81 63 72 6 0 7 T 0.0 0 3.3 14 300 M M 7 1 21 280
20 72 60 66 0 0 1 0.34 0.0 0 6.5 13 50 M M 9 1 21 50
21 80 54 67 1 0 2 0.47 0.0 0 7.4 22 330 M M 6 123 28 330
22 69 60 65 -1 0 0 T 0.0 0 5.4 13 330 M M 8 1 17 330
23 72 55 64 -3 1 0 0.03 0.0 0 9.7 23 340 M M 6 30 340
24 74 54 64 -3 1 0 0.03 0.0 0 7.5 18 290 M M 5 3 27 280
25 79 52 66 -1 0 1 0.00 0.0 0 4.9 13 270 M M 0 1 18 250
26 77 60 69 2 0 4 T 0.0 0 6.2 16 210 M M 2 22 220
27 83 62 73 5 0 8 0.00 0.0 0 4.0 14 310 M M 1 1 17 320
28 84 60 72 4 0 7 0.00 0.0 0 8.4 17 130 M M 2 1 23 140
29 82 66 74 6 0 9 0.44 0.0 0 8.1 22 160 M M 4 138 32 300
30 88 67 78 10 0 13 0.00 0.0 0 7.7 16 170 M M 1 22 170
================================================================================
SM 2350 1695 31 110 3.13 0.0 248.7 M 89
================================================================================
AV 78.3 56.5 8.3 FASTST M M 3 MAX(MPH)
MISC ----> # 30 330 # 41 290
================================================================================
NOTES:
# LAST OF SEVERAL OCCURRENCES
COLUMN 17 PEAK WIND IN M.P.H.
PRELIMINARY LOCAL CLIMATOLOGICAL DATA (WS FORM: F-6) , PAGE 2
STATION: MARSHFIELD WI
MONTH: JUNE
YEAR: 2020
LATITUDE: 44 37 N
LONGITUDE: 90 11 W
[TEMPERATURE DATA] [PRECIPITATION DATA] SYMBOLS USED IN COLUMN 16
AVERAGE MONTHLY: 67.4 TOTAL FOR MONTH: 3.13 1 = FOG OR MIST
DPTR FM NORMAL: 2.8 DPTR FM NORMAL: -0.87 2 = FOG REDUCING VISIBILITY
HIGHEST: 91 ON 2 GRTST 24HR 1.54 ON 9- 9 TO 1/4 MILE OR LESS
LOWEST: 43 ON 14 3 = THUNDER
SNOW, ICE PELLETS, HAIL 4 = ICE PELLETS
TOTAL MONTH: 0.0 INCH 5 = HAIL
GRTST 24HR 0.0 6 = FREEZING RAIN OR DRIZZLE
GRTST DEPTH: 0 7 = DUSTSTORM OR SANDSTORM:
VSBY 1/2 MILE OR LESS
8 = SMOKE OR HAZE
[NO. OF DAYS WITH] [WEATHER - DAYS WITH] 9 = BLOWING SNOW
X = TORNADO
MAX 32 OR BELOW: 0 0.01 INCH OR MORE: 9
MAX 90 OR ABOVE: 1 0.10 INCH OR MORE: 5
MIN 32 OR BELOW: 0 0.50 INCH OR MORE: 1
MIN 0 OR BELOW: 0 1.00 INCH OR MORE: 1
[HDD (BASE 65) ]
TOTAL THIS MO. 31 CLEAR (SCALE 0-3) 18
DPTR FM NORMAL -55 PTCLDY (SCALE 4-7) 11
TOTAL FM JUL 1 7976 CLOUDY (SCALE 8-10) 1
DPTR FM NORMAL -212
[CDD (BASE 65) ]
TOTAL THIS MO. 110
DPTR FM NORMAL 36 [PRESSURE DATA]
TOTAL FM JAN 1 141 HIGHEST SLP 30.41 ON 14
DPTR FM NORMAL 51 LOWEST SLP 29.18 ON 9
[REMARKS]
#FINAL-06-20#