000
CXUS56 KMFR 011022
CF6MFR
PRELIMINARY LOCAL CLIMATOLOGICAL DATA (WS FORM: F-6)
STATION: MEDFORD OR
MONTH: SEPTEMBER
YEAR: 2023
LATITUDE: 42 22 N
LONGITUDE: 122 52 W
TEMPERATURE IN F: :PCPN: SNOW: WIND :SUNSHINE: SKY :PK WND
================================================================================
1 2 3 4 5 6A 6B 7 8 9 10 11 12 13 14 15 16 17 18
12Z AVG MX 2MIN
DY MAX MIN AVG DEP HDD CDD WTR SNW DPTH SPD SPD DIR MIN PSBL S-S WX SPD DR
================================================================================
1 70 61 66 -6 0 1 0.21 0.0 M 2.1 12 160 M M 9 1 14 160
2 83 54 69 -2 0 4 0.00 0.0 M 5.1 18 120 M M 2 12 28 300
3 76 59 68 -3 0 3 T 0.0 M 3.7 13 230 M M 7 17 300
4 81 61 71 0 0 6 0.00 0.0 0 4.5 14 350 M M 5 18 340
5 85 51 68 -3 0 3 0.00 0.0 0 3.5 14 320 M M 0 18 310
6 85 54 70 0 0 5 0.00 0.0 0 3.8 15 290 M M 0 21 320
7 85 55 70 0 0 5 0.00 0.0 0 4.4 15 320 M M 1 8 21 310
8 90 54 72 2 0 7 0.00 0.0 0 2.7 12 290 M M 0 8 16 290
9 92 58 75 5 0 10 0.00 0.0 0 2.7 14 290 M M 0 21 280
10 89 59 74 4 0 9 0.00 0.0 0 3.9 14 300 M M 0 8 19 310
11 86 55 71 2 0 6 0.00 0.0 0 3.7 14 280 M M 0 8 20 270
12 86 57 72 3 0 7 0.00 0.0 0 3.1 14 360 M M 1 8 22 260
13 90 54 72 3 0 7 0.00 0.0 0 2.3 8 180 M M 0 8 11 180
14 97 56 77 9 0 12 0.00 0.0 0 2.2 7 170 M M 0 8 M M
15 100 54 77 9 0 12 0.00 0.0 0 2.5 9 170 M M 0 8 13 170
16 94 57 76 8 0 11 0.00 0.0 0 2.3 9 360 M M 0 8 12 260
17 96 59 78 10 0 13 0.00 0.0 0 2.6 13 10 M M 0 8 18 310
18 85 59 72 5 0 7 0.00 0.0 M 3.1 10 350 M M 0 8 16 290
19 82 53 68 1 0 3 0.00 0.0 M 3.4 13 280 M M 0 8 18 260
20 70 44 57 -10 8 0 0.00 0.0 M 4.8 20 330 M M 1 8 25 320
21 74 43 59 -7 6 0 0.00 0.0 0 3.7 16 350 M M 0 8 20 360
22 78 46 62 -4 3 0 0.00 0.0 0 2.7 9 290 M M 0 8 14 320
23 73 48 61 -5 4 0 0.00 0.0 0 2.8 16 300 M M 1 8 22 300
24 66 54 60 -5 5 0 0.01 0.0 0 2.4 12 310 M M 5 8 17 310
25 67 55 61 -4 4 0 0.46 0.0 0 6.1 21 300 M M 6 1 29 300
26 70 52 61 -3 4 0 0.28 0.0 0 3.5 14 270 M M 6 1 17 260
27 67 51 59 -5 6 0 0.17 0.0 0 3.0 10 10 M M 7 1 14 10
28 70 43 57 -7 8 0 0.00 0.0 0 3.1 9 190 M M 4 14 10
29 70 52 61 -2 4 0 1.25 0.0 0 2.1 12 60 M M 8 138 19 210
30 63 49 56 -7 9 0 0.01 0.0 0 4.6 16 350 M M 8 1 21 340
================================================================================
SM 2420 1607 61 131 2.39 0.0 100.4 M 71
================================================================================
AV 80.7 53.6 3.3 FASTST M M 2 MAX(MPH)
MISC ----> 21 300 29 300
================================================================================
NOTES:
# LAST OF SEVERAL OCCURRENCES
COLUMN 17 PEAK WIND IN M.P.H.
PRELIMINARY LOCAL CLIMATOLOGICAL DATA (WS FORM: F-6) , PAGE 2
STATION: MEDFORD OR
MONTH: SEPTEMBER
YEAR: 2023
LATITUDE: 42 22 N
LONGITUDE: 122 52 W
[TEMPERATURE DATA] [PRECIPITATION DATA] SYMBOLS USED IN COLUMN 16
AVERAGE MONTHLY: 67.1 TOTAL FOR MONTH: 2.39 1 = FOG OR MIST
DPTR FM NORMAL: -0.6 DPTR FM NORMAL: 1.91 2 = FOG REDUCING VISIBILITY
HIGHEST: 100 ON 15 GRTST 24HR 1.26 ON 29-30 TO 1/4 MILE OR LESS
LOWEST: 43 ON 28,21 3 = THUNDER
SNOW, ICE PELLETS, HAIL 4 = ICE PELLETS
TOTAL MONTH: 0.0 INCH 5 = HAIL
GRTST 24HR 0.0 6 = FREEZING RAIN OR DRIZZLE
GRTST DEPTH: 0 7 = DUSTSTORM OR SANDSTORM:
VSBY 1/2 MILE OR LESS
8 = SMOKE OR HAZE
[NO. OF DAYS WITH] [WEATHER - DAYS WITH] 9 = BLOWING SNOW
X = TORNADO
MAX 32 OR BELOW: 0 0.01 INCH OR MORE: 7
MAX 90 OR ABOVE: 7 0.10 INCH OR MORE: 5
MIN 32 OR BELOW: 0 0.50 INCH OR MORE: 1
MIN 0 OR BELOW: 0 1.00 INCH OR MORE: 1
[HDD (BASE 65) ]
TOTAL THIS MO. 61 CLEAR (SCALE 0-3) 20
DPTR FM NORMAL 13 PTCLDY (SCALE 4-7) 9
TOTAL FM JUL 1 61 CLOUDY (SCALE 8-10) 1
DPTR FM NORMAL 5
[CDD (BASE 65) ]
TOTAL THIS MO. 131
DPTR FM NORMAL 1 [PRESSURE DATA]
TOTAL FM JAN 1 1286 HIGHEST SLP 30.17 ON 28
DPTR FM NORMAL 389 LOWEST SLP 29.72 ON 1
[REMARKS]
#FINAL-09-23#