000
CXUS53 KFSD 240810
CF6MHE
PRELIMINARY LOCAL CLIMATOLOGICAL DATA (WS FORM: F-6)
STATION: MITCHELL SD
MONTH: APRIL
YEAR: 2024
LATITUDE: 43 46 N
LONGITUDE: 98 2 W
TEMPERATURE IN F: :PCPN: SNOW: WIND :SUNSHINE: SKY :PK WND
================================================================================
1 2 3 4 5 6A 6B 7 8 9 10 11 12 13 14 15 16 17 18
12Z AVG MX 2MIN
DY MAX MIN AVG DEP HDD CDD WTR SNW DPTH SPD SPD DIR MIN PSBL S-S WX SPD DR
================================================================================
1 35 32 34 -7 31 0 0.59 1.5 1 11.9 18 20 M M 10 1 22 20
2 54 25 40 -2 25 0 T T 1 14.2 33 360 M M 3 1 45 360
3 54 29 42 0 23 0 0.00 0.0 0 16.0 26 340 M M 2 36 330
4 60 24 42 0 23 0 0.00 0.0 0 7.6 16 30 M M 0 20 360
5 62 28 45 2 20 0 0.00 0.0 0 15.4 28 150 M M 0 36 160
6 68 40 54 11 11 0 0.12 0.0 0 30.8 41 120 M M 3 3 59 110
7 56 40 48 4 17 0 0.32 0.0 0 18.9 37 120 M M 7 1 55 120
8 47 35 41 -3 24 0 T 0.0 0 11.3 24 300 M M 10 1 34 290
9 67 37 52 8 13 0 0.00 0.0 0 11.5 22 290 M M 3 34 290
10 71 42 57 12 8 0 T 0.0 0 13.9 37 310 M M 2 48 310
11 61 35 48 3 17 0 0.00 0.0 0 18.2 32 320 M M 4 44 340
12 66 31 49 4 16 0 0.00 0.0 0 7.7 15 150 M M 0 20 140
13 92 46 69 23 0 4 0.00 0.0 0 12.3 22 220 M M 0 30 210
14 76 44 60 14 5 0 0.00 0.0 0 10.3 17 10 M M 0 26 30
15 82 49 66 19 0 1 T 0.0 0 24.0 38 140 M M 0 53 130
16 69 47 58 11 7 0 1.26 0.0 0 19.4 44 130 M M 8 13 56 140
17 60 46 53 6 12 0 0.07 0.0 0 16.5 30 320 M M 7 1 38 320
18 50 31 41 -7 24 0 0.00 0.0 0 16.9 31 300 M M 4 44 300
19 45 28 37 -11 28 0 0.00 0.0 0 17.7 33 300 M M 5 48 300
20 50 31 41 -8 24 0 0.00 0.0 0 13.8 25 330 M M 5 34 330
21 63 28 46 -3 19 0 0.00 0.0 0 9.2 16 200 M M 0 24 180
22 72 44 58 9 7 0 0.00 0.0 0 15.4 28 310 M M 0 40 320
23 66 42 54 4 11 0 0.00 0.0 0 14.8 32 320 M M 1 41 330
================================================================================
SM 1426 834 365 5 2.36 1.5 347.7 M 74
================================================================================
AV 62.0 36.3 15.1 FASTST M M 3 MAX(MPH)
MISC ----> 44 130 59 110
================================================================================
NOTES:
# LAST OF SEVERAL OCCURRENCES
COLUMN 17 PEAK WIND IN M.P.H.
PRELIMINARY LOCAL CLIMATOLOGICAL DATA (WS FORM: F-6) , PAGE 2
STATION: MITCHELL SD
MONTH: APRIL
YEAR: 2024
LATITUDE: 43 46 N
LONGITUDE: 98 2 W
[TEMPERATURE DATA] [PRECIPITATION DATA] SYMBOLS USED IN COLUMN 16
AVERAGE MONTHLY: 49.1 TOTAL FOR MONTH: 2.36 1 = FOG OR MIST
DPTR FM NORMAL: 3.7 DPTR FM NORMAL: 0.91 2 = FOG REDUCING VISIBILITY
HIGHEST: 92 ON 13 GRTST 24HR 1.26 ON 16-16 TO 1/4 MILE OR LESS
LOWEST: 24 ON 4 3 = THUNDER
SNOW, ICE PELLETS, HAIL 4 = ICE PELLETS
TOTAL MONTH: 1.8 INCHES 5 = HAIL
GRTST 24HR 1.5 ON 1- 1 6 = FREEZING RAIN OR DRIZZLE
GRTST DEPTH: 1 ON 2, 1 7 = DUSTSTORM OR SANDSTORM:
VSBY 1/2 MILE OR LESS
8 = SMOKE OR HAZE
[NO. OF DAYS WITH] [WEATHER - DAYS WITH] 9 = BLOWING SNOW
X = TORNADO
MAX 32 OR BELOW: 0 0.01 INCH OR MORE: 5
MAX 90 OR ABOVE: 1 0.10 INCH OR MORE: 4
MIN 32 OR BELOW: 10 0.50 INCH OR MORE: 2
MIN 0 OR BELOW: 0 1.00 INCH OR MORE: 1
[HDD (BASE 65) ]
TOTAL THIS MO. 365 CLEAR (SCALE 0-3) 14
DPTR FM NORMAL -85 PTCLDY (SCALE 4-7) 6
TOTAL FM JUL 1 5882 CLOUDY (SCALE 8-10) 3
DPTR FM NORMAL -928
[CDD (BASE 65) ]
TOTAL THIS MO. 5
DPTR FM NORMAL 5 [PRESSURE DATA]
TOTAL FM JAN 1 5 HIGHEST SLP M ON M
DPTR FM NORMAL 4 LOWEST SLP 29.25 ON 16
[REMARKS]