917
CXUS52 KMFL 011000
CF6MIA
PRELIMINARY LOCAL CLIMATOLOGICAL DATA (WS FORM: F-6)
STATION: MIAMI
MONTH: JULY
YEAR: 2020
LATITUDE: 25 49 N
LONGITUDE: 80 17 W
TEMPERATURE IN F: :PCPN: SNOW: WIND :SUNSHINE: SKY :PK WND
================================================================================
1 2 3 4 5 6A 6B 7 8 9 10 11 12 13 14 15 16 17 18
12Z AVG MX 2MIN
DY MAX MIN AVG DEP HDD CDD WTR SNW DPTH SPD SPD DIR MIN PSBL S-S WX SPD DR
================================================================================
1 96 76 86 2 0 21 1.15 0.0 0 5.3 16 210 M M 4 138 22 120
2 95 78 87 3 0 22 T 0.0 0 4.0 16 240 M M 5 23 130
3 95 81 88 4 0 23 0.22 0.0 0 4.2 14 130 M M 6 13 20 150
4 94 82 88 4 0 23 0.00 0.0 0 5.4 16 190 M M 6 3 24 190
5 94 78 86 2 0 21 0.05 0.0 0 4.6 15 340 M M 8 3 23 180
6 91 77 84 0 0 19 0.41 0.0 0 2.3 21 190 M M 7 3 30 210
7 95 80 88 4 0 23 T 0.0 0 3.6 12 120 M M 7 3 15 160
8 95 79 87 3 0 22 0.44 0.0 0 3.9 16 100 M M 6 13 21 30
9 98 81 90 6 0 25 0.00 0.0 0 5.0 15 150 M M 8 18 240
10 97 79 88 4 0 23 0.35 0.0 0 5.1 17 190 M M 6 138 24 180
11 90 78 84 0 0 19 0.94 0.0 0 5.0 20 250 M M 9 13 32 280
12 91 80 86 2 0 21 T 0.0 0 7.0 22 190 M M 7 29 200
13 94 80 87 3 0 22 0.03 0.0 0 6.0 16 270 M M 6 3 22 290
14 97 80 89 5 0 24 0.13 0.0 0 3.5 18 180 M M 6 3 24 180
15 95 80 88 4 0 23 T 0.0 0 3.3 14 310 M M 7 3 20 170
16 94 80 87 3 0 22 0.05 0.0 0 7.4 18 80 M M 7 3 25 90
17 92 74 83 -1 0 18 1.27 0.0 0 7.0 28 100 M M 8 138 34 100
18 86 74 80 -4 0 15 1.37 0.0 0 7.3 20 50 M M 9 13 30 40
19 93 80 87 3 0 22 0.06 0.0 0 9.7 26 110 M M 6 31 110
20 92 77 85 1 0 20 0.01 0.0 0 10.7 30 130 M M 5 13 39 130
21 89 76 83 -1 0 18 0.44 0.0 0 10.6 24 80 M M 8 138 31 80
22 88 76 82 -2 0 17 1.77 0.0 0 5.3 23 130 M M 9 138 30 120
23 88 75 82 -2 0 17 0.37 0.0 0 9.0 24 80 M M 9 38 32 80
24 91 76 84 0 0 19 0.08 0.0 0 11.5 21 90 M M 7 25 90
25 92 78 85 1 0 20 0.86 0.0 0 9.4 29 110 M M 6 13 34 110
26 93 77 85 1 0 20 0.26 0.0 0 6.5 22 160 M M 7 13 36 140
27 93 80 87 3 0 22 0.00 0.0 0 6.2 15 130 M M 8 21 150
28 93 83 88 4 0 23 0.00 0.0 0 8.4 20 130 M M 6 23 140
29 94 83 89 5 0 24 0.00 0.0 0 8.3 16 120 M M 5 24 110
30 93 83 88 3 0 23 0.00 0.0 0 9.8 16 90 M M 4 21 80
31 94 84 89 4 0 24 T 0.0 0 12.0 22 80 M M 3 29 90
================================================================================
SM 2882 2445 0 655 10.26 0.0 207.3 M 205
================================================================================
AV 93.0 78.9 6.7 FASTST M M 7 MAX(MPH)
MISC ----> # 30 130 # 39 130
================================================================================
NOTES:
# LAST OF SEVERAL OCCURRENCES
COLUMN 17 PEAK WIND IN M.P.H.
PRELIMINARY LOCAL CLIMATOLOGICAL DATA (WS FORM: F-6) , PAGE 2
STATION: MIAMI
MONTH: JULY
YEAR: 2020
LATITUDE: 25 49 N
LONGITUDE: 80 17 W
[TEMPERATURE DATA] [PRECIPITATION DATA] SYMBOLS USED IN COLUMN 16
AVERAGE MONTHLY: 85.9 TOTAL FOR MONTH: 10.26 1 = FOG OR MIST
DPTR FM NORMAL: 1.8 DPTR FM NORMAL: 3.76 2 = FOG REDUCING VISIBILITY
HIGHEST: 98 ON 9 GRTST 24HR 1.77 ON 22-22 TO 1/4 MILE OR LESS
LOWEST: 74 ON 18,17 3 = THUNDER
SNOW, ICE PELLETS, HAIL 4 = ICE PELLETS
TOTAL MONTH: 0.0 INCH 5 = HAIL
GRTST 24HR 0.0 6 = FREEZING RAIN OR DRIZZLE
GRTST DEPTH: 0 7 = DUSTSTORM OR SANDSTORM:
VSBY 1/2 MILE OR LESS
8 = SMOKE OR HAZE
[NO. OF DAYS WITH] [WEATHER - DAYS WITH] 9 = BLOWING SNOW
X = TORNADO
MAX 32 OR BELOW: 0 0.01 INCH OR MORE: 20
MAX 90 OR ABOVE: 27 0.10 INCH OR MORE: 14
MIN 32 OR BELOW: 0 0.50 INCH OR MORE: 6
MIN 0 OR BELOW: 0 1.00 INCH OR MORE: 4
[HDD (BASE 65) ]
TOTAL THIS MO. 0 CLEAR (SCALE 0-3) 0
DPTR FM NORMAL 0 PTCLDY (SCALE 4-7) 25
TOTAL FM JUL 1 0 CLOUDY (SCALE 8-10) 6
DPTR FM NORMAL 0
[CDD (BASE 65) ]
TOTAL THIS MO. 655
DPTR FM NORMAL 63 [PRESSURE DATA]
TOTAL FM JAN 1 3083 HIGHEST SLP 30.14 ON 26
DPTR FM NORMAL 603 LOWEST SLP 29.90 ON 4
[REMARKS]
#FINAL-07-20#