000
CXUS53 KMKX 061415 CCA
CLAMKE
CLIMATE REPORT
NATIONAL WEATHER SERVICE MILWAUKEE/SULLIVAN WI
946 AM CST SUN JAN 01 2023
...................................
...THE MILWAUKEE WI CLIMATE SUMMARY FOR THE YEAR OF 2022...
CLIMATE NORMAL PERIOD 1991 TO 2020
CLIMATE RECORD PERIOD 1871 TO 2022
WEATHER OBSERVED NORMAL DEPART LAST YEAR`S
VALUE DATE(S) VALUE FROM VALUE DATE(S)
NORMAL
................................................................
TEMPERATURE (F)
RECORD
HIGH 105 07/24/1934
LOW -26 02/03/1996
01/17/1982
HIGHEST 100 06/21 95 5 95 07/26
08/24
08/28
LOWEST -7 12/23 -13 6 -7 02/07
AVG. MAXIMUM 57.9 57.4 0.5 59.7
AVG. MINIMUM 41.7 41.3 0.4 43.8
MEAN 49.8 49.3 0.5 51.8
DAYS MAX >= 90 12 9.1 2.9 21
DAYS MAX <= 32 51 50.1 0.9 32
DAYS MIN <= 32 113 122.8 -9.8 115
DAYS MIN <= 0 4 6.6 -2.6 6
PRECIPITATION (INCHES)
RECORD
MAXIMUM 50.36 1876
MINIMUM 18.69 1901
TOTALS 34.74 34.57 0.17 24.04
DAILY AVG. 0.10 0.09 0.01 0.07
DAYS >= .01 119 125.5 -6.5 111
DAYS >= .10 63 69.2 -6.2 59
DAYS >= .50 21 22.1 -1.1 19
DAYS >= 1.00 8 6.8 1.2 3
GREATEST
24 HR. TOTAL 5.57 09/11 TO 09/12 1.49 10/24 TO 10/25
SNOWFALL (INCHES)
RECORDS
TOTAL 110.3 1886
TOTALS 33.4 48.7 -15.3 44.8
SINCE 7/1 7.1 13.2 -6.1 2.4
DAYS >= 1.0 11 13.6 -2.6 14
GREATEST
SNOW DEPTH 5 01/02 22 02/16
02/25 02/17
24 HR TOTAL 3.9 01/01 TO 01/01 6.5 01/31 TO 01/31
DEGREE DAYS
HEATING TOTAL 6359 6450 -91 5731
SINCE 7/1 2204 2326 -122 1873
COOLING TOTAL 944 780 164 1075
SINCE 1/1 944 780 164 1075
FREEZE DATES
RECORD
EARLIEST 09/20/1956
LATEST 05/27/1961
EARLIEST 11/13
LATEST 04/27
................................................................
WIND (MPH)
AVERAGE WIND SPEED 10.1
RESULTANT WIND SPEED/DIRECTION 3/260
HIGHEST WIND SPEED/DIRECTION 41/250 DATE 03/06
HIGHEST GUST SPEED/DIRECTION 61/210 DATE 11/05
SKY COVER
AVERAGE SKY COVER 0.62
NUMBER OF DAYS FAIR 78
NUMBER OF DAYS PC 143
NUMBER OF DAYS CLOUDY 144
AVERAGE RH (PERCENT) 64
WEATHER CONDITIONS. NUMBER OF DAYS WITH
THUNDERSTORM 33 MIXED PRECIP 0
HEAVY RAIN 24 RAIN 42
LIGHT RAIN 116 FREEZING RAIN 1
LT FREEZING RAIN 9 HAIL 2
HEAVY SNOW 2 SNOW 8
LIGHT SNOW 70 SLEET 4
FOG 111 FOG W/VIS <= 1/4 MILE 10
HAZE 72
- INDICATES NEGATIVE NUMBERS.
R INDICATES RECORD WAS SET OR TIED.
MM INDICATES DATA IS MISSING.
T INDICATES TRACE AMOUNT.
$$