000
CXHW52 PHFO 011250
CF6MKK
PRELIMINARY LOCAL CLIMATOLOGICAL DATA (WS FORM: F-6)
STATION: MOLOKAI HI
MONTH: FEBRUARY
YEAR: 2023
LATITUDE: 21 8 N
LONGITUDE: 157 6 W
TEMPERATURE IN F: :PCPN: SNOW: WIND :SUNSHINE: SKY :PK WND
================================================================================
1 2 3 4 5 6A 6B 7 8 9 10 11 12 13 14 15 16 17 18
12Z AVG MX 2MIN
DY MAX MIN AVG DEP HDD CDD WTR SNW DPTH SPD SPD DIR MIN PSBL S-S WX SPD DR
================================================================================
1 79 63 71 -1 0 6 0.00 M M 5.0 14 330 M M 3 1 16 320
2 82 65 74 2 0 9 0.00 M M 5.1 15 120 M M 3 19 130
3 81 63 72 0 0 7 0.08 M M 6.7 16 40 M M 3 1 26 40
4 79 70 75 3 0 10 T M M 13.1 26 50 M M 4 37 40
5 80 70 75 3 0 10 0.00 M M 13.2 22 40 M M 1 33 50
6 83 67 75 3 0 10 T M M 11.4 21 50 M M 1 31 30
7 81 66 74 2 0 9 0.00 M M 11.0 25 50 M M 1 38 50
8 79 69 74 2 0 9 T M M 17.9 30 60 M M 4 44 60
9 80 68 74 2 0 9 0.01 M M 22.0 32 60 M M 4 1 44 60
10 79 69 74 2 0 9 T M M 20.2 33 50 M M 3 46 60
11 79 69 74 2 0 9 T M M 15.8 26 50 M M 1 36 50
12 79 69 74 2 0 9 T M M 13.6 26 60 M M 3 40 60
13 80 69 75 3 0 10 T M M 12.1 21 50 M M 4 29 50
14 78 69 74 2 0 9 0.04 M M 13.2 21 360 M M 5 1 28 360
15 78 64 71 -1 0 6 0.07 M M 7.6 17 350 M M 5 1 24 350
16 80 65 73 1 0 8 0.60 M M 4.4 12 360 M M 4 1 16 360
17 70 68 69 -3 0 4 0.85 M M 4.1 20 170 M M 8 1 25 160
18 81 66 74 2 0 9 0.08 M M 6.6 22 140 M M 6 29 120
19 82 61 72 0 0 7 0.05 M M 4.4 13 50 M M 2 1 17 30
20 82 67 75 3 0 10 0.00 M M 5.5 15 140 M M 3 20 120
21 83 66 75 3 0 10 0.00 M M 8.2 23 50 M M 1 32 50
22 82 70 76 4 0 11 0.00 M M 11.5 22 60 M M 3 32 50
23 81 69 75 3 0 10 0.00 M M 12.5 23 70 M M 2 32 60
24 77 68 73 1 0 8 T M M 16.2 29 50 M M 5 42 60
25 78 68 73 1 0 8 T M M 18.9 28 50 M M 2 40 50
26 79 67 73 1 0 8 0.01 M M 16.3 29 60 M M 2 39 60
27 77 67 72 0 0 7 0.02 M M 18.9 28 60 M M 4 8 40 50
28 76 66 71 -1 0 6 0.19 M M 17.8 28 50 M M 4 18 39 50
================================================================================
SM 2225 1878 0 237 2.00 M 333.2 M 91
================================================================================
AV 79.5 67.1 11.9 FASTST M M 3 MAX(MPH)
MISC ----> 33 50 46 60
================================================================================
NOTES:
# LAST OF SEVERAL OCCURRENCES
COLUMN 17 PEAK WIND IN M.P.H.
PRELIMINARY LOCAL CLIMATOLOGICAL DATA (WS FORM: F-6) , PAGE 2
STATION: MOLOKAI HI
MONTH: FEBRUARY
YEAR: 2023
LATITUDE: 21 8 N
LONGITUDE: 157 6 W
[TEMPERATURE DATA] [PRECIPITATION DATA] SYMBOLS USED IN COLUMN 16
AVERAGE MONTHLY: 73.3 TOTAL FOR MONTH: 2.00 1 = FOG OR MIST
DPTR FM NORMAL: 1.6 DPTR FM NORMAL: -0.31 2 = FOG REDUCING VISIBILITY
HIGHEST: 83 ON 21, 6 GRTST 24HR 1.40 ON 16-17 TO 1/4 MILE OR LESS
LOWEST: 61 ON 19 3 = THUNDER
SNOW, ICE PELLETS, HAIL 4 = ICE PELLETS
TOTAL MONTH: M 5 = HAIL
GRTST 24HR M ON M 6 = FREEZING RAIN OR DRIZZLE
GRTST DEPTH: M ON M 7 = DUSTSTORM OR SANDSTORM:
VSBY 1/2 MILE OR LESS
8 = SMOKE OR HAZE
[NO. OF DAYS WITH] [WEATHER - DAYS WITH] 9 = BLOWING SNOW
X = TORNADO
MAX 32 OR BELOW: 0 0.01 INCH OR MORE: 11
MAX 90 OR ABOVE: 0 0.10 INCH OR MORE: 3
MIN 32 OR BELOW: 0 0.50 INCH OR MORE: 2
MIN 0 OR BELOW: 0 1.00 INCH OR MORE: 0
[HDD (BASE 65) ]
TOTAL THIS MO. 0 CLEAR (SCALE 0-3) 14
DPTR FM NORMAL 0 PTCLDY (SCALE 4-7) 13
TOTAL FM JUL 1 0 CLOUDY (SCALE 8-10) 1
DPTR FM NORMAL 0
[CDD (BASE 65) ]
TOTAL THIS MO. 237
DPTR FM NORMAL 49 [PRESSURE DATA]
TOTAL FM JAN 1 435 HIGHEST SLP 30.23 ON 28
DPTR FM NORMAL 40 LOWEST SLP 29.82 ON 15
[REMARKS]
#FINAL-02-23#