000
CXUS54 KMEG 010900
CF6MKL
PRELIMINARY LOCAL CLIMATOLOGICAL DATA (WS FORM: F-6)
STATION: JACKSON
MONTH: AUGUST
YEAR: 2023
LATITUDE: 35 35 N
LONGITUDE: 88 55 W
TEMPERATURE IN F: :PCPN: SNOW: WIND :SUNSHINE: SKY :PK WND
================================================================================
1 2 3 4 5 6A 6B 7 8 9 10 11 12 13 14 15 16 17 18
12Z AVG MX 2MIN
DY MAX MIN AVG DEP HDD CDD WTR SNW DPTH SPD SPD DIR MIN PSBL S-S WX SPD DR
================================================================================
1 87 71 79 -1 0 14 0.00 M M 2.2 8 90 M M 3 10 110
2 88 69 79 -1 0 14 T M M 3.1 9 110 M M 2 1 12 150
3 87 71 79 0 0 14 0.17 M M 5.1 18 350 M M 3 138 22 350
4 83 70 77 -2 0 12 2.43 M M 4.2 26 30 M M 4 13 34 30
5 93 70 82 3 0 17 0.05 M M 4.0 39 310 M M 2 13 47 310
6 90 72 81 2 0 16 0.00 M M 6.0 10 270 M M 1 14 290
7 84 69 77 -2 0 12 0.15 M M 8.1 21 260 M M 2 13 27 270
8 83 65 74 -5 0 9 0.00 M M 4.6 12 180 M M 2 1 16 250
9 75 68 72 -7 0 7 1.87 M M 5.1 28 290 M M 4 123 35 300
10 83 68 76 -3 0 11 0.07 M M 3.8 15 250 M M 7 3 20 230
11 93 72 83 4 0 18 0.00 M M 3.9 13 180 M M 4 13 17 190
12 86 72 79 0 0 14 0.01 M M 4.3 18 320 M M 2 3 25 320
13 93 71 82 3 0 17 0.05 M M 3.2 38 320 M M 2 13 47 320
14 92 73 83 4 0 18 0.04 M M 7.7 23 310 M M 1 13 29 310
15 81 63 72 -7 0 7 0.00 M M 6.3 16 330 M M 3 19 330
16 83 59 71 -8 0 6 0.00 M M 2.1 10 330 M M 3 1 12 340
17 85 59 72 -6 0 7 0.00 M M 4.2 14 250 M M 1 1 18 230
18 87 63 75 -3 0 10 0.00 M M 3.5 10 360 M M 1 1 13 30
19 88 59 74 -4 0 9 0.00 M M 1.1 7 100 M M 0 1 10 170
20 93 63 78 0 0 13 0.00 M M 2.3 8 200 M M 0 1 12 200
21 95 68 82 4 0 17 0.00 M M 1.9 9 190 M M 0 12 13 240
22 95 71 83 5 0 18 0.00 M M 1.9 9 70 M M 2 12 11 70
23 96 71 84 6 0 19 0.00 M M 2.0 10 330 M M 2 128 14 340
24 98 72 85 7 0 20 0.00 M M 2.0 9 280 M M 2 128 12 240
25 98 73 86 9 0 21 0.00 M M 2.7 9 120 M M 1 128 16 140
26 99 72 86 9 0 21 T M M 4.1 21 30 M M 0 13 28 60
27 86 72 79 2 0 14 0.86 M M 6.8 18 20 M M 8 13 27 20
28 85 69 77 0 0 12 0.00 M M 8.9 18 20 M M 7 25 50
29 87 61 74 -3 0 9 0.00 M M 5.3 14 350 M M 0 1 19 350
30 86 59 73 -3 0 8 0.00 M M 7.8 20 20 M M 1 1 26 10
31 81 58 70 -6 0 5 0.00 0.0 0 5.2 15 40 M M 0 18 22 20
================================================================================
SM 2740 2093 0 409 5.70 0.0 133.4 M 70
================================================================================
AV 88.4 67.5 4.3 FASTST M M 2 MAX(MPH)
MISC ----> 39 310 # 47 310
================================================================================
NOTES:
# LAST OF SEVERAL OCCURRENCES
COLUMN 17 PEAK WIND IN M.P.H.
PRELIMINARY LOCAL CLIMATOLOGICAL DATA (WS FORM: F-6) , PAGE 2
STATION: JACKSON
MONTH: AUGUST
YEAR: 2023
LATITUDE: 35 35 N
LONGITUDE: 88 55 W
[TEMPERATURE DATA] [PRECIPITATION DATA] SYMBOLS USED IN COLUMN 16
AVERAGE MONTHLY: 78.0 TOTAL FOR MONTH: 5.70 1 = FOG OR MIST
DPTR FM NORMAL: -0.3 DPTR FM NORMAL: 2.17 2 = FOG REDUCING VISIBILITY
HIGHEST: 99 ON 26 GRTST 24HR 2.43 ON 4- 4 TO 1/4 MILE OR LESS
LOWEST: 58 ON 31 3 = THUNDER
SNOW, ICE PELLETS, HAIL 4 = ICE PELLETS
TOTAL MONTH: 0.0 INCH 5 = HAIL
GRTST 24HR 0.0 6 = FREEZING RAIN OR DRIZZLE
GRTST DEPTH: 0 7 = DUSTSTORM OR SANDSTORM:
VSBY 1/2 MILE OR LESS
8 = SMOKE OR HAZE
[NO. OF DAYS WITH] [WEATHER - DAYS WITH] 9 = BLOWING SNOW
X = TORNADO
MAX 32 OR BELOW: 0 0.01 INCH OR MORE: 10
MAX 90 OR ABOVE: 12 0.10 INCH OR MORE: 5
MIN 32 OR BELOW: 0 0.50 INCH OR MORE: 3
MIN 0 OR BELOW: 0 1.00 INCH OR MORE: 2
[HDD (BASE 65) ]
TOTAL THIS MO. 0 CLEAR (SCALE 0-3) 24
DPTR FM NORMAL 0 PTCLDY (SCALE 4-7) 7
TOTAL FM JUL 1 0 CLOUDY (SCALE 8-10) 0
DPTR FM NORMAL 0
[CDD (BASE 65) ]
TOTAL THIS MO. 409
DPTR FM NORMAL -3 [PRESSURE DATA]
TOTAL FM JAN 1 1401 HIGHEST SLP 30.16 ON 1
DPTR FM NORMAL -32 LOWEST SLP 29.71 ON 10
[REMARKS]
#FINAL-08-23#