000
CXUS54 KMEG 031527
CLMMKL
CLIMATE REPORT
NATIONAL WEATHER SERVICE MEMPHIS TN
1027 AM CDT TUE OCT 03 2023
...................................
...THE JACKSON CLIMATE SUMMARY FOR THE MONTH OF SEPTEMBER 2023...
CLIMATE NORMAL PERIOD 1991 TO 2020
CLIMATE RECORD PERIOD 1948 TO 2023
WEATHER OBSERVED NORMAL DEPART LAST YEAR`S
VALUE DATE(S) VALUE FROM VALUE DATE(S)
NORMAL
................................................................
TEMPERATURE (F)
RECORD
HIGH 105 09/05/1954
LOW 35 09/30/1949
HIGHEST 93 09/05 84 9 97 09/20
09/21
LOWEST 49 09/15 61 -12 41 09/27
09/19
09/30
AVG. MAXIMUM 85.9 83.9 2.0 84.1
AVG. MINIMUM 58.9 59.5 -0.6 57.0
MEAN 72.4 71.7 0.7 70.5
DAYS MAX >= 90 6 7.3 -1.3 3
DAYS MAX <= 32 0 0.0 0.0 0
DAYS MIN <= 32 0 0.0 0.0 0
DAYS MIN <= 0 0 0.0 0.0 0
PRECIPITATION (INCHES)
RECORD
MAXIMUM 13.07 2002
MINIMUM 0.06 1956
TOTALS 1.00 3.58 -2.58 1.52
DAILY AVG. 0.03 0.12 -0.09 0.05
DAYS >= .01 6 7.1 -1.1 6
DAYS >= .10 3 4.6 -1.6 3
DAYS >= .50 0 2.4 -2.4 1
DAYS >= 1.00 0 1.2 -1.2 0
GREATEST
24 HR. TOTAL 0.59 09/20 TO 09/21
SNOWFALL (INCHES)
RECORDS
TOTAL 0.0 2002
TOTALS MM MM MM MM
SINCE 7/1 MM MM MM MM
SNOWDEPTH AVG. MM MM
DAYS >= 1.0 MM MM MM MM
GREATEST
SNOW DEPTH MM MM MM
24 HR TOTAL MM
DEGREE DAYS
HEATING TOTAL 0 22 -22 26
SINCE 7/1 0 19 -19 MM
COOLING TOTAL 230 223 7 200
SINCE 1/1 1631 1656 -25 MM
................................................................
WIND (MPH)
AVERAGE WIND SPEED 3.6
HIGHEST WIND SPEED/DIRECTION 18/200 DATE 09/20
HIGHEST GUST SPEED/DIRECTION 27/270 DATE 09/18
SKY COVER
POSSIBLE SUNSHINE (PERCENT) MM
AVERAGE SKY COVER 0.19
NUMBER OF DAYS FAIR 23
NUMBER OF DAYS PC 7
NUMBER OF DAYS CLOUDY 0
AVERAGE RH (PERCENT) 71
WEATHER CONDITIONS. NUMBER OF DAYS WITH
THUNDERSTORM 4 MIXED PRECIP 0
HEAVY RAIN 3 RAIN 2
LIGHT RAIN 7 FREEZING RAIN 0
LT FREEZING RAIN 0 HAIL 0
HEAVY SNOW 0 SNOW 0
LIGHT SNOW 0 SLEET 0
FOG 17 FOG W/VIS <= 1/4 MILE 0
HAZE 1
- INDICATES NEGATIVE NUMBERS.
R INDICATES RECORD WAS SET OR TIED.
MM INDICATES DATA IS MISSING.
T INDICATES TRACE AMOUNT.
$$