000
CXUS55 KBYZ 011000
CF6MLS
PRELIMINARY LOCAL CLIMATOLOGICAL DATA (WS FORM: F-6)
STATION: MILES CITY MT
MONTH: JUNE
YEAR: 2023
LATITUDE: 46 25 N
LONGITUDE: 105 53 W
TEMPERATURE IN F: :PCPN: SNOW: WIND :SUNSHINE: SKY :PK WND
================================================================================
1 2 3 4 5 6A 6B 7 8 9 10 11 12 13 14 15 16 17 18
12Z AVG MX 2MIN
DY MAX MIN AVG DEP HDD CDD WTR SNW DPTH SPD SPD DIR MIN PSBL S-S WX SPD DR
================================================================================
1 85 58 72 11 0 7 T M M 6.5 25 130 M M 2 32 120
2 81 60 71 10 0 6 0.37 M M 11.0 22 50 M M 6 13 26 60
3 82 57 70 8 0 5 0.03 M M 4.8 24 170 M M 5 123 33 160
4 86 60 73 11 0 8 0.00 M M 7.2 16 160 M M 0 1 21 160
5 88 65 77 15 0 12 0.00 M M 11.2 21 130 M M 0 27 140
6 90 63 77 14 0 12 T M M 8.2 24 320 M M 1 3 29 320
7 88 63 76 13 0 11 0.16 M M 5.5 26 210 M M 1 3 39 200
8 88 63 76 13 0 11 0.02 M M 8.4 24 60 M M 1 3 28 60
9 75 61 68 4 0 3 0.53 M M 6.6 25 30 M M 6 13 29 20
10 73 60 67 3 0 2 0.21 M M 9.0 18 50 M M 4 13 23 40
11 77 53 65 1 0 0 T M M 9.9 18 140 M M 0 24 150
12 81 53 67 3 0 2 0.00 M M 6.7 16 150 M M 1 20 150
13 82 51 67 2 0 2 0.00 M M 3.2 10 160 M M 0 14 150
14 83 58 71 6 0 6 0.03 M M 9.5 26 320 M M 3 3 29 320
15 72 51 62 -3 3 0 T M M 9.9 18 340 M M 6 22 340
16 71 48 60 -6 5 0 0.00 M M 6.0 13 260 M M 0 17 290
17 80 47 64 -2 1 0 0.03 M M 8.8 21 300 M M 3 8 25 290
18 88 55 72 6 0 7 0.02 M M 8.3 43 300 M M 1 3 51 290
19 82 54 68 1 0 3 0.08 M M 9.2 40 250 M M 3 138 51 250
20 72 53 63 -4 2 0 0.26 M M 11.1 33 300 M M 4 13 39 290
21 70 51 61 -6 4 0 1.04 M M 7.4 18 40 M M 5 13 22 40
22 72 53 63 -5 2 0 0.02 M M 5.2 12 120 M M 6 1 16 130
23 74 55 65 -3 0 0 0.61 M M 10.9 20 50 M M 9 13 24 50
24 67 55 61 -7 4 0 0.01 M M 9.4 17 50 M M 6 22 50
25 80 51 66 -2 0 1 0.00 M M 4.8 12 260 M M 0 1 14 170
26 82 57 70 1 0 5 0.06 M M 7.3 24 80 M M 2 3 30 80
27 81 58 70 1 0 5 0.59 M M 4.5 22 50 M M 2 3 31 340
28 83 55 69 -1 0 4 0.00 M M 6.9 23 360 M M 2 12 37 320
29 85 56 71 1 0 6 0.00 M M 5.3 13 280 M M 1 20 310
30 89 61 75 5 0 10 0.00 M M 5.5 10 180 M M 0 15 170
================================================================================
SM 2407 1685 21 128 4.07 M 228.2 M 80
================================================================================
AV 80.2 56.2 7.6 FASTST M M 3 MAX(MPH)
MISC ----> 43 300 # 51 290
================================================================================
NOTES:
# LAST OF SEVERAL OCCURRENCES
COLUMN 17 PEAK WIND IN M.P.H.
PRELIMINARY LOCAL CLIMATOLOGICAL DATA (WS FORM: F-6) , PAGE 2
STATION: MILES CITY MT
MONTH: JUNE
YEAR: 2023
LATITUDE: 46 25 N
LONGITUDE: 105 53 W
[TEMPERATURE DATA] [PRECIPITATION DATA] SYMBOLS USED IN COLUMN 16
AVERAGE MONTHLY: 68.2 TOTAL FOR MONTH: 4.07 1 = FOG OR MIST
DPTR FM NORMAL: 2.6 DPTR FM NORMAL: 1.56 2 = FOG REDUCING VISIBILITY
HIGHEST: 90 ON 6 GRTST 24HR 1.06 ON 21-22 TO 1/4 MILE OR LESS
LOWEST: 47 ON 17 3 = THUNDER
SNOW, ICE PELLETS, HAIL 4 = ICE PELLETS
TOTAL MONTH: M 5 = HAIL
GRTST 24HR M ON M 6 = FREEZING RAIN OR DRIZZLE
GRTST DEPTH: M ON M 7 = DUSTSTORM OR SANDSTORM:
VSBY 1/2 MILE OR LESS
8 = SMOKE OR HAZE
[NO. OF DAYS WITH] [WEATHER - DAYS WITH] 9 = BLOWING SNOW
X = TORNADO
MAX 32 OR BELOW: 0 0.01 INCH OR MORE: 17
MAX 90 OR ABOVE: 1 0.10 INCH OR MORE: 8
MIN 32 OR BELOW: 0 0.50 INCH OR MORE: 4
MIN 0 OR BELOW: 0 1.00 INCH OR MORE: 1
[HDD (BASE 65) ]
TOTAL THIS MO. 21 CLEAR (SCALE 0-3) 18
DPTR FM NORMAL -60 PTCLDY (SCALE 4-7) 11
TOTAL FM JUL 1 7839 CLOUDY (SCALE 8-10) 1
DPTR FM NORMAL 274
[CDD (BASE 65) ]
TOTAL THIS MO. 128
DPTR FM NORMAL 31 [PRESSURE DATA]
TOTAL FM JAN 1 168 HIGHEST SLP 30.18 ON 22
DPTR FM NORMAL 55 LOWEST SLP 29.37 ON 18
[REMARKS]
#FINAL-06-23#