000
CXUS55 KBYZ 011100
CF6MLS
PRELIMINARY LOCAL CLIMATOLOGICAL DATA (WS FORM: F-6)
STATION: MILES CITY MT
MONTH: NOVEMBER
YEAR: 2021
LATITUDE: 46 25 N
LONGITUDE: 105 53 W
TEMPERATURE IN F: :PCPN: SNOW: WIND :SUNSHINE: SKY :PK WND
================================================================================
1 2 3 4 5 6A 6B 7 8 9 10 11 12 13 14 15 16 17 18
12Z AVG MX 2MIN
DY MAX MIN AVG DEP HDD CDD WTR SNW DPTH SPD SPD DIR MIN PSBL S-S WX SPD DR
================================================================================
1 41 16 29 -10 36 0 0.00 M M 3.5 10 300 M M 0 10 300
2 48 17 33 -5 32 0 0.00 M M 4.5 9 180 M M 0 13 160
3 58 24 41 3 24 0 0.00 M M 7.7 14 270 M M 0 18 270
4 69 34 52 15 13 0 0.00 M M 10.1 15 180 M M 0 19 200
5 64 38 51 14 14 0 T M M 12.1 33 280 M M 1 39 290
6 66 36 51 15 14 0 0.00 M M 7.9 15 270 M M 1 18 290
7 51 26 39 3 26 0 0.00 M M 6.9 21 330 M M 5 25 330
8 53 24 39 3 26 0 0.00 M M 5.9 13 190 M M 0 16 170
9 56 20 38 3 27 0 0.00 M M 7.9 22 140 M M 2 27 150
10 52 35 44 9 21 0 T M M 18.3 30 300 M M 5 37 310
11 44 21 33 -1 32 0 0.00 M M 20.0 36 330 M M 1 45 310
12 40 22 31 -3 34 0 0.00 M M 9.3 18 290 M M 7 21 290
13 56 31 44 10 21 0 T M M 16.3 46 320 M M 3 8 56 320
14 48 31 40 7 25 0 0.01 M M 6.7 14 160 M M 5 16 160
15 66 35 51 18 14 0 0.00 M M 6.8 13 200 M M 0 8 14 200
16 58 30 44 12 21 0 0.00 M M 25.2 46 300 M M 2 8 57 300
17 40 17 29 -3 36 0 0.00 M M 21.3 41 310 M M 1 54 300
18 44 14 29 -3 36 0 0.00 M M 9.1 20 140 M M 1 8 23 140
19 45 24 35 4 30 0 T M M 5.6 12 340 M M 7 8 14 320
20 48 22 35 4 30 0 T M M 8.2 18 350 M M 3 20 240
21 38 20 29 -2 36 0 0.00 M M 6.8 22 360 M M 2 27 360
22 61 26 44 14 21 0 0.00 M M 7.3 15 230 M M 0 16 240
23 53 26 40 10 25 0 0.00 M M 6.6 18 10 M M 1 8 22 10
24 34 11 23 -6 42 0 0.01 M M 10.8 25 330 M M 6 1 31 350
25 47 14 31 2 34 0 0.00 M M 8.6 15 150 M M 2 17 150
26 60 42 51 22 14 0 0.00 M M 12.7 23 280 M M 1 29 260
27 46 30 38 10 27 0 0.00 M M 8.7 23 290 M M 0 29 290
28 65 30 48 20 17 0 0.00 M M 9.6 24 280 M M 1 33 290
29 57 34 46 18 19 0 T M M 6.8 16 310 M M 3 19 320
30 54 30 42 15 23 0 0.00 M M 11.0 28 270 M M 3 12 31 270
================================================================================
SM 1562 780 770 0 0.02 M 302.2 M 63
================================================================================
AV 52.1 26.0 10.1 FASTST M M 2 MAX(MPH)
MISC ----> # 46 320 57 300
================================================================================
NOTES:
# LAST OF SEVERAL OCCURRENCES
COLUMN 17 PEAK WIND IN M.P.H.
PRELIMINARY LOCAL CLIMATOLOGICAL DATA (WS FORM: F-6) , PAGE 2
STATION: MILES CITY MT
MONTH: NOVEMBER
YEAR: 2021
LATITUDE: 46 25 N
LONGITUDE: 105 53 W
[TEMPERATURE DATA] [PRECIPITATION DATA] SYMBOLS USED IN COLUMN 16
AVERAGE MONTHLY: 39.0 TOTAL FOR MONTH: 0.02 1 = FOG OR MIST
DPTR FM NORMAL: 6.3 DPTR FM NORMAL: -0.31 2 = FOG REDUCING VISIBILITY
HIGHEST: 69 ON 4 GRTST 24HR 0.01 ON 14-14 TO 1/4 MILE OR LESS
LOWEST: 11 ON 24 3 = THUNDER
SNOW, ICE PELLETS, HAIL 4 = ICE PELLETS
TOTAL MONTH: M 5 = HAIL
GRTST 24HR M ON M 6 = FREEZING RAIN OR DRIZZLE
GRTST DEPTH: M ON M 7 = DUSTSTORM OR SANDSTORM:
VSBY 1/2 MILE OR LESS
8 = SMOKE OR HAZE
[NO. OF DAYS WITH] [WEATHER - DAYS WITH] 9 = BLOWING SNOW
X = TORNADO
MAX 32 OR BELOW: 0 0.01 INCH OR MORE: 2
MAX 90 OR ABOVE: 0 0.10 INCH OR MORE: 0
MIN 32 OR BELOW: 23 0.50 INCH OR MORE: 0
MIN 0 OR BELOW: 0 1.00 INCH OR MORE: 0
[HDD (BASE 65) ]
TOTAL THIS MO. 770 CLEAR (SCALE 0-3) 23
DPTR FM NORMAL -198 PTCLDY (SCALE 4-7) 7
TOTAL FM JUL 1 1386 CLOUDY (SCALE 8-10) 0
DPTR FM NORMAL -370
[CDD (BASE 65) ]
TOTAL THIS MO. 0
DPTR FM NORMAL 0 [PRESSURE DATA]
TOTAL FM JAN 1 1044 HIGHEST SLP 30.55 ON 24
DPTR FM NORMAL 313 LOWEST SLP 29.33 ON 16
[REMARKS]
#FINAL-11-21#