000
CXUS55 KBOU 010900
CF6MNH
PRELIMINARY LOCAL CLIMATOLOGICAL DATA (WS FORM: F-6)
STATION: ELBERT 6W CO
MONTH: MAY
YEAR: 2021
LATITUDE: 39 13 N
LONGITUDE: 104 38 W
TEMPERATURE IN F: :PCPN: SNOW: WIND :SUNSHINE: SKY :PK WND
================================================================================
1 2 3 4 5 6A 6B 7 8 9 10 11 12 13 14 15 16 17 18
12Z AVG MX 2MIN
DY MAX MIN AVG DEP HDD CDD WTR SNW DPTH SPD SPD DIR MIN PSBL S-S WX SPD DR
================================================================================
1 75 45 60 M 5 0 0.00 M M 8.3 15 170 M M 2 25 120
2 61 39 50 M 15 0 0.62 M M 10.9 26 340 M M 5 37 340
3 39 32 36 M 29 0 0.56 M M 8.8 15 10 M M 10 12 22 10
4 48 30 39 M 26 0 0.00 M M 10.7 20 180 M M 7 24 170
5 50 32 41 M 24 0 0.05 M M 6.8 15 340 M M 4 23 40
6 63 32 48 M 17 0 0.00 M M 9.5 14 190 M M 0 18 150
7 72 41 57 M 8 0 0.00 M M 8.0 15 150 M M 1 29 200
8 68 37 53 M 12 0 0.03 M M 11.1 18 360 M M 4 31 70
9 41 32 37 M 28 0 0.06 M M 9.5 15 150 M M 10 1 23 150
10 36 30 33 M 32 0 0.05 M M 13.4 22 150 M M 10 1 31 150
11 36 30 33 M 32 0 0.20 M M 5.0 13 130 M M 9 1 M M
12 52 32 42 M 23 0 0.00 M M 10.8 18 180 M M 5 24 180
13 66 36 51 M 14 0 0.00 M M 8.9 18 180 M M 2 24 180
14 68 37 53 M 12 0 0.00 M M 6.4 15 170 M M 4 3 35 180
15 61 37 49 M 16 0 0.00 M M 9.8 17 120 M M 4 13 24 150
16 54 41 48 M 17 0 0.00 M M 8.1 15 350 M M 8 13 18 350
17 57 41 49 M 16 0 0.51 M M 9.6 18 90 M M 8 1 25 140
18 54 41 48 M 17 0 0.50 M M 7.4 13 170 M M 7 22 0
19 61 37 49 M 16 0 0.00 M M 9.9 15 130 M M 1 22 130
20 72 43 58 M 7 0 0.00 M M 13.2 24 180 M M 1 32 160
21 73 48 61 M 4 0 0.00 M M 17.6 30 160 M M 0 39 160
22 70 46 58 M 7 0 0.05 M M 16.0 32 150 M M 3 3 40 150
23 68 45 57 M 8 0 0.00 M M 17.6 32 180 M M 4 50 180
24 68 32 50 M 15 0 0.00 M M 6.8 18 40 M M 1 25 40
25 64 39 52 M 13 0 0.00 M M 9.2 17 130 M M 1 29 130
26 70 46 58 M 7 0 0.00 M M 15.3 22 170 M M 1 29 170
27 68 39 54 M 11 0 0.00 M M 8.0 15 150 M M 1 22 160
28 72 43 58 M 7 0 0.11 M M 9.8 17 180 M M 3 1 23 150
29 68 45 57 M 8 0 0.10 M M 8.2 22 40 M M 4 13 30 40
30 55 41 48 M 17 0 0.77 M M 5.7 16 50 M M 9 123 24 20
31 50 37 44 M 21 0 0.00 M M 4.4 9 80 M M 8 23 M M
================================================================================
SM 1860 1186 484 0 3.61 M 304.8 M 137
================================================================================
AV 60.0 38.3 9.8 FASTST M M 4 MAX(MPH)
MISC ----> 32 150 50 180
================================================================================
NOTES:
# LAST OF SEVERAL OCCURRENCES
COLUMN 17 PEAK WIND IN M.P.H.
PRELIMINARY LOCAL CLIMATOLOGICAL DATA (WS FORM: F-6) , PAGE 2
STATION: ELBERT 6W CO
MONTH: MAY
YEAR: 2021
LATITUDE: 39 13 N
LONGITUDE: 104 38 W
[TEMPERATURE DATA] [PRECIPITATION DATA] SYMBOLS USED IN COLUMN 16
AVERAGE MONTHLY: 49.1 TOTAL FOR MONTH: 3.61 1 = FOG OR MIST
DPTR FM NORMAL: 0.0 DPTR FM NORMAL: M 2 = FOG REDUCING VISIBILITY
HIGHEST: 75 ON 1 GRTST 24HR 0.77 ON 30-30 TO 1/4 MILE OR LESS
LOWEST: 30 ON 11,10 3 = THUNDER
SNOW, ICE PELLETS, HAIL 4 = ICE PELLETS
TOTAL MONTH: M 5 = HAIL
GRTST 24HR M ON M 6 = FREEZING RAIN OR DRIZZLE
GRTST DEPTH: M ON M 7 = DUSTSTORM OR SANDSTORM:
VSBY 1/2 MILE OR LESS
8 = SMOKE OR HAZE
[NO. OF DAYS WITH] [WEATHER - DAYS WITH] 9 = BLOWING SNOW
X = TORNADO
MAX 32 OR BELOW: 0 0.01 INCH OR MORE: 13
MAX 90 OR ABOVE: 0 0.10 INCH OR MORE: 7
MIN 32 OR BELOW: 9 0.50 INCH OR MORE: 5
MIN 0 OR BELOW: 0 1.00 INCH OR MORE: 0
[HDD (BASE 65) ]
TOTAL THIS MO. 484 CLEAR (SCALE 0-3) 13
DPTR FM NORMAL M PTCLDY (SCALE 4-7) 11
TOTAL FM JUL 1 7281 CLOUDY (SCALE 8-10) 7
DPTR FM NORMAL M
[CDD (BASE 65) ]
TOTAL THIS MO. 0
DPTR FM NORMAL M [PRESSURE DATA]
TOTAL FM JAN 1 0 HIGHEST SLP M ON M
DPTR FM NORMAL M LOWEST SLP M ON M
[REMARKS]
#FINAL-05-21#