000
CXUS51 KBTV 010800
CF6MPV
PRELIMINARY LOCAL CLIMATOLOGICAL DATA (WS FORM: F-6)
STATION: MONTPELIER VT
MONTH: JANUARY
YEAR: 2023
LATITUDE: 44 12 N
LONGITUDE: 72 34 W
TEMPERATURE IN F: :PCPN: SNOW: WIND :SUNSHINE: SKY :PK WND
================================================================================
1 2 3 4 5 6A 6B 7 8 9 10 11 12 13 14 15 16 17 18
12Z AVG MX 2MIN
DY MAX MIN AVG DEP HDD CDD WTR SNW DPTH SPD SPD DIR MIN PSBL S-S WX SPD DR
================================================================================
1 50 36 43 24 22 0 T M M 6.9 21 310 M M 10 18 28 310
2 43 30 37 19 28 0 T M M 3.3 13 280 M M 10 18 270
3 38 26 32 14 33 0 0.02 M M 0.3 9 170 M M 5 18 11 180
4 42 35 39 21 26 0 0.30 M M 0.5 6 40 M M 10 18 7 360
5 41 35 38 20 27 0 0.23 M M 6.9 15 190 M M 10 18 21 170
6 39 33 36 18 29 0 T M M 0.9 7 180 M M 10 18 8 180
7 37 21 29 12 36 0 T M M 8.4 18 320 M M 10 18 26 320
8 32 14 23 6 42 0 T M M 2.6 12 310 M M 3 15 310
9 33 15 24 7 41 0 T M M 1.4 9 320 M M 6 13 290
10 33 11 22 5 43 0 T M M 6.9 22 310 M M 4 28 300
11 30 9 20 3 45 0 T M M 1.3 9 150 M M 1 13 140
12 37 27 32 15 33 0 0.35 M M 7.6 16 170 M M 10 68 24 170
13 37 27 32 16 33 0 0.59 M M 6.0 20 310 M M 10 168 27 310
14 27 23 25 9 40 0 T M M 10.1 16 350 M M 10 23 360
15 30 19 25 9 40 0 0.00 M M 8.5 15 350 M M 4 22 360
16 26 19 23 7 42 0 T M M 7.5 16 340 M M 9 25 340
17 41 21 31 15 34 0 T M M 1.9 9 350 M M 6 12 20
18 40 33 37 21 28 0 T M M 5.9 20 300 M M 10 18 27 290
19 34 31 33 17 32 0 0.28 M M 2.4 10 290 M M 9 16 310
20 33 31 32 16 33 0 0.06 M M 1.8 7 340 M M 10 18 10 340
21 31 24 28 12 37 0 T M M 4.7 12 330 M M 10 68 16 350
22 30 26 28 12 37 0 0.02 M M 3.3 9 170 M M 10 8 12 170
23 32 27 30 14 35 0 0.08 M M 9.1 21 310 M M 10 8 29 300
24 35 27 31 15 34 0 T M M 6.0 20 320 M M 10 28 320
25 29 17 23 7 42 0 0.30 M M 3.2 13 150 M M 9 17 170
26 38 22 30 14 35 0 0.22 M M 4.4 17 320 M M 10 168 25 310
27 35 10 23 7 42 0 T M M 4.3 13 170 M M 7 8 15 170
28 40 22 31 15 34 0 T M M 8.4 21 240 M M 5 30 250
29 42 19 31 15 34 0 0.04 M M 4.3 17 180 M M 8 22 170
30 32 18 25 9 40 0 T M M 3.4 16 330 M M 10 8 21 310
31 22 8 15 -1 50 0 T M M 5.6 21 310 M M 5 8 29 310
================================================================================
SM 1089 716 1107 0 2.49 M 147.8 M 251
================================================================================
AV 35.1 23.1 4.8 FASTST M M 8 MAX(MPH)
MISC ----> 22 310 30 250
================================================================================
NOTES:
# LAST OF SEVERAL OCCURRENCES
COLUMN 17 PEAK WIND IN M.P.H.
PRELIMINARY LOCAL CLIMATOLOGICAL DATA (WS FORM: F-6) , PAGE 2
STATION: MONTPELIER VT
MONTH: JANUARY
YEAR: 2023
LATITUDE: 44 12 N
LONGITUDE: 72 34 W
[TEMPERATURE DATA] [PRECIPITATION DATA] SYMBOLS USED IN COLUMN 16
AVERAGE MONTHLY: 29.1 TOTAL FOR MONTH: 2.49 1 = FOG OR MIST
DPTR FM NORMAL: 12.5 DPTR FM NORMAL: 0.17 2 = FOG REDUCING VISIBILITY
HIGHEST: 50 ON 1 GRTST 24HR 1.10 ON 4- 5 TO 1/4 MILE OR LESS
LOWEST: 8 ON 31 3 = THUNDER
SNOW, ICE PELLETS, HAIL 4 = ICE PELLETS
TOTAL MONTH: M 5 = HAIL
GRTST 24HR M ON M 6 = FREEZING RAIN OR DRIZZLE
GRTST DEPTH: M ON M 7 = DUSTSTORM OR SANDSTORM:
VSBY 1/2 MILE OR LESS
8 = SMOKE OR HAZE
[NO. OF DAYS WITH] [WEATHER - DAYS WITH] 9 = BLOWING SNOW
X = TORNADO
MAX 32 OR BELOW: 11 0.01 INCH OR MORE: 12
MAX 90 OR ABOVE: 0 0.10 INCH OR MORE: 7
MIN 32 OR BELOW: 26 0.50 INCH OR MORE: 1
MIN 0 OR BELOW: 0 1.00 INCH OR MORE: 0
[HDD (BASE 65) ]
TOTAL THIS MO. 1107 CLEAR (SCALE 0-3) 2
DPTR FM NORMAL -393 PTCLDY (SCALE 4-7) 8
TOTAL FM JUL 1 3584 CLOUDY (SCALE 8-10) 21
DPTR FM NORMAL -1093
[CDD (BASE 65) ]
TOTAL THIS MO. 0
DPTR FM NORMAL 0 [PRESSURE DATA]
TOTAL FM JAN 1 0 HIGHEST SLP 30.38 ON 8
DPTR FM NORMAL 0 LOWEST SLP 29.35 ON 26
[REMARKS]
#FINAL-01-23#