000
CXUS51 KBTV 010800
CF6MPV
PRELIMINARY LOCAL CLIMATOLOGICAL DATA (WS FORM: F-6)
STATION: MONTPELIER VT
MONTH: NOVEMBER
YEAR: 2023
LATITUDE: 44 12 N
LONGITUDE: 72 34 W
TEMPERATURE IN F: :PCPN: SNOW: WIND :SUNSHINE: SKY :PK WND
================================================================================
1 2 3 4 5 6A 6B 7 8 9 10 11 12 13 14 15 16 17 18
12Z AVG MX 2MIN
DY MAX MIN AVG DEP HDD CDD WTR SNW DPTH SPD SPD DIR MIN PSBL S-S WX SPD DR
================================================================================
1 39 22 31 -9 34 0 T M M 3.7 18 300 M M 8 1 23 300
2 43 23 33 -7 32 0 0.00 M M 3.4 12 230 M M 4 15 220
3 53 34 44 5 21 0 0.00 M M 9.2 17 180 M M 4 24 190
4 52 41 47 8 18 0 T M M 4.9 16 210 M M 9 26 200
5 51 29 40 2 25 0 0.00 M M 3.7 18 340 M M 7 23 350
6 45 24 35 -3 30 0 T M M 6.6 17 180 M M 3 26 190
7 56 31 44 6 21 0 0.04 M M 11.5 23 310 M M 10 1 34 310
8 34 27 31 -6 34 0 T M M 10.3 25 330 M M 5 36 300
9 34 27 31 -6 34 0 T M M 4.1 17 330 M M 9 126 24 310
10 43 33 38 1 27 0 0.04 M M 5.7 16 320 M M 9 1 23 330
11 36 29 33 -3 32 0 T M M 8.3 20 310 M M 10 25 320
12 33 19 26 -10 39 0 0.00 M M 5.1 10 330 M M 8 14 300
13 35 17 26 -9 39 0 T M M 1.9 7 160 M M 8 1 8 110
14 34 29 32 -3 33 0 T M M 5.0 15 300 M M 10 1 19 310
15 48 28 38 3 27 0 0.00 M M 5.5 16 160 M M 3 21 160
16 53 25 39 5 26 0 0.00 M M 1.4 9 340 M M 0 11 340
17 60 26 43 9 22 0 0.08 M M 6.8 21 170 M M 3 1 28 170
18 46 23 35 1 30 0 0.26 M M 7.0 16 310 M M 7 1 23 300
19 41 23 32 -1 33 0 T M M 7.2 18 300 M M 9 1 26 300
20 29 15 22 -11 43 0 T M M 6.7 17 290 M M 6 23 310
21 33 12 23 -9 42 0 T M M 5.7 20 160 M M 3 18 27 190
22 37 30 34 2 31 0 0.22 M M 2.5 15 160 M M 10 12 21 160
23 40 33 37 5 28 0 T M M 5.7 15 310 M M 10 1 22 300
24 40 19 30 -1 35 0 0.00 M M 10.1 20 310 M M 7 26 300
25 33 12 23 -8 42 0 0.00 M M 4.9 17 300 M M 1 24 310
26 40 19 30 0 35 0 M M M 6.1 18 180 M M 4 1 25 180
27 36 32 34 4 31 0 0.03 M M 3.1 13 230 M M 4 18 19 220
28 32 19 26 -4 39 0 T M M 8.3 18 270 M M 9 18 27 260
29 27 18 23 -6 42 0 T M M 6.9 15 300 M M 9 8 21 200
30 42 20 31 2 34 0 0.00 M M 9.1 16 160 M M 5 8 22 190
================================================================================
SM 1225 739 959 0 0.67 M 180.4 M 194
================================================================================
AV 40.8 24.6 6.0 FASTST M M 6 MAX(MPH)
MISC ----> 25 330 36 300
================================================================================
NOTES:
# LAST OF SEVERAL OCCURRENCES
COLUMN 17 PEAK WIND IN M.P.H.
PRELIMINARY LOCAL CLIMATOLOGICAL DATA (WS FORM: F-6) , PAGE 2
STATION: MONTPELIER VT
MONTH: NOVEMBER
YEAR: 2023
LATITUDE: 44 12 N
LONGITUDE: 72 34 W
[TEMPERATURE DATA] [PRECIPITATION DATA] SYMBOLS USED IN COLUMN 16
AVERAGE MONTHLY: 32.7 TOTAL FOR MONTH: 0.67 1 = FOG OR MIST
DPTR FM NORMAL: -1.7 DPTR FM NORMAL: -2.18 2 = FOG REDUCING VISIBILITY
HIGHEST: 60 ON 17 GRTST 24HR 0.34 ON 17-18 TO 1/4 MILE OR LESS
LOWEST: 12 ON 25,21 3 = THUNDER
SNOW, ICE PELLETS, HAIL 4 = ICE PELLETS
TOTAL MONTH: M 5 = HAIL
GRTST 24HR M ON M 6 = FREEZING RAIN OR DRIZZLE
GRTST DEPTH: M ON M 7 = DUSTSTORM OR SANDSTORM:
VSBY 1/2 MILE OR LESS
8 = SMOKE OR HAZE
[NO. OF DAYS WITH] [WEATHER - DAYS WITH] 9 = BLOWING SNOW
X = TORNADO
MAX 32 OR BELOW: 3 0.01 INCH OR MORE: 6
MAX 90 OR ABOVE: 0 0.10 INCH OR MORE: 2
MIN 32 OR BELOW: 26 0.50 INCH OR MORE: 0
MIN 0 OR BELOW: 0 1.00 INCH OR MORE: 0
[HDD (BASE 65) ]
TOTAL THIS MO. 959 CLEAR (SCALE 0-3) 5
DPTR FM NORMAL 41 PTCLDY (SCALE 4-7) 13
TOTAL FM JUL 1 1605 CLOUDY (SCALE 8-10) 12
DPTR FM NORMAL -279
[CDD (BASE 65) ]
TOTAL THIS MO. 0
DPTR FM NORMAL 0 [PRESSURE DATA]
TOTAL FM JAN 1 326 HIGHEST SLP 30.64 ON 21
DPTR FM NORMAL 99 LOWEST SLP 29.59 ON 7
[REMARKS]
#FINAL-11-23#