000
CXUS51 KBTV 011345
CLMMPV
CLIMATE REPORT
NATIONAL WEATHER SERVICE BURLINGTON VT
845 AM EST FRI MAR 01 2024
...................................
...THE MONTPELIER VT CLIMATE SUMMARY FOR THE MONTH OF FEBRUARY 2024...
CLIMATE NORMAL PERIOD: 1991 TO 2020
CLIMATE RECORD PERIOD: 1948 TO 2024
WEATHER OBSERVED NORMAL DEPART LAST YEAR`S
VALUE DATE(S) VALUE FROM VALUE DATE(S)
NORMAL
................................................................
TEMPERATURE (F)
RECORD
HIGH 70
LOW -29
HIGHEST 55 02/10 MM MM 56 02/15
02/27
LOWEST -1 02/20 MM MM -14 02/04
AVG. MAXIMUM 35.6 28.9 6.7 35.6
AVG. MINIMUM 16.4 8.9 7.5 14.3
MEAN 26.0 18.9 7.1 25.0
DAYS MAX >= 90 0 0.0 0.0 0
DAYS MAX <= 32 12 17.0 -5.0 9
DAYS MIN <= 32 28 27.1 0.9 26
DAYS MIN <= 0 1 7.2 -6.2 4
PRECIPITATION (INCHES)
RECORD
MAXIMUM 6.27 1981
MINIMUM 0.39 1987
TOTALS 0.36R 2.06 -1.70 1.00
DAILY AVG. 0.01 NAN NAN 0.04
DAYS >= .01 6 13.2 -7.2 9
DAYS >= .10 1 5.0 -4.0 3
DAYS >= .50 0 1.1 -1.1 0
DAYS >= 1.00 0 0.2 -0.2 0
GREATEST
24 HR. TOTAL 0.26 02/28 TO 02/28 0.35 02/09 TO 02/10
STORM TOTAL 0.26 0.33
(MM/DD(HH)) MM
DEGREE DAYS
HEATING TOTAL 1121 1291 -170 1116
SINCE 7/1 5034 6052 -1018 MM
COOLING TOTAL 0 0 0 0
SINCE 1/1 0 0 0 MM
................................................................
WIND (MPH)
AVERAGE WIND SPEED 6.5
HIGHEST WIND SPEED/DIRECTION 30/310 DATE 02/14
HIGHEST GUST SPEED/DIRECTION 45/310 DATE 02/14
SKY COVER
POSSIBLE SUNSHINE (PERCENT) MM
AVERAGE SKY COVER 0.55
NUMBER OF DAYS FAIR 9
NUMBER OF DAYS PC 11
NUMBER OF DAYS CLOUDY 9
AVERAGE RH (PERCENT) 69
WEATHER CONDITIONS. NUMBER OF DAYS WITH
THUNDERSTORM 0 MIXED PRECIP 0
HEAVY RAIN 0 RAIN 1
LIGHT RAIN 5 FREEZING RAIN 0
LT FREEZING RAIN 0 HAIL 0
HEAVY SNOW 0 SNOW 3
LIGHT SNOW 12 SLEET 0
FOG 10 FOG W/VIS <= 1/4 MILE 1
HAZE 5
- INDICATES NEGATIVE NUMBERS.
R INDICATES RECORD WAS SET OR TIED.
MM INDICATES DATA IS MISSING.
T INDICATES TRACE AMOUNT.
$$