000
CXUS53 KMPX 011010
CF6MPX
PRELIMINARY LOCAL CLIMATOLOGICAL DATA (WS FORM: F-6)
STATION: CHANHASSEN MN
MONTH: NOVEMBER
YEAR: 2021
LATITUDE: 44 50 N
LONGITUDE: 93 34 W
TEMPERATURE IN F: :PCPN: SNOW: WIND :SUNSHINE: SKY :PK WND
================================================================================
1 2 3 4 5 6A 6B 7 8 9 10 11 12 13 14 15 16 17 18
12Z AVG MX 2MIN
DY MAX MIN AVG DEP HDD CDD WTR SNW DPTH SPD SPD DIR MIN PSBL S-S WX SPD DR
================================================================================
1 41 30 36 -4 29 0 0.00 0.0 0 M M M M M M M M
2 41 29 35 -5 30 0 0.00 0.0 0 M M M M M M M M
3 44 27 36 -3 29 0 0.00 0.0 0 M M M M M M M M
4 51 24 38 0 27 0 0.00 0.0 0 M M M M M M M M
5 59 38 49 11 16 0 0.00 0.0 0 M M M M M M M M
6 67 41 54 16 11 0 0.00 0.0 0 M M M M M M M M
7 60 42 51 14 14 0 0.00 0.0 0 M M M M M M M M
8 55 37 46 10 19 0 0.00 0.0 0 M M M M M M M M
9 55 28 42 6 23 0 0.00 0.0 0 M M M M M M M M
10 53 30 42 6 23 0 0.55 0.0 0 M M M M M M M M
11 43 33 38 3 27 0 0.31 T 0 M M M M M M M M
12 37 31 34 0 31 0 0.04 0.2 T M M M M M M M M
13 33 27 30 -4 35 0 0.06 0.6 0 M M M M M M M M
14 33 27 30 -4 35 0 0.00 0.0 T M M M M M M M M
15 37 27 32 -1 33 0 T T 0 M M M M M M M M
16 46 29 38 6 27 0 0.00 0.0 0 M M M M M M M M
17 40 28 34 2 31 0 T T 0 M M M M M M M M
18 30 18 24 -8 41 0 T 0.1 0 M M M M M M M M
19 41 16 29 -2 36 0 0.00 0.0 0 M M M M M M M M
20 42 28 35 5 30 0 0.00 0.0 0 M M M M M M M M
21 36 19 28 -2 37 0 T T 0 M M M M M M M M
22 29 13 21 -9 44 0 0.00 0.0 0 M M M M M M M M
23 54 24 39 10 26 0 0.00 0.0 0 M M M M M M M M
24 49 22 36 8 29 0 0.00 0.0 0 M M M M M M M M
25 22 11 17 -11 48 0 T T 0 M M M M M M M M
26 33 14 24 -4 41 0 0.00 0.0 0 M M M M M M M M
27 40 25 33 6 32 0 0.00 0.0 0 M M M M M M M M
28 37 22 30 4 35 0 0.00 0.0 0 M M M M M M M M
29 51 29 40 14 25 0 0.00 0.0 0 M M M M M M M M
30 43 27 35 9 30 0 0.04 0.0 0 M M M M M M M M
================================================================================
SM 1302 796 894 0 1.00 0.9 M M M
================================================================================
AV 43.4 26.5 M FASTST M M M MAX(MPH)
MISC ----> M M M M
================================================================================
NOTES:
# LAST OF SEVERAL OCCURRENCES
COLUMN 17 PEAK WIND IN M.P.H.
PRELIMINARY LOCAL CLIMATOLOGICAL DATA (WS FORM: F-6) , PAGE 2
STATION: CHANHASSEN MN
MONTH: NOVEMBER
YEAR: 2021
LATITUDE: 44 50 N
LONGITUDE: 93 34 W
[TEMPERATURE DATA] [PRECIPITATION DATA] SYMBOLS USED IN COLUMN 16
AVERAGE MONTHLY: 35.0 TOTAL FOR MONTH: 1.00 1 = FOG OR MIST
DPTR FM NORMAL: 2.3 DPTR FM NORMAL: -0.73 2 = FOG REDUCING VISIBILITY
HIGHEST: 67 ON 6 GRTST 24HR 0.55 ON 10-10 TO 1/4 MILE OR LESS
LOWEST: 11 ON 25 3 = THUNDER
SNOW, ICE PELLETS, HAIL 4 = ICE PELLETS
TOTAL MONTH: 0.9 INCH 5 = HAIL
GRTST 24HR 0.6 ON 13-13 6 = FREEZING RAIN OR DRIZZLE
GRTST DEPTH: T 7 = DUSTSTORM OR SANDSTORM:
VSBY 1/2 MILE OR LESS
8 = SMOKE OR HAZE
[NO. OF DAYS WITH] [WEATHER - DAYS WITH] 9 = BLOWING SNOW
X = TORNADO
MAX 32 OR BELOW: 3 0.01 INCH OR MORE: 5
MAX 90 OR ABOVE: 0 0.10 INCH OR MORE: 2
MIN 32 OR BELOW: 25 0.50 INCH OR MORE: 1
MIN 0 OR BELOW: 0 1.00 INCH OR MORE: 0
[HDD (BASE 65) ]
TOTAL THIS MO. 894 CLEAR (SCALE 0-3) 0
DPTR FM NORMAL -74 PTCLDY (SCALE 4-7) 0
TOTAL FM JUL 1 1371 CLOUDY (SCALE 8-10) 30
DPTR FM NORMAL -337
[CDD (BASE 65) ]
TOTAL THIS MO. 0
DPTR FM NORMAL 0 [PRESSURE DATA]
TOTAL FM JAN 1 811 HIGHEST SLP M ON M
DPTR FM NORMAL 228 LOWEST SLP M ON M
[REMARKS]
#FINAL-11-21#