000
CXUS53 KMQT 022249
CLMMQT
CLIMATE REPORT
NATIONAL WEATHER SERVICE MARQUETTE MI
549 PM EST TUE JAN 02 2024
...................................
...THE MARQUETTE MI CLIMATE SUMMARY FOR THE MONTH OF DECEMBER 2023...
CLIMATE NORMAL PERIOD: 1991 TO 2020
CLIMATE RECORD PERIOD: 1961 TO 2024
WEATHER OBSERVED NORMAL DEPART LAST YEAR`S
VALUE DATE(S) VALUE FROM VALUE DATE(S)
NORMAL
................................................................
TEMPERATURE (F)
RECORD
HIGH 59 12/03/1998
12/03/1982
LOW -28 12/20/1983
HIGHEST 53 12/14 24 29 42 12/30
LOWEST 9 12/02 10 -1 -5 12/21
12/19
AVG. MAXIMUM 35.9 26.6 9.3 26.2
AVG. MINIMUM 24.8 13.9 10.9 14.7
MEAN 30.3 20.2 10.1 20.5
DAYS MAX >= 90 0 0.0 0.0 0
DAYS MAX <= 32 13 22.4 -9.4 25
DAYS MIN <= 32 24 30.3 -6.3 31
DAYS MIN <= 0 0 4.7 -4.7 3
PRECIPITATION (INCHES)
RECORD
MAXIMUM 6.91 1968
MINIMUM 0.37 1994
TOTALS 2.12 2.60 -0.48 3.15
DAILY AVG. 0.07 0.08 -0.01 0.10
DAYS >= .01 14 16.6 -2.6 18
DAYS >= .10 7 7.0 0.0 8
DAYS >= .50 0 1.0 -1.0 2
DAYS >= 1.00 0 0.3 -0.3 0
GREATEST
24 HR. TOTAL 0.48 12/15 TO 12/15
SNOWFALL (INCHES)
RECORDS
TOTAL 89.5 2000
TOTALS 8.5 39.9 -31.4 45.9
SINCE 7/1 16.9 69.5 -52.6 MM
SNOWDEPTH AVG. 1 7
DAYS >= 1.0 2 9.7 -7.7 13
GREATEST
SNOW DEPTH 3 12/19 18 12/25
12/06
12/07
24 HR TOTAL MM
DEGREE DAYS
HEATING TOTAL 1064 1387 -323 1374
SINCE 7/1 3027 3554 -527 MM
COOLING TOTAL 0 0 0 0
SINCE 1/1 278 237 41 MM
................................................................
WIND (MPH)
AVERAGE WIND SPEED MM
HIGHEST WIND SPEED/DIRECTION MM DATE MM
HIGHEST GUST SPEED/DIRECTION 38/270 DATE 12/18
SKY COVER
POSSIBLE SUNSHINE (PERCENT) MM
AVERAGE SKY COVER MM
NUMBER OF DAYS FAIR 0
NUMBER OF DAYS PC 0
NUMBER OF DAYS CLOUDY 0
AVERAGE RH (PERCENT) MM
WEATHER CONDITIONS. NUMBER OF DAYS WITH
THUNDERSTORM 0 MIXED PRECIP 2
HEAVY RAIN 0 RAIN 2
LIGHT RAIN 8 FREEZING RAIN 0
LT FREEZING RAIN 3 HAIL 0
HEAVY SNOW 1 SNOW 1
LIGHT SNOW 12 SLEET 0
FOG 10 FOG W/VIS <= 1/4 MILE 6
HAZE 0
- INDICATES NEGATIVE NUMBERS.
R INDICATES RECORD WAS SET OR TIED.
MM INDICATES DATA IS MISSING.
T INDICATES TRACE AMOUNT.
$$