957
CXUS54 KMAF 011210
CF6MRF
PRELIMINARY LOCAL CLIMATOLOGICAL DATA (WS FORM: F-6)
STATION: MARFA
MONTH: OCTOBER
YEAR: 2020
LATITUDE: 30 22 N
LONGITUDE: 104 1 W
TEMPERATURE IN F: :PCPN: SNOW: WIND :SUNSHINE: SKY :PK WND
================================================================================
1 2 3 4 5 6A 6B 7 8 9 10 11 12 13 14 15 16 17 18
12Z AVG MX 2MIN
DY MAX MIN AVG DEP HDD CDD WTR SNW DPTH SPD SPD DIR MIN PSBL S-S WX SPD DR
================================================================================
1 83 42 63 M 2 0 M M M 7.8 13 70 M M 0 18 40
2 80 41 61 M 4 0 M M M 6.6 13 180 M M 0 21 160
3 86 42 64 M 1 0 M M M 6.8 12 30 M M 0 20 190
4 82 49 66 M 0 1 M M M 7.0 15 60 M M 0 18 70
5 86 45 66 M 0 1 M M M 5.3 10 250 M M 0 M M
6 90 44 67 M 0 2 M M M 5.9 10 80 M M 0 M M
7 85 47 66 M 0 1 M M M 6.6 10 170 M M 0 21 180
8 88 45 67 M 0 2 M M M 6.0 9 50 M M 0 M M
9 90 44 67 M 0 2 M M M 6.2 12 290 M M 0 20 280
10 90 44 67 M 0 2 M M M 7.1 14 290 M M 0 25 240
11 88 46 67 M 0 2 M M M 7.6 14 240 M M 0 22 240
12 78 50 64 M 1 0 M M M 10.6 24 30 M M 3 8 33 30
13 87 48 68 M 0 3 M M M 5.8 16 250 M M 0 21 250
14 90 47 69 M 0 4 M M M 8.7 22 270 M M 0 26 280
15 74 48 61 M 4 0 M M M 11.8 28 20 M M 0 8 33 20
16 72 42 57 M 8 0 M M M 8.1 15 50 M M 0 21 50
17 87 39 63 M 2 0 M M M 6.7 17 290 M M 0 21 290
18 87 44 66 M 0 1 M M M 8.2 17 290 M M 0 25 290
19 88 44 66 M 0 1 M M M 6.6 14 240 M M 0 23 210
20 87 46 67 M 0 2 M M M 5.8 15 150 M M 0 25 150
21 86 48 67 M 0 2 M M M 7.7 15 130 M M 0 24 130
22 86 50 68 M 0 3 M M M 6.1 15 250 M M 0 21 230
23 70 43 57 M 8 0 M M M 11.9 20 50 M M 0 8 24 40
24 83 38 61 M 4 0 M M M 6.6 18 250 M M 0 23 240
25 87 46 67 M 0 2 M M M 6.5 18 230 M M 0 25 220
26 57 28 43 M 22 0 M M M 18.7 26 40 M M 4 33 50
27 28 23 26 M 39 0 T M M 21.9 24 50 M M 10 1 32 40
28 52 16 34 M 31 0 M M M 16.8 28 270 M M 1 37 280
29 62 34 48 M 17 0 M M M 11.4 20 20 M M 0 28 10
30 70 27 49 M 16 0 M M M 5.9 10 190 M M 0 17 200
31 81 35 58 M 7 0 M M M 7.6 14 300 M M 0 22 230
================================================================================
SM 2460 1285 166 31 T M 266.1 M 18
================================================================================
AV 79.4 41.5 8.6 FASTST M M 1 MAX(MPH)
MISC ----> # 28 20 37 280
================================================================================
NOTES:
# LAST OF SEVERAL OCCURRENCES
COLUMN 17 PEAK WIND IN M.P.H.
PRELIMINARY LOCAL CLIMATOLOGICAL DATA (WS FORM: F-6) , PAGE 2
STATION: MARFA
MONTH: OCTOBER
YEAR: 2020
LATITUDE: 30 22 N
LONGITUDE: 104 1 W
[TEMPERATURE DATA] [PRECIPITATION DATA] SYMBOLS USED IN COLUMN 16
AVERAGE MONTHLY: 60.4 TOTAL FOR MONTH: T 1 = FOG OR MIST
DPTR FM NORMAL: 0.0 DPTR FM NORMAL: M 2 = FOG REDUCING VISIBILITY
HIGHEST: 90 ON 14,10 GRTST 24HR T ON 27-27 TO 1/4 MILE OR LESS
LOWEST: 16 ON 28 3 = THUNDER
SNOW, ICE PELLETS, HAIL 4 = ICE PELLETS
TOTAL MONTH: M 5 = HAIL
GRTST 24HR M ON M 6 = FREEZING RAIN OR DRIZZLE
GRTST DEPTH: M ON M 7 = DUSTSTORM OR SANDSTORM:
VSBY 1/2 MILE OR LESS
8 = SMOKE OR HAZE
[NO. OF DAYS WITH] [WEATHER - DAYS WITH] 9 = BLOWING SNOW
X = TORNADO
MAX 32 OR BELOW: 1 0.01 INCH OR MORE: 0
MAX 90 OR ABOVE: 4 0.10 INCH OR MORE: 0
MIN 32 OR BELOW: 4 0.50 INCH OR MORE: 0
MIN 0 OR BELOW: 0 1.00 INCH OR MORE: 0
[HDD (BASE 65) ]
TOTAL THIS MO. 166 CLEAR (SCALE 0-3) 29
DPTR FM NORMAL M PTCLDY (SCALE 4-7) 1
TOTAL FM JUL 1 221 CLOUDY (SCALE 8-10) 1
DPTR FM NORMAL M
[CDD (BASE 65) ]
TOTAL THIS MO. 31
DPTR FM NORMAL M [PRESSURE DATA]
TOTAL FM JAN 1 1325 HIGHEST SLP M ON M
DPTR FM NORMAL M LOWEST SLP M ON M
[REMARKS]
#FINAL-10-20#