000
CXUS52 KMHX 082137
CF6MRH
PRELIMINARY LOCAL CLIMATOLOGICAL DATA (WS FORM: F-6)
STATION: BEAUFORT/SMITH FIELD NC
MONTH: JULY
YEAR: 2021
LATITUDE: 34 43 N
LONGITUDE: 76 39 W
TEMPERATURE IN F: :PCPN: SNOW: WIND :SUNSHINE: SKY :PK WND
================================================================================
1 2 3 4 5 6A 6B 7 8 9 10 11 12 13 14 15 16 17 18
12Z AVG MX 2MIN
DY MAX MIN AVG DEP HDD CDD WTR SNW DPTH SPD SPD DIR MIN PSBL S-S WX SPD DR
================================================================================
1 85 78 82 2 0 17 0.00 0.0 0 16.6 24 210 M M 1 32 210
2 83 71 77 -3 0 12 1.20 0.0 0 9.3 24 220 M M 6 1238 30 230
3 82 69 76 -4 0 11 0.01 0.0 0 6.5 14 330 M M 3 18 330
4 83 68 76 -4 0 11 0.00 0.0 0 7.1 15 180 M M 0 18 210
5 84 71 78 -2 0 13 0.00 0.0 0 6.1 13 200 M M 0 17 190
6 83 69 76 -4 0 11 0.00 0.0 0 4.6 13 210 M M 1 16 200
7 85 74 80 -1 0 15 T 0.0 0 9.7 20 210 M M 2 24 210
8 83 77 80 -1 0 15 0.17 0.0 0 18.4 35 200 M M 5 13 44 200
9 85 74 80 -1 0 15 0.16 0.0 0 14.8 23 210 M M 2 29 270
10 85 76 81 0 0 16 0.00 0.0 0 10.7 18 210 M M 3 22 220
11 86 79 83 2 0 18 0.00 0.0 0 15.2 23 210 M M 3 30 200
12 86 80 83 2 0 18 0.00 0.0 0 15.9 21 210 M M 2 25 190
13 86 79 83 2 0 18 0.00 0.0 0 11.5 15 220 M M 2 21 230
14 86 79 83 2 0 18 0.00 0.0 0 10.7 17 190 M M 0 22 210
15 87 80 84 3 0 19 0.00 0.0 0 11.2 17 220 M M 0 21 210
16 87 80 84 3 0 19 0.00 0.0 0 13.1 21 220 M M 0 25 210
17 87 80 84 3 0 19 0.00 0.0 0 15.1 20 210 M M 2 24 200
18 87 76 82 1 0 17 0.04 0.0 0 12.7 22 210 M M 2 27 210
19 82 71 77 -4 0 12 1.00 0.0 0 10.2 26 220 M M 6 138 34 210
20 81 73 77 -4 0 12 0.08 0.0 0 6.7 14 270 M M 8 1 18 250
21 84 76 80 -1 0 15 0.01 0.0 0 7.4 13 240 M M 3 M M
22 87 75 81 0 0 16 0.00 0.0 0 7.7 15 110 M M 2 20 100
23 84 69 77 -4 0 12 0.00 0.0 0 7.9 14 90 M M 2 19 50
24 84 67 76 -4 0 11 0.00 0.0 0 6.3 13 110 M M 1 17 100
25 85 69 77 -3 0 12 0.00 0.0 0 6.6 14 200 M M 1 18 160
26 88 77 83 3 0 18 T 0.0 0 10.6 18 200 M M 4 21 210
27 87 72 80 0 0 15 0.92 0.0 0 8.5 15 210 M M 3 13 20 20
28 85 76 81 1 0 16 0.43 0.0 0 8.2 26 160 M M 5 13 36 160
29 86 73 80 0 0 15 0.00 0.0 0 8.6 20 190 M M 1 23 200
30 88 79 84 4 0 19 0.00 0.0 0 15.9 25 220 M M 1 30 220
31 89 76 83 3 0 18 0.09 0.0 0 6.6 16 210 M M 4 13 23 230
================================================================================
SM 2640 2313 0 473 4.11 0.0 320.4 M 75
================================================================================
AV 85.2 74.6 10.3 FASTST M M 2 MAX(MPH)
MISC ----> 35 200 44 200
================================================================================
NOTES:
# LAST OF SEVERAL OCCURRENCES
COLUMN 17 PEAK WIND IN M.P.H.
PRELIMINARY LOCAL CLIMATOLOGICAL DATA (WS FORM: F-6) , PAGE 2
STATION: BEAUFORT/SMITH FIELD NC
MONTH: JULY
YEAR: 2021
LATITUDE: 34 43 N
LONGITUDE: 76 39 W
[TEMPERATURE DATA] [PRECIPITATION DATA] SYMBOLS USED IN COLUMN 16
AVERAGE MONTHLY: 79.9 TOTAL FOR MONTH: 4.11 1 = FOG OR MIST
DPTR FM NORMAL: -0.7 DPTR FM NORMAL: -1.70 2 = FOG REDUCING VISIBILITY
HIGHEST: 89 ON 31 GRTST 24HR 1.21 ON 2- 3 TO 1/4 MILE OR LESS
LOWEST: 67 ON 24 3 = THUNDER
SNOW, ICE PELLETS, HAIL 4 = ICE PELLETS
TOTAL MONTH: 0.0 INCH 5 = HAIL
GRTST 24HR 0.0 6 = FREEZING RAIN OR DRIZZLE
GRTST DEPTH: 0 7 = DUSTSTORM OR SANDSTORM:
VSBY 1/2 MILE OR LESS
8 = SMOKE OR HAZE
[NO. OF DAYS WITH] [WEATHER - DAYS WITH] 9 = BLOWING SNOW
X = TORNADO
MAX 32 OR BELOW: 0 0.01 INCH OR MORE: 11
MAX 90 OR ABOVE: 0 0.10 INCH OR MORE: 6
MIN 32 OR BELOW: 0 0.50 INCH OR MORE: 3
MIN 0 OR BELOW: 0 1.00 INCH OR MORE: 2
[HDD (BASE 65) ]
TOTAL THIS MO. 0 CLEAR (SCALE 0-3) 22
DPTR FM NORMAL 0 PTCLDY (SCALE 4-7) 9
TOTAL FM JUL 1 0 CLOUDY (SCALE 8-10) 0
DPTR FM NORMAL 0
[CDD (BASE 65) ]
TOTAL THIS MO. 473
DPTR FM NORMAL -9 [PRESSURE DATA]
TOTAL FM JAN 1 1038 HIGHEST SLP 30.31 ON 13
DPTR FM NORMAL -48 LOWEST SLP 29.77 ON 3
[REMARKS]
#FINAL-07-21#