000
CXUS53 KMKX 011638
CF6MSN
PRELIMINARY LOCAL CLIMATOLOGICAL DATA (WS FORM: F-6)
STATION: MADISON WI
MONTH: JANUARY
YEAR: 2023
LATITUDE: 43 7 N
LONGITUDE: 89 20 W
TEMPERATURE IN F: :PCPN: SNOW: WIND :SUNSHINE: SKY :PK WND
================================================================================
1 2 3 4 5 6A 6B 7 8 9 10 11 12 13 14 15 16 17 18
12Z AVG MX 2MIN
DY MAX MIN AVG DEP HDD CDD WTR SNW DPTH SPD SPD DIR MIN PSBL S-S WX SPD DR
================================================================================
1 42 33 38 17 27 0 0.03 0.0 T 1.8 9 190 M M 9 1 13 260
2 35 28 32 11 33 0 0.00 0.0 0 4.6 13 10 M M 8 1 16 20
3 39 32 36 15 29 0 0.49 T 0 9.4 17 60 M M 10 1 25 70
4 37 31 34 13 31 0 0.04 0.4 0 4.7 10 200 M M 10 1 16 200
5 34 30 32 12 33 0 0.03 0.3 1 4.8 9 300 M M 10 1 14 310
6 30 16 23 3 42 0 0.00 0.0 T 5.6 12 40 M M 9 15 290
7 28 18 23 3 42 0 T 0.1 T 5.0 10 360 M M 10 1 13 30
8 26 21 24 4 41 0 0.00 0.0 T 4.3 8 240 M M 9 1 15 230
9 40 19 30 10 35 0 0.00 0.0 T 5.3 13 160 M M 5 18 16 160
10 37 24 31 11 34 0 0.00 0.0 0 1.6 8 170 M M 7 128 13 170
11 46 29 38 18 27 0 T 0.0 0 4.4 16 360 M M 9 128 21 360
12 37 31 34 15 31 0 T 0.2 0 9.4 16 340 M M 10 1 22 360
13 31 23 27 8 38 0 0.01 0.1 T 9.0 22 10 M M 10 1 27 20
14 30 22 26 7 39 0 0.00 0.0 T 8.0 20 170 M M 9 25 170
15 42 25 34 15 31 0 0.00 0.0 0 15.4 24 170 M M 6 30 160
16 46 36 41 22 24 0 0.31 0.0 0 10.3 17 160 M M 10 1 22 160
17 43 35 39 20 26 0 0.01 0.0 0 7.0 14 290 M M 10 1 23 290
18 37 32 35 16 30 0 0.08 0.3 0 8.3 25 50 M M 10 16 34 50
19 36 32 34 15 31 0 0.23 1.4 2 7.0 15 310 M M 10 1 25 300
20 32 26 29 10 36 0 T T 1 7.6 15 310 M M 10 24 290
21 27 22 25 6 40 0 0.00 0.0 1 4.5 9 240 M M 10 1 14 230
22 26 18 22 3 43 0 0.04 1.0 2 4.1 13 350 M M 10 1 16 20
23 29 18 24 5 41 0 T T 1 6.3 13 240 M M 9 1 25 230
24 33 26 30 11 35 0 0.00 0.0 1 3.9 12 280 M M 9 17 260
25 32 29 31 12 34 0 0.12 1.3 1 4.9 12 350 M M 10 18 16 350
26 30 10 20 1 45 0 0.05 1.1 2 5.7 13 320 M M 9 1 19 310
27 35 9 22 3 43 0 0.03 0.4 4 8.8 20 290 M M 6 12 34 290
28 17 12 15 -4 50 0 0.34 6.1 3 6.0 16 30 M M 8 18 20 20
29 17 7 12 -7 53 0 0.01 1.2 9 8.7 16 360 M M 9 18 22 360
30 9 -4 3 -16 62 0 0.00 0.0 8 7.0 16 320 M M 6 21 330
31 9 -11 -1 -20 66 0 0.00 0.0 7 4.3 10 240 M M 1 18 230
================================================================================
SM 992 679 1172 0 1.82 13.9 197.7 M 268
================================================================================
AV 32.0 21.9 6.4 FASTST M M 9 MAX(MPH)
MISC ----> 25 50 # 34 50
================================================================================
NOTES:
# LAST OF SEVERAL OCCURRENCES
COLUMN 17 PEAK WIND IN M.P.H.
PRELIMINARY LOCAL CLIMATOLOGICAL DATA (WS FORM: F-6) , PAGE 2
STATION: MADISON WI
MONTH: JANUARY
YEAR: 2023
LATITUDE: 43 7 N
LONGITUDE: 89 20 W
[TEMPERATURE DATA] [PRECIPITATION DATA] SYMBOLS USED IN COLUMN 16
AVERAGE MONTHLY: 27.0 TOTAL FOR MONTH: 1.82 1 = FOG OR MIST
DPTR FM NORMAL: 7.6 DPTR FM NORMAL: 0.35 2 = FOG REDUCING VISIBILITY
HIGHEST: 46 ON 16,11 GRTST 24HR 0.49 ON 3- 3 TO 1/4 MILE OR LESS
LOWEST: -11 ON 31 3 = THUNDER
SNOW, ICE PELLETS, HAIL 4 = ICE PELLETS
TOTAL MONTH: 13.9 INCHES 5 = HAIL
GRTST 24HR 6.1 ON 28-28 6 = FREEZING RAIN OR DRIZZLE
GRTST DEPTH: 9 ON 29 7 = DUSTSTORM OR SANDSTORM:
VSBY 1/2 MILE OR LESS
8 = SMOKE OR HAZE
[NO. OF DAYS WITH] [WEATHER - DAYS WITH] 9 = BLOWING SNOW
X = TORNADO
MAX 32 OR BELOW: 15 0.01 INCH OR MORE: 15
MAX 90 OR ABOVE: 0 0.10 INCH OR MORE: 5
MIN 32 OR BELOW: 28 0.50 INCH OR MORE: 0
MIN 0 OR BELOW: 2 1.00 INCH OR MORE: 0
[HDD (BASE 65) ]
TOTAL THIS MO. 1172 CLEAR (SCALE 0-3) 1
DPTR FM NORMAL -241 PTCLDY (SCALE 4-7) 5
TOTAL FM JUL 1 3794 CLOUDY (SCALE 8-10) 25
DPTR FM NORMAL -358
[CDD (BASE 65) ]
TOTAL THIS MO. 0
DPTR FM NORMAL 0 [PRESSURE DATA]
TOTAL FM JAN 1 0 HIGHEST SLP 30.49 ON 31
DPTR FM NORMAL 0 LOWEST SLP 29.38 ON 16
[REMARKS]
#FINAL-01-23#