000
CXUS54 KLIX 180810
CF6MSY
PRELIMINARY LOCAL CLIMATOLOGICAL DATA (WS FORM: F-6)
STATION: NEW ORLEANS
MONTH: APRIL
YEAR: 2024
LATITUDE: 29 58 N
LONGITUDE: 90 15 W
TEMPERATURE IN F: :PCPN: SNOW: WIND :SUNSHINE: SKY :PK WND
================================================================================
1 2 3 4 5 6A 6B 7 8 9 10 11 12 13 14 15 16 17 18
12Z AVG MX 2MIN
DY MAX MIN AVG DEP HDD CDD WTR SNW DPTH SPD SPD DIR MIN PSBL S-S WX SPD DR
================================================================================
1 81 70 76 9 0 11 0.00 0.0 M 10.6 20 170 M M 10 1 30 170
2 83 71 77 10 0 12 0.01 0.0 M 10.1 20 190 M M 10 18 32 170
3 74 58 66 -1 0 1 T 0.0 M 14.1 23 310 M M 4 36 310
4 76 57 67 -1 0 2 0.00 0.0 M 8.1 24 310 M M 1 36 310
5 83 58 71 3 0 6 0.00 0.0 M 5.7 12 300 M M 1 16 270
6 79 59 69 1 0 4 0.00 0.0 M 8.9 15 130 M M 4 20 90
7 80 66 73 5 0 8 0.00 0.0 M 11.2 21 140 M M 8 1 28 140
8 77 70 74 6 0 9 0.04 0.0 M 11.8 21 150 M M 9 3 30 150
9 81 71 76 7 0 11 0.00 0.0 M 16.1 24 150 M M 9 32 150
10 75 64 70 1 0 5 6.24 0.0 M 11.8 29 200 M M 9 13 50 120
11 75 60 68 -1 0 3 0.00 0.0 M 12.9 28 290 M M 4 39 280
12 78 58 68 -1 0 3 0.00 0.0 M 5.9 14 300 M M 1 20 300
13 80 55 68 -2 0 3 0.00 0.0 M 4.6 14 180 M M 1 1 20 180
14 80 59 70 0 0 5 0.00 0.0 M 6.4 17 170 M M 3 24 150
15 82 64 73 3 0 8 0.00 0.0 M 9.4 15 170 M M 5 22 180
16 82 69 76 6 0 11 0.00 0.0 M 11.9 23 140 M M 8 30 140
17 82 72 77 7 0 12 0.00 0.0 M 8.1 17 140 M M 9 21 150
================================================================================
SM 1348 1081 0 114 6.29 0.0 167.6 M 96
================================================================================
AV 79.3 63.6 9.9 FASTST M M 6 MAX(MPH)
MISC ----> 29 200 50 120
================================================================================
NOTES:
# LAST OF SEVERAL OCCURRENCES
COLUMN 17 PEAK WIND IN M.P.H.
PRELIMINARY LOCAL CLIMATOLOGICAL DATA (WS FORM: F-6) , PAGE 2
STATION: NEW ORLEANS
MONTH: APRIL
YEAR: 2024
LATITUDE: 29 58 N
LONGITUDE: 90 15 W
[TEMPERATURE DATA] [PRECIPITATION DATA] SYMBOLS USED IN COLUMN 16
AVERAGE MONTHLY: 71.4 TOTAL FOR MONTH: 6.29 1 = FOG OR MIST
DPTR FM NORMAL: 2.8 DPTR FM NORMAL: 3.45 2 = FOG REDUCING VISIBILITY
HIGHEST: 83 ON 5, 2 GRTST 24HR 6.24 ON 10-10 TO 1/4 MILE OR LESS
LOWEST: 55 ON 13 3 = THUNDER
SNOW, ICE PELLETS, HAIL 4 = ICE PELLETS
TOTAL MONTH: 0.0 INCH 5 = HAIL
GRTST 24HR 0.0 6 = FREEZING RAIN OR DRIZZLE
GRTST DEPTH: M ON M 7 = DUSTSTORM OR SANDSTORM:
VSBY 1/2 MILE OR LESS
8 = SMOKE OR HAZE
[NO. OF DAYS WITH] [WEATHER - DAYS WITH] 9 = BLOWING SNOW
X = TORNADO
MAX 32 OR BELOW: 0 0.01 INCH OR MORE: 3
MAX 90 OR ABOVE: 0 0.10 INCH OR MORE: 1
MIN 32 OR BELOW: 0 0.50 INCH OR MORE: 1
MIN 0 OR BELOW: 0 1.00 INCH OR MORE: 1
[HDD (BASE 65) ]
TOTAL THIS MO. 0 CLEAR (SCALE 0-3) 4
DPTR FM NORMAL -23 PTCLDY (SCALE 4-7) 7
TOTAL FM JUL 1 955 CLOUDY (SCALE 8-10) 6
DPTR FM NORMAL -216
[CDD (BASE 65) ]
TOTAL THIS MO. 114
DPTR FM NORMAL 30 [PRESSURE DATA]
TOTAL FM JAN 1 242 HIGHEST SLP M ON M
DPTR FM NORMAL 27 LOWEST SLP 29.56 ON 10
[REMARKS]