000
CXUS53 KGRB 011845
CF6MTW
PRELIMINARY LOCAL CLIMATOLOGICAL DATA (WS FORM: F-6)
STATION: MANITOWOC AWOS
MONTH: APRIL
YEAR: 2022
LATITUDE: 44 7 N
LONGITUDE: 87 40 W
TEMPERATURE IN F: :PCPN: SNOW: WIND :SUNSHINE: SKY :PK WND
================================================================================
1 2 3 4 5 6A 6B 7 8 9 10 11 12 13 14 15 16 17 18
12Z AVG MX 2MIN
DY MAX MIN AVG DEP HDD CDD WTR SNW DPTH SPD SPD DIR MIN PSBL S-S WX SPD DR
================================================================================
1 39 27 33 M 32 0 T M M 10.7 14 170 M M 6 21 320
2 39 31 35 M 30 0 0.05 M M 5.7 10 170 M M 7 1 M M
3 41 34 38 M 27 0 T M M 6.2 12 130 M M 8 M M
4 41 32 37 M 28 0 0.26 M M 8.7 13 150 M M 10 1 M M
5 40 33 37 M 28 0 0.01 M M 7.0 14 80 M M 9 12 20 100
6 52 39 46 M 19 0 0.47 M M 12.0 22 170 M M 9 1 37 230
7 41 36 39 M 26 0 0.01 M M 8.2 14 230 M M 10 M M
8 37 30 34 M 31 0 0.07 M M 11.2 16 330 M M 10 1 22 350
9 42 28 35 M 30 0 T M M 8.2 15 340 M M 7 1 M M
10 46 25 36 M 29 0 T M M 8.0 16 130 M M 1 25 130
11 60 37 49 M 16 0 M M M 10.8 25 260 M M 1 35 260
12 54 31 43 M 22 0 0.03 M M 6.9 17 90 M M 3 1 31 360
13 58 37 48 M 17 0 0.41 M M 8.5 23 280 M M 10 128 36 290
14 41 34 38 M 27 0 T M M 20.8 31 230 M M 5 45 230
15 41 30 36 M 29 0 M M M 16.6 26 270 M M 3 41 270
16 36 29 33 M 32 0 T M M 11.7 18 300 M M 9 25 300
17 36 25 31 M 34 0 M M M 5.2 12 100 M M 4 16 99
18 37 32 35 M 30 0 0.18 M M 7.5 14 290 M M 10 1 26 290
19 46 32 39 M 26 0 T M M 11.3 18 320 M M 7 23 320
20 42 36 39 M 26 0 0.44 M M 15.3 28 160 M M 8 1 37 160
21 61 40 51 M 14 0 0.01 M M 11.9 27 290 M M 4 1 41 280
22 44 31 38 M 27 0 0.13 M M 9.8 17 120 M M 5 23 120
23 60 42 51 M 14 0 M M M 14.1 21 170 M M 2 18 30 170
24 71 48 60 M 5 0 T M M 14.6 28 220 M M 3 39 220
25 50 40 45 M 20 0 T M M 12.5 18 280 M M 9 25 280
26 40 33 37 M 28 0 M M M 12.3 18 300 M M 10 1 27 300
27 39 26 33 M 32 0 M M M 7.5 13 120 M M 5 16 20
28 45 30 38 M 27 0 M M M 7.6 14 120 M M 6 M M
29 54 39 47 M 18 0 M M M 9.6 15 110 M M 0 22 140
30 50 42 46 M 19 0 0.73 M M 13.4 22 120 M M 9 1 37 120
================================================================================
SM 1383 1009 743 0 2.80 M 313.7 M 190
================================================================================
AV 46.1 33.6 10.5 FASTST M M 6 MAX(MPH)
MISC ----> 31 230 45 230
================================================================================
NOTES:
# LAST OF SEVERAL OCCURRENCES
COLUMN 17 PEAK WIND IN M.P.H.
PRELIMINARY LOCAL CLIMATOLOGICAL DATA (WS FORM: F-6) , PAGE 2
STATION: MANITOWOC AWOS
MONTH: APRIL
YEAR: 2022
LATITUDE: 44 7 N
LONGITUDE: 87 40 W
[TEMPERATURE DATA] [PRECIPITATION DATA] SYMBOLS USED IN COLUMN 16
AVERAGE MONTHLY: 39.9 TOTAL FOR MONTH: 2.80 1 = FOG OR MIST
DPTR FM NORMAL: 0.0 DPTR FM NORMAL: M 2 = FOG REDUCING VISIBILITY
HIGHEST: 71 ON 24 GRTST 24HR 0.73 ON 30-30 TO 1/4 MILE OR LESS
LOWEST: 25 ON 17,10 3 = THUNDER
SNOW, ICE PELLETS, HAIL 4 = ICE PELLETS
TOTAL MONTH: M 5 = HAIL
GRTST 24HR M ON M 6 = FREEZING RAIN OR DRIZZLE
GRTST DEPTH: M ON M 7 = DUSTSTORM OR SANDSTORM:
VSBY 1/2 MILE OR LESS
8 = SMOKE OR HAZE
[NO. OF DAYS WITH] [WEATHER - DAYS WITH] 9 = BLOWING SNOW
X = TORNADO
MAX 32 OR BELOW: 0 0.01 INCH OR MORE: 13
MAX 90 OR ABOVE: 0 0.10 INCH OR MORE: 7
MIN 32 OR BELOW: 15 0.50 INCH OR MORE: 1
MIN 0 OR BELOW: 0 1.00 INCH OR MORE: 0
[HDD (BASE 65) ]
TOTAL THIS MO. 743 CLEAR (SCALE 0-3) 6
DPTR FM NORMAL M PTCLDY (SCALE 4-7) 12
TOTAL FM JUL 1 6841 CLOUDY (SCALE 8-10) 12
DPTR FM NORMAL 5046
[CDD (BASE 65) ]
TOTAL THIS MO. 0
DPTR FM NORMAL M [PRESSURE DATA]
TOTAL FM JAN 1 0 HIGHEST SLP 30.51 ON 22
DPTR FM NORMAL 0 LOWEST SLP 29.37 ON 6
[REMARKS]
#FINAL-04-22#