000
CXUS55 KBOI 011002
CF6MUO
PRELIMINARY LOCAL CLIMATOLOGICAL DATA (WS FORM: F-6)
STATION: MOUNTAIN HOME AFB
MONTH: OCTOBER
YEAR: 2020
LATITUDE: 43 2 N
LONGITUDE: 115 52 W
TEMPERATURE IN F: :PCPN: SNOW: WIND :SUNSHINE: SKY :PK WND
================================================================================
1 2 3 4 5 6A 6B 7 8 9 10 11 12 13 14 15 16 17 18
12Z AVG MX 2MIN
DY MAX MIN AVG DEP HDD CDD WTR SNW DPTH SPD SPD DIR MIN PSBL S-S WX SPD DR
================================================================================
1 83 42 63 6 2 0 0.00 M M 5.8 12 110 M M 0 M M
2 87 40 64 7 1 0 0.00 M M 6.5 17 320 M M 0 18 310
3 82 43 63 6 2 0 0.00 M M 4.9 8 90 M M 0 M M
4 87 45 66 10 0 1 0.00 M M 10.3 20 100 M M 0 24 100
5 82 45 64 8 1 0 0.00 M M 6.7 14 330 M M 0 M M
6 82 41 62 7 3 0 0.00 M M 4.7 12 100 M M 0 M M
7 82 44 63 8 2 0 0.00 M M 7.7 16 120 M M 1 8 M M
8 81 48 65 10 0 0 0.00 M M 3.5 10 340 M M 0 M M
9 79 40 60 6 5 0 0.00 M M 4.0 9 270 M M 0 M M
10 68 42 55 1 10 0 0.22 M M 9.7 28 330 M M 6 18 37 330
11 58 40 49 -4 16 0 T M M 9.3 18 320 M M 6 21 320
12 71 41 56 3 9 0 T M M 7.7 21 330 M M 3 28 320
13 69 42 56 3 9 0 0.01 M M 5.9 18 310 M M 5 30 300
14 60 40 50 -2 15 0 0.00 M M 13.5 25 320 M M 1 33 320
15 58 36 47 -5 18 0 0.00 M M 11.2 21 320 M M 0 26 310
16 69 31 50 -1 15 0 0.00 M M 2.1 7 20 M M 0 8 M M
17 69 44 57 6 8 0 0.00 M M 10.9 22 310 M M 1 32 310
18 71 38 55 4 10 0 0.00 M M 7.1 15 320 M M 1 20 320
19 69 43 56 6 9 0 0.00 M M 8.3 20 330 M M 0 24 330
20 64 43 54 4 11 0 0.00 M M 10.0 17 330 M M 4 22 310
21 63 40 52 3 13 0 0.00 M M 10.7 29 320 M M 4 38 320
22 51 28 40 -9 25 0 0.00 M M 14.4 22 320 M M 0 30 300
23 53 28 41 -8 24 0 0.00 M M 9.1 17 100 M M 2 8 M M
24 56 29 43 -5 22 0 0.05 M M 14.6 27 310 M M 8 35 320
25 41 22 32 -16 33 0 0.00 M M 11.2 24 290 M M 3 32 300
26 46 10 28 -19 37 0 0.00 M M 9.3 20 310 M M 1 20 310
27 58 22 40 -7 25 0 0.00 M M 7.6 16 310 M M 0 M M
28 65 24 45 -1 20 0 0.00 M M 5.5 14 310 M M 0 18 290
29 69 30 50 4 15 0 0.00 M M 6.0 10 100 M M 0 M M
30 73 35 54 8 11 0 0.00 M M 12.5 23 110 M M 2 8 31 110
31 58 32 45 0 20 0 0.00 M M 6.6 15 290 M M 0 8 M M
================================================================================
SM 2104 1128 391 1 0.28 M 257.3 M 48
================================================================================
AV 67.9 36.4 8.3 FASTST M M 2 MAX(MPH)
MISC ----> 29 320 38 320
================================================================================
NOTES:
# LAST OF SEVERAL OCCURRENCES
COLUMN 17 PEAK WIND IN M.P.H.
PRELIMINARY LOCAL CLIMATOLOGICAL DATA (WS FORM: F-6) , PAGE 2
STATION: MOUNTAIN HOME AFB
MONTH: OCTOBER
YEAR: 2020
LATITUDE: 43 2 N
LONGITUDE: 115 52 W
[TEMPERATURE DATA] [PRECIPITATION DATA] SYMBOLS USED IN COLUMN 16
AVERAGE MONTHLY: 52.1 TOTAL FOR MONTH: 0.28 1 = FOG OR MIST
DPTR FM NORMAL: 0.8 DPTR FM NORMAL: -0.53 2 = FOG REDUCING VISIBILITY
HIGHEST: 87 ON 4, 2 GRTST 24HR 0.22 ON 10-10 TO 1/4 MILE OR LESS
LOWEST: 10 ON 26 3 = THUNDER
SNOW, ICE PELLETS, HAIL 4 = ICE PELLETS
TOTAL MONTH: M 5 = HAIL
GRTST 24HR M ON M 6 = FREEZING RAIN OR DRIZZLE
GRTST DEPTH: M ON M 7 = DUSTSTORM OR SANDSTORM:
VSBY 1/2 MILE OR LESS
8 = SMOKE OR HAZE
[NO. OF DAYS WITH] [WEATHER - DAYS WITH] 9 = BLOWING SNOW
X = TORNADO
MAX 32 OR BELOW: 0 0.01 INCH OR MORE: 3
MAX 90 OR ABOVE: 0 0.10 INCH OR MORE: 1
MIN 32 OR BELOW: 10 0.50 INCH OR MORE: 0
MIN 0 OR BELOW: 0 1.00 INCH OR MORE: 0
[HDD (BASE 65) ]
TOTAL THIS MO. 391 CLEAR (SCALE 0-3) 25
DPTR FM NORMAL -27 PTCLDY (SCALE 4-7) 6
TOTAL FM JUL 1 463 CLOUDY (SCALE 8-10) 0
DPTR FM NORMAL -88
[CDD (BASE 65) ]
TOTAL THIS MO. 1
DPTR FM NORMAL -1 [PRESSURE DATA]
TOTAL FM JAN 1 965 HIGHEST SLP M ON M
DPTR FM NORMAL 52 LOWEST SLP M ON M
[REMARKS]
#FINAL-10-20#