000
CXUS51 KBTV 010800
CF6MVL
PRELIMINARY LOCAL CLIMATOLOGICAL DATA (WS FORM: F-6)
STATION: MORRISVILLE VT
MONTH: NOVEMBER
YEAR: 2022
LATITUDE: 44 31 N
LONGITUDE: 72 37 W
TEMPERATURE IN F: :PCPN: SNOW: WIND :SUNSHINE: SKY :PK WND
================================================================================
1 2 3 4 5 6A 6B 7 8 9 10 11 12 13 14 15 16 17 18
12Z AVG MX 2MIN
DY MAX MIN AVG DEP HDD CDD WTR SNW DPTH SPD SPD DIR MIN PSBL S-S WX SPD DR
================================================================================
1 59 43 51 11 14 0 0.01 M M 1.5 12 350 M M 9 1 17 360
2 60 28 44 5 21 0 0.00 M M 2.3 10 360 M M 3 12 13 360
3 68 25 47 8 18 0 0.00 M M 2.8 12 200 M M 0 16 210
4 71 32 52 13 13 0 0.00 M M 2.9 13 200 M M 0 18 200
5 74 51 63 25 2 0 0.00 M M 9.6 20 170 M M 5 26 200
6 76 60 68 30 0 3 0.38 M M 10.6 21 180 M M 7 1 31 210
7 65 44 55 17 10 0 0.27 M M 5.2 21 320 M M 5 1 33 330
8 45 24 35 -2 30 0 0.00 M M 6.9 20 340 M M 3 29 360
9 51 20 36 -1 29 0 0.00 M M 2.1 7 10 M M 0 10 180
10 69 28 49 13 16 0 0.00 M M 2.8 12 200 M M 4 16 200
11 70 36 53 17 12 0 0.79 M M 3.3 15 200 M M 4 1 21 180
12 64 46 55 19 10 0 0.82 M M 3.5 15 330 M M 9 1 23 320
13 46 31 39 4 26 0 T M M 5.8 16 310 M M 10 25 330
14 35 24 30 -5 35 0 T M M 5.1 16 300 M M 9 24 280
15 36 20 28 -6 37 0 T M M 1.2 10 170 M M 3 14 170
16 34 30 32 -2 33 0 0.43 M M 2.4 13 320 M M 10 12 19 320
17 32 24 28 -6 37 0 0.06 M M 5.3 16 330 M M 10 1 21 330
18 35 17 26 -7 39 0 T M M 3.1 14 200 M M 9 1 19 200
19 37 21 29 -4 36 0 T M M 3.5 14 200 M M 6 1 21 210
20 31 17 24 -8 41 0 0.08 M M 7.2 17 300 M M 9 128 28 250
21 38 4 21 -11 44 0 T M M 8.4 21 190 M M 4 30 200
22 39 25 32 0 33 0 T M M 4.3 18 330 M M 5 32 280
23 35 18 27 -4 38 0 T M M 4.6 12 340 M M 8 16 320
24 40 12 26 -5 39 0 T M M 0.8 6 330 M M 0 7 330
25 43 21 32 2 33 0 0.12 M M 6.3 21 330 M M 8 16 32 340
26 47 27 37 7 28 0 T M M 4.7 20 320 M M 4 34 320
27 46 23 35 5 30 0 0.63 M M 1.2 6 320 M M 4 1 8 100
28 38 31 35 6 30 0 0.05 M M 5.9 15 320 M M 10 1 22 320
29 33 27 30 1 35 0 0.00 M M 2.4 9 330 M M 10 13 320
30 48 26 37 9 28 0 0.79 M M 9.6 26 160 M M 8 1 37 180
================================================================================
SM 1465 835 797 3 4.43 M 135.3 M 176
================================================================================
AV 48.8 27.8 4.5 FASTST M M 6 MAX(MPH)
MISC ----> 26 160 37 180
================================================================================
NOTES:
# LAST OF SEVERAL OCCURRENCES
COLUMN 17 PEAK WIND IN M.P.H.
PRELIMINARY LOCAL CLIMATOLOGICAL DATA (WS FORM: F-6) , PAGE 2
STATION: MORRISVILLE VT
MONTH: NOVEMBER
YEAR: 2022
LATITUDE: 44 31 N
LONGITUDE: 72 37 W
[TEMPERATURE DATA] [PRECIPITATION DATA] SYMBOLS USED IN COLUMN 16
AVERAGE MONTHLY: 38.3 TOTAL FOR MONTH: 4.43 1 = FOG OR MIST
DPTR FM NORMAL: 4.1 DPTR FM NORMAL: 1.68 2 = FOG REDUCING VISIBILITY
HIGHEST: 76 ON 6 GRTST 24HR 1.61 ON 11-12 TO 1/4 MILE OR LESS
LOWEST: 4 ON 21 3 = THUNDER
SNOW, ICE PELLETS, HAIL 4 = ICE PELLETS
TOTAL MONTH: M 5 = HAIL
GRTST 24HR M ON M 6 = FREEZING RAIN OR DRIZZLE
GRTST DEPTH: M ON M 7 = DUSTSTORM OR SANDSTORM:
VSBY 1/2 MILE OR LESS
8 = SMOKE OR HAZE
[NO. OF DAYS WITH] [WEATHER - DAYS WITH] 9 = BLOWING SNOW
X = TORNADO
MAX 32 OR BELOW: 2 0.01 INCH OR MORE: 12
MAX 90 OR ABOVE: 0 0.10 INCH OR MORE: 8
MIN 32 OR BELOW: 24 0.50 INCH OR MORE: 4
MIN 0 OR BELOW: 0 1.00 INCH OR MORE: 0
[HDD (BASE 65) ]
TOTAL THIS MO. 797 CLEAR (SCALE 0-3) 5
DPTR FM NORMAL -125 PTCLDY (SCALE 4-7) 13
TOTAL FM JUL 1 1550 CLOUDY (SCALE 8-10) 12
DPTR FM NORMAL -318
[CDD (BASE 65) ]
TOTAL THIS MO. 3
DPTR FM NORMAL 3 [PRESSURE DATA]
TOTAL FM JAN 1 339 HIGHEST SLP 30.73 ON 9
DPTR FM NORMAL 94 LOWEST SLP 29.27 ON 28
[REMARKS]
#FINAL-11-22#