000
CXUS54 KLZK 222018
CF6MWT
PRELIMINARY LOCAL CLIMATOLOGICAL DATA (WS FORM: F-6)
STATION: MOUNT IDA
MONTH: NOVEMBER
YEAR: 2023
LATITUDE: 34 32 N
LONGITUDE: 93 35 W
TEMPERATURE IN F: :PCPN: SNOW: WIND :SUNSHINE: SKY :PK WND
================================================================================
1 2 3 4 5 6A 6B 7 8 9 10 11 12 13 14 15 16 17 18
12Z AVG MX 2MIN
DY MAX MIN AVG DEP HDD CDD WTR SNW DPTH SPD SPD DIR MIN PSBL S-S WX SPD DR
================================================================================
1 55 24 40 -16 25 0 0.00 0.0 M 0.6 7 60 M M 0 10 260
2 61 27 44 -12 21 0 0.00 0.0 0 1.3 9 110 M M 0 15 100
3 68 30 49 -7 16 0 0.00 0.0 0 0.9 9 120 M M 0 17 230
4 75 38 57 2 8 0 0.00 0.0 0 0.6 8 170 M M 1 1 14 180
5 77 44 61 6 4 0 0.00 0.0 M 1.0 8 170 M M 1 1 15 160
6 80 58 69 14 0 4 0.00 0.0 M 3.5 12 250 M M 0 25 180
7 80 62 71 17 0 6 0.00 0.0 M 2.4 9 140 M M 1 21 170
8 80 69 75 21 0 10 0.00 0.0 M 3.4 12 200 M M 5 24 210
9 70 49 60 6 5 0 1.27 0.0 M 1.4 7 60 M M 10 1 15 360
10 63 39 51 -2 14 0 0.11 0.0 M 1.2 10 20 M M 2 1 18 70
11 66 39 53 0 12 0 0.00 0.0 M 1.2 9 80 M M 1 17 80
12 67 36 52 -1 13 0 0.00 0.0 M 0.0 5 20 M M 0 7 100
13 70 39 55 3 10 0 0.00 0.0 M 0.9 8 60 M M 0 15 20
14 72 42 57 5 8 0 0.00 0.0 M 0.9 7 20 M M 0 12 10
15 65 37 51 -1 14 0 0.00 0.0 M 0.9 7 110 M M 6 10 130
16 63 57 60 9 5 0 0.00 0.0 M 1.1 7 110 M M 10 1 10 180
17 67 53 60 9 5 0 0.00 0.0 0 1.1 7 300 M M 9 1 12 310
18 70 41 56 5 9 0 0.00 0.0 0 0.4 7 130 M M 0 18 9 130
19 66 36 51 1 14 0 0.04 0.0 0 2.1 13 110 M M 4 12 20 110
20 56 50 53 3 12 0 0.22 0.0 0 2.1 9 110 M M 10 1 16 310
21 55 41 48 -2 17 0 0.00 0.0 M 6.7 15 320 M M 9 23 310
22 56 31 44 -5 21 0 0.00 0.0 M 1.9 8 270 M M 0 8 15 250
23 60 27 44 -5 21 0 0.00 0.0 M 0.9 6 150 M M 0 10 250
24 61 29 45 -4 20 0 0.00 0.0 M 0.8 7 90 M M 0 14 60
25 59 30 45 -3 20 0 0.02 0.0 M 0.5 6 260 M M 1 10 60
26 47 29 38 -10 27 0 0.15 0.0 M 3.9 15 300 M M 5 1 27 300
27 54 23 39 -9 26 0 0.00 0.0 0 1.2 9 300 M M 0 18 15 270
28 62 25 44 -4 21 0 0.00 0.0 0 1.2 9 310 M M 0 1 18 250
29 65 29 47 0 18 0 0.00 0.0 0 2.4 10 200 M M 0 17 210
30 56 47 52 5 13 0 1.79 0.0 0 2.7 12 100 M M 9 1 18 100
================================================================================
SM 1946 1181 399 20 3.60 0.0 49.2 M 84
================================================================================
AV 64.9 39.4 1.6 FASTST M M 3 MAX(MPH)
MISC ----> # 15 320 27 300
================================================================================
NOTES:
# LAST OF SEVERAL OCCURRENCES
COLUMN 17 PEAK WIND IN M.P.H.
PRELIMINARY LOCAL CLIMATOLOGICAL DATA (WS FORM: F-6) , PAGE 2
STATION: MOUNT IDA
MONTH: NOVEMBER
YEAR: 2023
LATITUDE: 34 32 N
LONGITUDE: 93 35 W
[TEMPERATURE DATA] [PRECIPITATION DATA] SYMBOLS USED IN COLUMN 16
AVERAGE MONTHLY: 52.1 TOTAL FOR MONTH: 3.60 1 = FOG OR MIST
DPTR FM NORMAL: 0.6 DPTR FM NORMAL: -1.65 2 = FOG REDUCING VISIBILITY
HIGHEST: 80 ON 8, 7 GRTST 24HR 1.79 ON 30-30 TO 1/4 MILE OR LESS
LOWEST: 23 ON 27 3 = THUNDER
SNOW, ICE PELLETS, HAIL 4 = ICE PELLETS
TOTAL MONTH: 0.0 INCH 5 = HAIL
GRTST 24HR 0.0 6 = FREEZING RAIN OR DRIZZLE
GRTST DEPTH: 0 7 = DUSTSTORM OR SANDSTORM:
VSBY 1/2 MILE OR LESS
8 = SMOKE OR HAZE
[NO. OF DAYS WITH] [WEATHER - DAYS WITH] 9 = BLOWING SNOW
X = TORNADO
MAX 32 OR BELOW: 0 0.01 INCH OR MORE: 7
MAX 90 OR ABOVE: 0 0.10 INCH OR MORE: 5
MIN 32 OR BELOW: 11 0.50 INCH OR MORE: 2
MIN 0 OR BELOW: 0 1.00 INCH OR MORE: 2
[HDD (BASE 65) ]
TOTAL THIS MO. 399 CLEAR (SCALE 0-3) 20
DPTR FM NORMAL -13 PTCLDY (SCALE 4-7) 4
TOTAL FM JUL 1 514 CLOUDY (SCALE 8-10) 6
DPTR FM NORMAL -66
[CDD (BASE 65) ]
TOTAL THIS MO. 20
DPTR FM NORMAL 12 [PRESSURE DATA]
TOTAL FM JAN 1 2247 HIGHEST SLP 30.53 ON 1
DPTR FM NORMAL 320 LOWEST SLP 29.68 ON 20
[REMARKS]
#FINAL-11-23#