000
CXUS56 KSGX 011145
CF6MYF
PRELIMINARY LOCAL CLIMATOLOGICAL DATA (WS FORM: F-6)
STATION: SAN DIEGO/MONTGOMERY FLD CA
MONTH: FEBRUARY
YEAR: 2024
LATITUDE: 32 49 N
LONGITUDE: 117 9 W
TEMPERATURE IN F: :PCPN: SNOW: WIND :SUNSHINE: SKY :PK WND
================================================================================
1 2 3 4 5 6A 6B 7 8 9 10 11 12 13 14 15 16 17 18
12Z AVG MX 2MIN
DY MAX MIN AVG DEP HDD CDD WTR SNW DPTH SPD SPD DIR MIN PSBL S-S WX SPD DR
================================================================================
1 M M M M M M 1.00 M M 8.6 17 130 M M 7 18 23 130
2 M M M M M M 0.09 M M 8.4 20 240 M M 6 1 24 250
3 M M M M M M T M M 3.5 12 290 M M 4 14 300
4 M M M M M M T M M 10.0 23 190 M M 3 29 170
5 61 54 58 1 7 0 1.01 M M 8.6 20 170 M M 10 18 26 170
6 M M M M M M 0.81 M M 7.3 17 150 M M 8 1 24 200
7 57 48 53 -4 12 0 0.71 M M 8.6 21 200 M M 9 13 28 200
8 56 49 53 -4 12 0 0.20 M M 8.1 22 290 M M 8 1 26 300
9 M M M M M M 0.07 M M 5.9 14 250 M M 6 1 18 250
10 M 45 M M M M 0.00 M M 4.4 16 300 M M 2 20 300
11 M M M M M M 0.00 M M 3.5 14 290 M M 0 17 260
12 M M M M M M 0.00 M M 3.4 15 300 M M 0 18 300
13 86 41 64 7 1 0 0.00 M M 3.3 14 260 M M 1 17 250
14 M M M M M M 0.00 M M 3.9 14 290 M M 1 17 280
15 M M M M M M 0.00 M M 5.8 17 320 M M 4 20 330
16 M 54 M M M M 0.00 M M 4.5 12 280 M M 7 1 14 300
17 61 49 55 -2 10 0 0.00 M M 2.4 10 300 M M 8 18 12 300
18 66 47 57 0 8 0 0.00 M M 3.2 12 280 M M 5 18 14 300
19 65 50 58 1 7 0 0.01 M M 6.2 15 220 M M 8 1 19 160
20 61 55 58 1 7 0 0.33 M M 4.5 13 220 M M 10 18 15 220
21 M 52 M M M M 0.42 M M 4.5 15 290 M M 6 1 18 300
22 M 48 M M M M 0.00 M M 5.4 15 270 M M 2 18 290
23 79 53 66 8 0 1 0.00 M M 2.5 14 270 M M 0 16 270
24 75 54 65 7 0 0 0.00 M M 1.9 10 320 M M 0 13 330
25 73 51 62 4 3 0 0.00 M M 3.8 10 320 M M 0 14 290
26 66 55 61 3 4 0 0.01 M M 3.0 10 290 M M 6 8 11 310
27 68 54 61 3 4 0 0.00 M M 3.6 13 320 M M 6 18 18 280
28 67 52 60 2 5 0 0.00 M M 4.2 14 290 M M 5 1 17 290
29 66 57 62 4 3 0 T M M 4.8 10 220 M M 9 M M
================================================================================
SM 1007 968 83 1 4.66 M 147.8 M 141
================================================================================
AV 67.1 50.9 5.1 FASTST M M 5 MAX(MPH)
MISC ----> 23 190 29 170
================================================================================
NOTES:
# LAST OF SEVERAL OCCURRENCES
COLUMN 17 PEAK WIND IN M.P.H.
PRELIMINARY LOCAL CLIMATOLOGICAL DATA (WS FORM: F-6) , PAGE 2
STATION: SAN DIEGO/MONTGOMERY FLD CA
MONTH: FEBRUARY
YEAR: 2024
LATITUDE: 32 49 N
LONGITUDE: 117 9 W
[TEMPERATURE DATA] [PRECIPITATION DATA] SYMBOLS USED IN COLUMN 16
AVERAGE MONTHLY: 59.0 TOTAL FOR MONTH: 4.66 1 = FOG OR MIST
DPTR FM NORMAL: 1.9 DPTR FM NORMAL: 2.01 2 = FOG REDUCING VISIBILITY
HIGHEST: 86 ON 13 GRTST 24HR 1.75 ON 5- 6 TO 1/4 MILE OR LESS
LOWEST: 41 ON 13 3 = THUNDER
SNOW, ICE PELLETS, HAIL 4 = ICE PELLETS
TOTAL MONTH: M 5 = HAIL
GRTST 24HR M ON M 6 = FREEZING RAIN OR DRIZZLE
GRTST DEPTH: M ON M 7 = DUSTSTORM OR SANDSTORM:
VSBY 1/2 MILE OR LESS
8 = SMOKE OR HAZE
[NO. OF DAYS WITH] [WEATHER - DAYS WITH] 9 = BLOWING SNOW
X = TORNADO
MAX 32 OR BELOW: 0 0.01 INCH OR MORE: 11
MAX 90 OR ABOVE: 0 0.10 INCH OR MORE: 7
MIN 32 OR BELOW: 0 0.50 INCH OR MORE: 4
MIN 0 OR BELOW: 0 1.00 INCH OR MORE: 2
[HDD (BASE 65) ]
TOTAL THIS MO. 83 CLEAR (SCALE 0-3) 10
DPTR FM NORMAL -143 PTCLDY (SCALE 4-7) 14
TOTAL FM JUL 1 580 CLOUDY (SCALE 8-10) 5
DPTR FM NORMAL -357
[CDD (BASE 65) ]
TOTAL THIS MO. 1
DPTR FM NORMAL -4 [PRESSURE DATA]
TOTAL FM JAN 1 1 HIGHEST SLP 30.23 ON 22
DPTR FM NORMAL -8 LOWEST SLP 29.70 ON 1
[REMARKS]
#FINAL-02-24#