000
CXUS55 KPSR 011005
CF6NYL
PRELIMINARY LOCAL CLIMATOLOGICAL DATA (WS FORM: F-6)
STATION: YUMA AZ
MONTH: MARCH
YEAR: 2022
LATITUDE: 32 39 N
LONGITUDE: 114 37 W
TEMPERATURE IN F: :PCPN: SNOW: WIND :SUNSHINE: SKY :PK WND
================================================================================
1 2 3 4 5 6A 6B 7 8 9 10 11 12 13 14 15 16 17 18
12Z AVG MX 2MIN
DY MAX MIN AVG DEP HDD CDD WTR SNW DPTH SPD SPD DIR MIN PSBL S-S WX SPD DR
================================================================================
1 86 49 68 4 0 3 0.00 M M 5.7 17 350 M M 1 23 350
2 88 53 71 6 0 6 0.00 M M 4.5 15 30 M M 4 16 30
3 86 54 70 5 0 5 0.00 M M 9.5 23 150 M M 2 27 150
4 72 51 62 -3 3 0 0.00 M M 8.6 18 290 M M 3 26 280
5 69 47 58 -7 7 0 0.00 M M 11.9 31 300 M M 0 8 41 300
6 67 45 56 -10 9 0 0.00 M M 6.0 15 280 M M 0 18 280
7 71 46 59 -7 6 0 0.00 M M 8.3 23 360 M M 0 29 360
8 69 49 59 -7 6 0 0.00 M M 9.3 20 340 M M 0 26 340
9 76 43 60 -6 5 0 0.00 M M 4.8 17 200 M M 0 20 200
10 76 51 64 -2 1 0 0.00 M M 11.7 26 350 M M 1 8 33 350
11 72 51 62 -5 3 0 0.00 M M 12.7 24 10 M M 0 35 360
12 79 47 63 -4 2 0 0.00 M M 5.6 13 320 M M 0 16 320
13 83 46 65 -2 0 0 0.00 0.0 M 5.1 20 210 M M 0 24 210
14 87 49 68 1 0 3 0.00 M M 4.6 20 10 M M 0 24 10
15 90 56 73 5 0 8 0.00 M M 4.7 16 30 M M 1 18 40
16 87 58 73 5 0 8 0.00 M M 7.3 18 310 M M 0 23 310
17 84 63 74 6 0 9 0.00 M M 9.5 25 20 M M 0 8 32 30
18 87 55 71 3 0 6 0.00 M M 4.4 13 40 M M 0 16 40
19 89 54 72 4 0 7 0.00 M M 8.0 18 320 M M 0 25 300
20 77 59 68 0 0 3 0.00 M M 12.4 31 320 M M 2 8 40 320
21 82 59 71 2 0 6 0.00 0.0 M 12.5 26 360 M M 1 34 350
22 85 64 75 6 0 10 0.00 M M 13.2 26 10 M M 1 37 360
23 85 62 74 5 0 9 0.00 M M 7.7 23 60 M M 0 28 70
24 89 54 72 3 0 7 0.00 M M 3.4 10 240 M M 1 14 290
25 95 58 77 8 0 12 0.00 M M 3.5 12 270 M M 3 14 260
26 94 62 78 8 0 13 0.00 M M 5.5 14 160 M M 0 19 190
27 91 61 76 6 0 11 0.00 M M 9.5 18 150 M M 0 25 130
28 81 61 71 1 0 6 0.13 M M 14.0 29 150 M M 5 38 34 150
29 76 55 66 -4 0 1 0.00 M M 9.3 22 290 M M 2 28 280
30 82 51 67 -3 0 2 0.00 M M 6.6 15 180 M M 0 19 230
31 82 57 70 0 0 5 0.00 M M 5.8 15 140 M M 2 19 150
================================================================================
SM 2537 1670 42 140 0.13 0.0 245.6 M 29
================================================================================
AV 81.8 53.9 7.9 FASTST M M 1 MAX(MPH)
MISC ----> # 31 300 41 300
================================================================================
NOTES:
# LAST OF SEVERAL OCCURRENCES
COLUMN 17 PEAK WIND IN M.P.H.
PRELIMINARY LOCAL CLIMATOLOGICAL DATA (WS FORM: F-6) , PAGE 2
STATION: YUMA AZ
MONTH: MARCH
YEAR: 2022
LATITUDE: 32 39 N
LONGITUDE: 114 37 W
[TEMPERATURE DATA] [PRECIPITATION DATA] SYMBOLS USED IN COLUMN 16
AVERAGE MONTHLY: 67.9 TOTAL FOR MONTH: 0.13 1 = FOG OR MIST
DPTR FM NORMAL: 0.3 DPTR FM NORMAL: -0.26 2 = FOG REDUCING VISIBILITY
HIGHEST: 95 ON 25 GRTST 24HR 0.13 ON 28-28 TO 1/4 MILE OR LESS
LOWEST: 43 ON 9 3 = THUNDER
SNOW, ICE PELLETS, HAIL 4 = ICE PELLETS
TOTAL MONTH: 0.0 INCH 5 = HAIL
GRTST 24HR 0.0 6 = FREEZING RAIN OR DRIZZLE
GRTST DEPTH: M ON M 7 = DUSTSTORM OR SANDSTORM:
VSBY 1/2 MILE OR LESS
8 = SMOKE OR HAZE
[NO. OF DAYS WITH] [WEATHER - DAYS WITH] 9 = BLOWING SNOW
X = TORNADO
MAX 32 OR BELOW: 0 0.01 INCH OR MORE: 1
MAX 90 OR ABOVE: 4 0.10 INCH OR MORE: 1
MIN 32 OR BELOW: 0 0.50 INCH OR MORE: 0
MIN 0 OR BELOW: 0 1.00 INCH OR MORE: 0
[HDD (BASE 65) ]
TOTAL THIS MO. 42 CLEAR (SCALE 0-3) 28
DPTR FM NORMAL -4 PTCLDY (SCALE 4-7) 3
TOTAL FM JUL 1 547 CLOUDY (SCALE 8-10) 0
DPTR FM NORMAL -122
[CDD (BASE 65) ]
TOTAL THIS MO. 140
DPTR FM NORMAL 14 [PRESSURE DATA]
TOTAL FM JAN 1 167 HIGHEST SLP 30.32 ON 11
DPTR FM NORMAL 4 LOWEST SLP 29.63 ON 28
[REMARKS]
#FINAL-03-22#