000
CXUS56 KMTR 010846
CLMOAK
CLIMATE REPORT
NATIONAL WEATHER SERVICE SAN FRANCISCO BAY AREA
146 AM PDT MON APR 01 2024
...................................
...THE OAKLAND AIRPORT CLIMATE SUMMARY FOR THE MONTH OF MARCH 2024...
CLIMATE NORMAL PERIOD: 1991 TO 2020
CLIMATE RECORD PERIOD: 1948 TO 2024
WEATHER OBSERVED NORMAL DEPART LAST YEAR`S
VALUE DATE(S) VALUE FROM VALUE DATE(S)
NORMAL
................................................................
TEMPERATURE (F)
RECORD
HIGH 87 03/08/1986
LOW 32 03/03/1953
HIGHEST 74 03/15 66 03/18
LOWEST 41 03/08 37 03/27
AVG. MAXIMUM 62.1 63.1 -1.0 57.7
AVG. MINIMUM 48.3 47.0 1.3 44.0
MEAN 55.2 50.9
DAYS MAX >= 90 0 0
DAYS MAX <= 32 0 0
DAYS MIN <= 32 0 0
DAYS MIN <= 0 0 0
PRECIPITATION (INCHES)
RECORD
MAXIMUM 6.41 2023
MINIMUM 0.04 1956
TOTALS 2.80 2.71 0.09 6.41
DAILY AVG. 0.09 0.09 0.00 0.18
DAYS >= .01 13 12
DAYS >= .10 9 11
DAYS >= .50 0 5
DAYS >= 1.00 0 1
GREATEST
24 HR. TOTAL 0.71 03/01 TO 03/02 1.55 03/09 TO 03/10
DEGREE DAYS
HEATING TOTAL 296 309 -13 432
SINCE 7/1 1804 2195 -391 MM
COOLING TOTAL 0 1 -1 0
SINCE 1/1 0 1 -1 MM
................................................................
WIND (MPH)
AVERAGE WIND SPEED 9.6
RESULTANT WIND SPEED/DIRECTION 4/260
HIGHEST WIND SPEED/DIRECTION 38/300 DATE 03/02
HIGHEST GUST SPEED/DIRECTION 61/140 DATE 03/29
SKY COVER
POSSIBLE SUNSHINE (PERCENT) MM
AVERAGE SKY COVER 0.59
NUMBER OF DAYS FAIR 6
NUMBER OF DAYS PC 16
NUMBER OF DAYS CLOUDY 9
AVERAGE RH (PERCENT) 74
WEATHER CONDITIONS. NUMBER OF DAYS WITH
THUNDERSTORM 3 MIXED PRECIP 0
HEAVY RAIN 4 RAIN 6
LIGHT RAIN 15 FREEZING RAIN 0
LT FREEZING RAIN 0 HAIL 0
HEAVY SNOW 0 SNOW 0
LIGHT SNOW 0 SLEET 0
FOG 13 FOG W/VIS <= 1/4 MILE 0
HAZE 0
- INDICATES NEGATIVE NUMBERS.
R INDICATES RECORD WAS SET OR TIED.
MM INDICATES DATA IS MISSING.
T INDICATES TRACE AMOUNT.
$$