000
CXUS53 KOAX 221536
CF6OAX
PRELIMINARY LOCAL CLIMATOLOGICAL DATA (WS FORM: F-6)
STATION: VALLEY NWS NE
MONTH: JUNE
YEAR: 2021
LATITUDE: 41 19 N
LONGITUDE: 96 22 W
TEMPERATURE IN F: :PCPN: SNOW: WIND :SUNSHINE: SKY :PK WND
================================================================================
1 2 3 4 5 6A 6B 7 8 9 10 11 12 13 14 15 16 17 18
12Z AVG MX 2MIN
DY MAX MIN AVG DEP HDD CDD WTR SNW DPTH SPD SPD DIR MIN PSBL S-S WX SPD DR
================================================================================
1 80 55 68 -1 0 3 0.00 0.0 0 M M M M M M 18 M
2 81 55 68 -2 0 3 0.00 0.0 0 M M M M M M 16 M
3 86 58 72 2 0 7 0.00 0.0 0 M M M M M M 25 M
4 93 63 78 8 0 13 0.00 0.0 0 M M M M M M 18 M
5 92 70 81 10 0 16 0.00 0.0 0 M M M M M M 26 M
6 85 67 76 5 0 11 0.00 0.0 0 M M M M M M 30 M
7 90 68 79 8 0 14 0.00 0.0 0 M M M M M M 22 M
8 91 69 80 8 0 15 0.00 0.0 0 M M M M M M 28 M
9 92 70 81 9 0 16 0.00 0.0 0 M M M M M M 18 M
10 96 73 85 13 0 20 0.00 0.0 0 M M M M M M 21 M
11 82 67 75 2 0 10 1.36 0.0 0 M M M M M M 3 39 M
12 86 59 73 0 0 8 0.00 0.0 0 M M M M M M 21 M
13 90 61 76 3 0 11 0.00 0.0 0 M M M M M M 14 M
14 93 67 80 7 0 15 0.00 0.0 0 M M M M M M 13 M
15 91 69 80 6 0 15 0.00 0.0 0 M M M M M M 17 M
16 96 73 85 11 0 20 0.01 0.0 0 M M M M M M 3 28 M
17 101 77 89 15 0 24 0.00 0.0 0 M M M M M M 36 M
18 89 73 81 7 0 16 0.01 0.0 0 M M M M M M 35 M
19 89 67 78 3 0 13 0.00 0.0 0 M M M M M M 21 M
20 88 64 76 1 0 11 0.17 0.0 0 M M M M M M 3 39 M
21 76 60 68 -7 0 3 0.00 0.0 0 M M M M M M 25 M
22 90 59 75 0 0 10 0.01 0.0 0 M M M M M M 30 M
23 91 67 79 4 0 14 0.00 0.0 0 M M M M M M 25 M
24 82 69 76 0 0 11 0.67 0.0 0 M M M M M M 3 51 M
25 85 68 77 1 0 12 1.19 0.0 0 M M M M M M 13 35 M
26 74 67 71 -5 0 6 0.03 0.0 0 M M M M M M 26 M
27 82 63 73 -3 0 8 0.00 0.0 0 M M M M M M 1 10 M
28 84 68 76 0 0 11 0.02 0.0 0 M M M M M M 1 21 M
29 85 66 76 0 0 11 0.00 0.0 0 M M M M M M 1 13 M
30 85 67 76 0 0 11 0.00 0.0 0 M M M M M M 1 14 M
================================================================================
SM 2625 1979 0 358 3.47 0.0 M M M
================================================================================
AV 87.5 66.0 M FASTST M M M MAX(MPH)
MISC ----> M M 51 9999
================================================================================
NOTES:
# LAST OF SEVERAL OCCURRENCES
COLUMN 17 PEAK WIND IN M.P.H.
PRELIMINARY LOCAL CLIMATOLOGICAL DATA (WS FORM: F-6) , PAGE 2
STATION: VALLEY NWS NE
MONTH: JUNE
YEAR: 2021
LATITUDE: 41 19 N
LONGITUDE: 96 22 W
[TEMPERATURE DATA] [PRECIPITATION DATA] SYMBOLS USED IN COLUMN 16
AVERAGE MONTHLY: 76.7 TOTAL FOR MONTH: 3.47 1 = FOG OR MIST
DPTR FM NORMAL: 3.2 DPTR FM NORMAL: -1.82 2 = FOG REDUCING VISIBILITY
HIGHEST: 101 ON 17 GRTST 24HR 1.36 ON 11-11 TO 1/4 MILE OR LESS
LOWEST: 55 ON 2, 1 3 = THUNDER
SNOW, ICE PELLETS, HAIL 4 = ICE PELLETS
TOTAL MONTH: 0.0 INCH 5 = HAIL
GRTST 24HR 0.0 6 = FREEZING RAIN OR DRIZZLE
GRTST DEPTH: 0 7 = DUSTSTORM OR SANDSTORM:
VSBY 1/2 MILE OR LESS
8 = SMOKE OR HAZE
[NO. OF DAYS WITH] [WEATHER - DAYS WITH] 9 = BLOWING SNOW
X = TORNADO
MAX 32 OR BELOW: 0 0.01 INCH OR MORE: 9
MAX 90 OR ABOVE: 13 0.10 INCH OR MORE: 4
MIN 32 OR BELOW: 0 0.50 INCH OR MORE: 3
MIN 0 OR BELOW: 0 1.00 INCH OR MORE: 2
[HDD (BASE 65) ]
TOTAL THIS MO. 0 CLEAR (SCALE 0-3) 0
DPTR FM NORMAL -12 PTCLDY (SCALE 4-7) 0
TOTAL FM JUL 1 5808 CLOUDY (SCALE 8-10) 30
DPTR FM NORMAL -132
[CDD (BASE 65) ]
TOTAL THIS MO. 358
DPTR FM NORMAL 92 [PRESSURE DATA]
TOTAL FM JAN 1 463 HIGHEST SLP M ON M
DPTR FM NORMAL 105 LOWEST SLP M ON M
[REMARKS]
#FINAL-06-21#