000
CXUS54 KMAF 011722
CF6ODO
PRELIMINARY LOCAL CLIMATOLOGICAL DATA (WS FORM: F-6)
STATION: ODESSA SCHLEYMEYER
MONTH: JANUARY
YEAR: 2022
LATITUDE: 31 55 N
LONGITUDE: 102 23 W
TEMPERATURE IN F: :PCPN: SNOW: WIND :SUNSHINE: SKY :PK WND
================================================================================
1 2 3 4 5 6A 6B 7 8 9 10 11 12 13 14 15 16 17 18
12Z AVG MX 2MIN
DY MAX MIN AVG DEP HDD CDD WTR SNW DPTH SPD SPD DIR MIN PSBL S-S WX SPD DR
================================================================================
1 67 20 44 0 21 0 0.02 M M 17.9 35 260 M M 2 1 45 260
2 44 14 29 -15 36 0 0.00 M M 7.5 22 10 M M 1 30 360
3 57 25 41 -3 24 0 0.00 M M 7.6 18 200 M M 0 22 210
4 69 31 50 6 15 0 0.00 M M 14.3 23 270 M M 0 30 280
5 60 39 50 6 15 0 0.00 M M 8.1 20 60 M M 0 27 60
6 47 26 37 -7 28 0 0.00 M M 11.0 24 50 M M 0 31 50
7 60 20 40 -4 25 0 0.00 M M 8.8 17 170 M M 0 21 170
8 75 34 55 11 10 0 0.00 M M 12.0 28 260 M M 0 34 250
9 56 37 47 3 18 0 0.00 M M 12.2 24 30 M M 0 31 30
10 50 31 41 -3 24 0 0.00 M M 5.5 13 30 M M 3 17 30
11 55 38 47 3 18 0 T M M 7.9 18 190 M M 5 22 210
12 67 30 49 5 16 0 0.00 M M 5.8 16 290 M M 0 23 300
13 70 33 52 8 13 0 0.00 M M 4.9 13 10 M M 0 14 360
14 77 38 58 14 7 0 0.00 M M 14.4 36 30 M M 1 8 47 20
15 51 29 40 -5 25 0 0.00 M M 16.7 31 10 M M 3 8 39 10
16 69 26 48 3 17 0 0.00 M M 7.8 16 260 M M 0 22 250
17 67 29 48 3 17 0 0.00 M M 9.5 23 200 M M 0 28 210
18 74 43 59 14 6 0 0.00 M M 14.2 30 280 M M 0 38 280
19 64 35 50 5 15 0 0.00 M M 16.1 25 60 M M 1 32 340
20 35 27 31 -14 34 0 0.00 M M 12.3 23 30 M M 10 29 30
21 50 20 35 -10 30 0 0.00 M M 8.6 17 160 M M 1 22 190
22 41 20 31 -14 34 0 0.00 M M 7.7 12 80 M M 6 14 70
23 50 36 43 -3 22 0 0.00 M M 3.3 10 210 M M 6 14 240
24 65 32 49 3 16 0 0.00 M M 7.3 17 290 M M 1 21 270
25 65 30 48 2 17 0 0.00 M M 12.1 23 110 M M 0 29 100
26 43 24 34 -12 31 0 0.00 M M 10.0 24 80 M M 10 18 28 80
27 57 28 43 -3 22 0 0.00 M M 7.8 25 50 M M 4 12 32 50
28 52 25 39 -7 26 0 0.00 M M 7.2 20 60 M M 1 24 50
29 59 24 42 -4 23 0 0.00 M M 6.9 17 230 M M 0 20 250
30 67 39 53 7 12 0 T M M 7.5 18 200 M M 2 23 200
31 67 37 52 5 13 0 0.00 M M 5.8 13 280 M M 0 17 250
================================================================================
SM 1830 920 630 0 0.02 M 298.7 M 57
================================================================================
AV 59.0 29.7 9.6 FASTST M M 2 MAX(MPH)
MISC ----> 36 30 47 20
================================================================================
NOTES:
# LAST OF SEVERAL OCCURRENCES
COLUMN 17 PEAK WIND IN M.P.H.
PRELIMINARY LOCAL CLIMATOLOGICAL DATA (WS FORM: F-6) , PAGE 2
STATION: ODESSA SCHLEYMEYER
MONTH: JANUARY
YEAR: 2022
LATITUDE: 31 55 N
LONGITUDE: 102 23 W
[TEMPERATURE DATA] [PRECIPITATION DATA] SYMBOLS USED IN COLUMN 16
AVERAGE MONTHLY: 44.4 TOTAL FOR MONTH: 0.02 1 = FOG OR MIST
DPTR FM NORMAL: -0.5 DPTR FM NORMAL: -0.59 2 = FOG REDUCING VISIBILITY
HIGHEST: 77 ON 14 GRTST 24HR 0.06 ON 31- 1 TO 1/4 MILE OR LESS
LOWEST: 14 ON 2 3 = THUNDER
SNOW, ICE PELLETS, HAIL 4 = ICE PELLETS
TOTAL MONTH: M 5 = HAIL
GRTST 24HR M ON M 6 = FREEZING RAIN OR DRIZZLE
GRTST DEPTH: M ON M 7 = DUSTSTORM OR SANDSTORM:
VSBY 1/2 MILE OR LESS
8 = SMOKE OR HAZE
[NO. OF DAYS WITH] [WEATHER - DAYS WITH] 9 = BLOWING SNOW
X = TORNADO
MAX 32 OR BELOW: 0 0.01 INCH OR MORE: 1
MAX 90 OR ABOVE: 0 0.10 INCH OR MORE: 0
MIN 32 OR BELOW: 20 0.50 INCH OR MORE: 0
MIN 0 OR BELOW: 0 1.00 INCH OR MORE: 0
[HDD (BASE 65) ]
TOTAL THIS MO. 630 CLEAR (SCALE 0-3) 24
DPTR FM NORMAL 7 PTCLDY (SCALE 4-7) 5
TOTAL FM JUL 1 1122 CLOUDY (SCALE 8-10) 2
DPTR FM NORMAL -565
[CDD (BASE 65) ]
TOTAL THIS MO. 0
DPTR FM NORMAL 0 [PRESSURE DATA]
TOTAL FM JAN 1 0 HIGHEST SLP 30.70 ON 10
DPTR FM NORMAL 0 LOWEST SLP 29.56 ON 1
[REMARKS]
#FINAL-01-22#