000
CXUS53 KGID 011458
CF6ODX
PRELIMINARY LOCAL CLIMATOLOGICAL DATA (WS FORM: F-6)
STATION: ORD NE
MONTH: JANUARY
YEAR: 2024
LATITUDE: 41 37 N
LONGITUDE: 98 57 W
TEMPERATURE IN F: :PCPN: SNOW: WIND :SUNSHINE: SKY :PK WND
================================================================================
1 2 3 4 5 6A 6B 7 8 9 10 11 12 13 14 15 16 17 18
12Z AVG MX 2MIN
DY MAX MIN AVG DEP HDD CDD WTR SNW DPTH SPD SPD DIR MIN PSBL S-S WX SPD DR
================================================================================
1 36 5 21 -3 44 0 0.00 M M 4.9 16 190 M M 0 21 180
2 41 19 30 6 35 0 0.00 M M 5.2 9 300 M M 1 1 10 300
3 37 14 26 2 39 0 0.00 M M 6.0 14 340 M M 5 12 14 340
4 32 25 29 5 36 0 0.00 M M 10.4 16 170 M M 10 1 22 130
5 33 29 31 7 34 0 0.05 M M 5.3 15 170 M M 10 12 20 170
6 34 21 28 4 37 0 0.02 M M 10.4 23 320 M M 10 128 33 320
7 30 2 16 -8 49 0 T M M 7.0 18 110 M M 5 12 26 110
8 32 15 24 0 41 0 0.31 M M 16.9 30 340 M M 6 12689 39 330
9 27 9 18 -6 47 0 T M M 12.8 29 330 M M 0 19 37 330
10 40 11 26 2 39 0 0.01 M M 6.2 21 300 M M 3 18 26 300
11 20 3 12 -12 53 0 0.18 M M 15.5 28 350 M M 4 8 35 350
12 3 -7 -2 -26 67 0 0.09 M M 20.3 28 330 M M 0 89 36 330
13 -3 -16 -9 -33 74 0 T M M 22.4 36 320 M M 0 8 48 320
14 -3 -17 -10 -34 75 0 0.00 M M 10.6 21 310 M M 0 27 310
15 -1 -9 -5 -29 70 0 T M M 16.3 28 300 M M 0 8 34 300
16 14 -14 0 -24 65 0 0.00 M M 6.8 16 240 M M 0 19 260
17 26 2 14 -10 51 0 0.00 M M 3.3 9 110 M M 0 13 110
18 19 0 10 -14 55 0 0.04 M M 12.8 36 330 M M 0 189 47 340
19 9 -8 1 -23 64 0 0.00 M M 10.2 21 310 M M 0 27 320
20 9 -17 -4 -28 69 0 0.00 M M 9.1 20 160 M M 0 26 180
21 29 5 17 -7 48 0 0.00 M M 14.0 24 190 M M 0 32 190
22 43 14 29 5 36 0 0.00 M M 3.1 10 130 M M 2 128 14 130
23 31 28 30 6 35 0 0.00 M M 5.3 13 160 M M 10 18 16 110
24 34 29 32 8 33 0 0.00 M M 8.3 13 200 M M 10 18 17 240
25 40 23 32 8 33 0 0.00 M M 2.3 8 210 M M 7 12 10 230
26 34 21 28 4 37 0 0.00 M M 2.9 8 340 M M 8 12 10 340
27 45 15 30 6 35 0 0.00 M M 4.0 13 320 M M 0 1 15 320
28 49 15 32 8 33 0 0.00 M M 1.7 8 230 M M 0 11 230
29 54 24 39 14 26 0 0.00 M M 6.7 15 320 M M 0 18 22 300
30 57 27 42 17 23 0 0.00 M M 2.8 8 300 M M 0 1 11 330
31 66 25 46 21 19 0 0.00 M M 2.9 10 200 M M 2 12 13 220
================================================================================
SM 917 293 1402 0 0.70 M 266.4 M 93
================================================================================
AV 29.6 9.5 8.6 FASTST M M 3 MAX(MPH)
MISC ----> # 36 320 48 320
================================================================================
NOTES:
# LAST OF SEVERAL OCCURRENCES
COLUMN 17 PEAK WIND IN M.P.H.
PRELIMINARY LOCAL CLIMATOLOGICAL DATA (WS FORM: F-6) , PAGE 2
STATION: ORD NE
MONTH: JANUARY
YEAR: 2024
LATITUDE: 41 37 N
LONGITUDE: 98 57 W
[TEMPERATURE DATA] [PRECIPITATION DATA] SYMBOLS USED IN COLUMN 16
AVERAGE MONTHLY: 19.5 TOTAL FOR MONTH: 0.70 1 = FOG OR MIST
DPTR FM NORMAL: -4.6 DPTR FM NORMAL: 0.33 2 = FOG REDUCING VISIBILITY
HIGHEST: 66 ON 31 GRTST 24HR 0.31 ON 8- 8 TO 1/4 MILE OR LESS
LOWEST: -17 ON 20,14 3 = THUNDER
SNOW, ICE PELLETS, HAIL 4 = ICE PELLETS
TOTAL MONTH: M 5 = HAIL
GRTST 24HR M ON M 6 = FREEZING RAIN OR DRIZZLE
GRTST DEPTH: M ON M 7 = DUSTSTORM OR SANDSTORM:
VSBY 1/2 MILE OR LESS
8 = SMOKE OR HAZE
[NO. OF DAYS WITH] [WEATHER - DAYS WITH] 9 = BLOWING SNOW
X = TORNADO
MAX 32 OR BELOW: 16 0.01 INCH OR MORE: 7
MAX 90 OR ABOVE: 0 0.10 INCH OR MORE: 2
MIN 32 OR BELOW: 31 0.50 INCH OR MORE: 0
MIN 0 OR BELOW: 8 1.00 INCH OR MORE: 0
[HDD (BASE 65) ]
TOTAL THIS MO. 1402 CLEAR (SCALE 0-3) 20
DPTR FM NORMAL 134 PTCLDY (SCALE 4-7) 6
TOTAL FM JUL 1 3629 CLOUDY (SCALE 8-10) 5
DPTR FM NORMAL -336
[CDD (BASE 65) ]
TOTAL THIS MO. 0
DPTR FM NORMAL 0 [PRESSURE DATA]
TOTAL FM JAN 1 0 HIGHEST SLP 30.70 ON 20
DPTR FM NORMAL 0 LOWEST SLP 29.41 ON 10
[REMARKS]
SUBSTITUTED LIQUID PRECIPITATION AMOUNT (0.31) FOR 01/08/2024 FROM LOCAL
COOPERATIVE OBSERVER (ORD #2, SITE 25-6336) DUE TO AUTOMATED GAUGE CAPTURE
UNDER REPRESENTING PRECIPITATION FROM THE SNOW EVENT.
SUBSTITUTED LIQUID PRECIPITATION AMOUNT (0.18) FOR 01/11/2024 FROM LOCAL
COOPERATIVE OBSERVER (ORD #2, SITE 25-6336) DUE TO AUTOMATED GAUGE CAPTURE
UNDER REPRESENTING PRECIPITATION FROM THE SNOW EVENT.
SUBSTITUTED LIQUID PRECIPITATION AMOUNT (0.09) FOR 01/12/2024 FROM LOCAL
COOPERATIVE OBSERVER (ORD #2, SITE 25-6336) DUE TO AUTOMATED GAUGE CAPTURE
UNDER REPRESENTING PRECIPITATION FROM THE SNOW EVENT.
SUBSTITUTED LIQUID PRECIPITATION AMOUNT (0.04) FOR 01/18/2024 FROM LOCAL
COOPERATIVE OBSERVER (ORD #2, SITE 25-6336) DUE TO AUTOMATED GAUGE CAPTURE
UNDER REPRESENTING PRECIPITATION FROM THE SNOW EVENT.
#FINAL-01-24#
REED