000
CXUS53 KGID 012340
CLMODX
CLIMATE REPORT
NATIONAL WEATHER SERVICE HASTINGS NE
640 PM CDT FRI SEP 01 2023
...................................
...THE ORD NE CLIMATE SUMMARY FOR THE MONTH OF AUGUST 2023...
CLIMATE NORMAL PERIOD 1991 TO 2020
CLIMATE RECORD PERIOD 1895 TO 2023
WEATHER OBSERVED NORMAL DEPART LAST YEAR`S
VALUE DATE(S) VALUE FROM VALUE DATE(S)
NORMAL
................................................................
TEMPERATURE (F)
HIGHEST 102 08/22 MM MM 102 08/02
08/23
08/24
LOWEST 51 08/15 MM MM 50 08/21
08/27
AVG. MAXIMUM 87.9 85.1 2.8 89.7
AVG. MINIMUM 61.9 60.0 1.9 60.3
MEAN 74.9 72.6 2.3 75.0
DAYS MAX >= 90 11 8.2 2.8 19
DAYS MAX <= 32 0 0.0 0.0 0
DAYS MIN <= 32 0 0.0 0.0 0
DAYS MIN <= 0 0 0.0 0.0 0
PRECIPITATION (INCHES)
TOTALS 1.40 3.26 -1.86 0.17
DAILY AVG. 0.05 0.11 -0.06 0.01
DAYS >= .01 8 10.9 -2.9 5
DAYS >= .10 4 5.8 -1.8 0
DAYS >= .50 0 2.0 -2.0 0
DAYS >= 1.00 0 1.0 -1.0 0
GREATEST
24 HR. TOTAL 0.49 08/08 TO 08/09
DEGREE DAYS
HEATING TOTAL 0 10 -10 2
SINCE 7/1 4 10 -6 MM
COOLING TOTAL 319 244 75 322
SINCE 1/1 898 755 143 MM
................................................................
WIND (MPH)
AVERAGE WIND SPEED 7.2
HIGHEST WIND SPEED/DIRECTION 32/330 DATE 08/06
HIGHEST GUST SPEED/DIRECTION 44/310 DATE 08/06
44/010 08/13
SKY COVER
POSSIBLE SUNSHINE (PERCENT) MM
AVERAGE SKY COVER 0.18
NUMBER OF DAYS FAIR 25
NUMBER OF DAYS PC 6
NUMBER OF DAYS CLOUDY 0
AVERAGE RH (PERCENT) 68
WEATHER CONDITIONS. NUMBER OF DAYS WITH
THUNDERSTORM 7 MIXED PRECIP 0
HEAVY RAIN 3 RAIN 5
LIGHT RAIN 12 FREEZING RAIN 0
LT FREEZING RAIN 0 HAIL 0
HEAVY SNOW 0 SNOW 0
LIGHT SNOW 0 SLEET 0
FOG 14 FOG W/VIS <= 1/4 MILE 1
HAZE 3
- INDICATES NEGATIVE NUMBERS.
R INDICATES RECORD WAS SET OR TIED.
MM INDICATES DATA IS MISSING.
T INDICATES TRACE AMOUNT.
$$