000
CXUS53 KOAX 010941
CLMOFK
CLIMATE REPORT
NATIONAL WEATHER SERVICE OMAHA/VALLEY NE
441 AM CDT SAT JUL 01 2023
...................................
...THE NORFOLK NE CLIMATE SUMMARY FOR THE MONTH OF JUNE 2023...
CLIMATE NORMAL PERIOD 1991 TO 2020
CLIMATE RECORD PERIOD 1888 TO 2023
WEATHER OBSERVED NORMAL DEPART
VALUE DATE(S) VALUE FROM
NORMAL
................................................
TEMPERATURE (F)
HIGHEST 96 06/07
LOWEST 46 06/12
AVG. MAXIMUM 87.0 82.2 4.8
AVG. MINIMUM 60.0 58.6 1.4
MEAN 73.5 70.4 3.1
DAYS MAX >= 90 11
DAYS MAX <= 32 0
DAYS MIN <= 32 0
DAYS MIN <= 0 0
PRECIPITATION (INCHES)
RECORD
MAXIMUM 12.28 1924
MINIMUM 0.44 1933
TOTALS 3.33 4.37 -1.04
DAYS >= .01 6
DAYS >= .10 3
DAYS >= .50 2
DAYS >= 1.00 1
GREATEST
24 HR. TOTAL 2.12 06/10 TO 06/10
SNOWFALL (INCHES)
RECORDS
TOTAL 0.0 2002
TOTALS 0.0 0.0 0.0
SINCE 7/1 28.6
DAYS >= 1.0 0
GREATEST
SNOW DEPTH 0
24 HR TOTAL MM
DEGREE DAYS
HEATING TOTAL 5 29 -24
SINCE 7/1 6457 6618 -161
COOLING TOTAL 268 191 77
SINCE 1/1 407 253 154
................................................
WIND (MPH)
AVERAGE WIND SPEED 7.4
HIGHEST WIND SPEED/DIRECTION 37/290 DATE 06/24
HIGHEST GUST SPEED/DIRECTION 49/300 DATE 06/24
SKY COVER
AVERAGE SKY COVER 0.08
WEATHER CONDITIONS. NUMBER OF DAYS WITH
THUNDERSTORM 11 MIXED PRECIP 0
HEAVY RAIN 3 RAIN 3
LIGHT RAIN 10 FREEZING RAIN 0
LT FREEZING RAIN 0 HAIL 0
HEAVY SNOW 0 SNOW 0
LIGHT SNOW 0 SLEET 0
FOG 12 FOG W/VIS <= 1/4 MILE 0
HAZE 15
- INDICATES NEGATIVE NUMBERS.
R INDICATES RECORD WAS SET OR TIED.
MM INDICATES DATA IS MISSING.
T INDICATES TRACE AMOUNT.
&&
JUNE IN NORFOLK WAS WARMER AND DRIER THAN NORMAL. THE MONTH ENDED UP
3.1 DEGREES ABOVE NORMAL FOR AVERAGE TEMPERATURE AND 1.04 INCHES
BELOW NORMAL FOR PRECIPITATION, WHICH WAS THE 4TH MONTH IN A ROW
WITH BELOW NORMAL MOISTURE. A NEW DAILY PRECIPITATION RECORD WAS SET
ON JUNE 10.
NEW DAILY RECORDS FOR JUNE 2023
DATE RECORD VALUE PREVIOUS RECORD
JUNE 10 PRECIPITATION 2.12 1.34 IN 2010
$$
DEWALD