000
CXUS53 KOAX 011344
CLMOFK
CLIMATE REPORT
NATIONAL WEATHER SERVICE OMAHA/VALLEY NE
844 AM CDT SUN OCT 01 2023
...................................
...THE NORFOLK NE CLIMATE SUMMARY FOR THE MONTH OF SEPTEMBER 2023...
CLIMATE NORMAL PERIOD 1991 TO 2020
CLIMATE RECORD PERIOD 1888 TO 2023
WEATHER OBSERVED NORMAL DEPART
VALUE DATE(S) VALUE FROM
NORMAL
................................................
TEMPERATURE (F)
HIGHEST 101 09/02
LOWEST 43 09/12
AVG. MAXIMUM 83.2 77.4 5.8
AVG. MINIMUM 55.6 51.3 4.3
MEAN 69.4 64.4 5.0
DAYS MAX >= 90 8
DAYS MAX <= 32 0
DAYS MIN <= 32 0
DAYS MIN <= 0 0
PRECIPITATION (INCHES)
RECORD
MAXIMUM 8.52 1901
MINIMUM 0.10 1892
TOTALS 2.20 2.37 -0.17
DAYS >= .01 8
DAYS >= .10 4
DAYS >= .50 2
DAYS >= 1.00 1
GREATEST
24 HR. TOTAL 1.04 09/22 TO 09/23
SNOWFALL (INCHES)
RECORDS
TOTAL 1.1 1985
TOTALS 0.0 0.0 0.0
SINCE 7/1 0.0
DAYS >= 1.0 0
GREATEST
SNOW DEPTH 0
24 HR TOTAL MM
DEGREE DAYS
HEATING TOTAL 18 116 -98
SINCE 7/1 20 131 -111
COOLING TOTAL 158 96 62
SINCE 1/1 1188 897 291
................................................
WIND (MPH)
AVERAGE WIND SPEED 8.6
HIGHEST WIND SPEED/DIRECTION 45/240 DATE 09/23
HIGHEST GUST SPEED/DIRECTION 60/230 DATE 09/23
SKY COVER
AVERAGE SKY COVER 0.23
WEATHER CONDITIONS. NUMBER OF DAYS WITH
THUNDERSTORM 7 MIXED PRECIP 0
HEAVY RAIN 2 RAIN 4
LIGHT RAIN 10 FREEZING RAIN 0
LT FREEZING RAIN 0 HAIL 0
HEAVY SNOW 0 SNOW 0
LIGHT SNOW 0 SLEET 0
FOG 15 FOG W/VIS <= 1/4 MILE 4
HAZE 12
- INDICATES NEGATIVE NUMBERS.
R INDICATES RECORD WAS SET OR TIED.
MM INDICATES DATA IS MISSING.
T INDICATES TRACE AMOUNT.
&&
SEPTEMBER IN NORFOLK WAS MUCH WARMER AND DRIER THAN NORMAL. THE
MONTH ENDED UP 5.0 DEGREES ABOVE NORMAL FOR AVERAGE TEMPERATURE AND
0.17 INCHES BELOW NORMAL FOR PRECIPITATION. IT WAS THE 7TH WARMEST
SEPTEMBER ON RECORD.
NEW DAILY RECORDS FOR SEPTEMBER 2023
DATE RECORD VALUE PREVIOUS RECORD
SEP 29 MAX MINIMUM TEMPERATURE 64 64 IN 1995
SEP 29 MAXIMUM TEMPERATURE 95 92 IN 1991
$$
DEWALD